{"id":439,"date":"2023-03-27T15:58:19","date_gmt":"2023-03-27T13:58:19","guid":{"rendered":"https:\/\/semmelweis.hu\/belhema\/?page_id=439"},"modified":"2025-09-08T14:41:16","modified_gmt":"2025-09-08T12:41:16","slug":"kardiologiai-es-belgyogyaszati-osztaly-kardiologiai-orzo","status":"publish","type":"page","link":"https:\/\/semmelweis.hu\/belhema\/fekvobeteg-ellatas\/kardiologiai-es-belgyogyaszati-osztaly-kardiologiai-orzo\/","title":{"rendered":"Kardiol\u00f3giai \u00e9s belgy\u00f3gy\u00e1szati oszt\u00e1ly, kardiol\u00f3giai \u0151rz\u0151"},"content":{"rendered":"<p>A Kardiol\u00f3giai \u00e9s belgy\u00f3gy\u00e1szati oszt\u00e1lyon a legt\u00f6bb beteget sz\u00edvel\u00e9gtelens\u00e9g, koszor\u00fa\u00e9r-betegs\u00e9g, sz\u00edvizom-betegs\u00e9gek, k\u00fcl\u00f6nf\u00e9le sz\u00edvritmuszavarok &#8211; leggyakrabban pitvarfibrill\u00e1ci\u00f3 -, eszm\u00e9letveszt\u00e9s, t\u00fcd\u0151emb\u00f3lia kapcs\u00e1n l\u00e1tjuk el.\u00a0A kardiol\u00f3giai betegek ell\u00e1t\u00e1s\u00e1ban klinik\u00e1nk szorosan egy\u00fcttm\u0171k\u00f6dik a <a href=\"https:\/\/semmelweis.hu\/varosmajor\/\" target=\"_blank\" rel=\"noopener\">V\u00e1rosmajori Sz\u00edv- \u00e9s \u00c9rgy\u00f3gy\u00e1szati Klinik\u00e1val<\/a>, ahol a k\u00fcl\u00f6nf\u00e9le m\u0171t\u00e9ti beavatkoz\u00e1sok t\u00f6rt\u00e9nnek, mint p\u00e9ld\u00e1ul koszor\u00fa\u00e9rfest\u00e9s \u00e9s -t\u00e1g\u00edt\u00e1s, pacemaker-be\u00fcltet\u00e9s, nyitott sz\u00edvm\u0171t\u00e9tek.\u00a0<\/p>\n<p><a href=\"https:\/\/semmelweis.hu\/belhema\/fekvobeteg-ellatas\/mi-szukseges-a-korhazi-befekveshez\/\" target=\"_blank\" rel=\"noopener\">Mi sz\u00fcks\u00e9ges a k\u00f3rh\u00e1zi befekv\u00e9shez?<\/a><\/p>\n<div class=\"keretes w-100\">\n<p>A <strong>Kardiol\u00f3giai oszt\u00e1ly<\/strong> a Klinika <strong>B \u00e9p\u00fclet\u00e9nek 1. emelet\u00e9n<\/strong> tal\u00e1lhat\u00f3.<\/p>\n<p>F\u0151n\u0151v\u00e9r: Poly\u00e1k Gabriella<br \/>\n<strong>El\u00e9rhet\u0151s\u00e9g:<\/strong> <a href=\"tel:+3614591500\">+36 1 459-1500<\/a> \/ 55552 mell\u00e9k (n\u0151v\u00e9rpult)<\/p>\n<hr \/>\n<p>A <strong>kardiol\u00f3giai \u0151rz\u0151<\/strong> a Klinika <strong>B \u00e9p\u00fclet\u00e9nek 3. emelet\u00e9n<\/strong> tal\u00e1lhat\u00f3.<\/p>\n<p>F\u0151n\u0151v\u00e9r: Pongr\u00e1cz \u00c1gnes<br \/>\n<strong>El\u00e9rhet\u0151s\u00e9g:<\/strong> <a href=\"tel:+3614591500\">+36 1 459-1500<\/a> \/ 55512 mell\u00e9k (n\u0151v\u00e9rpult)<\/p>\n<\/div>\n<p>Oszt\u00e1lyunkon lehet\u0151s\u00e9g van a betegek telemetri\u00e1s fel\u00fcgyelet\u00e9re, ami azt jelenti, hogy hordozhat\u00f3 EKG monitor \u00e9s WiFi kapcsolat seg\u00edts\u00e9g\u00e9vel sz\u00edvm\u0171k\u00f6d\u00e9s\u00fcket folyamatosan figyelemmel tudjuk k\u00f6vetni a kardiol\u00f3giai \u0151rz\u0151b\u0151l.\u00a0Az oszt\u00e1lyon nemcsak a sz\u00edvbetegs\u00e9gek, hanem a Klinika ell\u00e1t\u00e1si ter\u00fclet\u00e9n \u00e9l\u0151k \u00e1ltal\u00e1nos belgy\u00f3gy\u00e1szati betegs\u00e9geinek ell\u00e1t\u00e1sa is zajlik.<\/p>\n<p><strong>Kardiol\u00f3giai \u0151rz\u0151:<\/strong><\/p>\n<p>Kardiol\u00f3giai \u0151rz\u0151nk 6 \u00e1gyas. Folyamatos EKG-, v\u00e9rnyom\u00e1s-, v\u00e9roxig\u00e9n-megfigyel\u00e9s mellett lehet\u0151s\u00e9g\u00fcnk van egyszerre t\u00f6bb beteg nem-invaz\u00edv l\u00e9legeztet\u00e9sre is. Az \u0151rz\u0151ben szoros \u00e9s folyamatos megfigyel\u00e9s mellett olyan betegek kezel\u00e9se t\u00f6rt\u00e9nik, akik intenz\u00edv oszt\u00e1lyos ter\u00e1pi\u00e1ra nem szorulnak, de a szok\u00e1sos oszt\u00e1lyos ell\u00e1t\u00e1s nem el\u00e9g sz\u00e1mukra.<\/p>\n<p>Az \u0151rz\u0151ben nem csak kardiol\u00f3giai betegeket kezel\u00fcnk. Leggyakrabban s\u00falyos sz\u00edvel\u00e9gtelens\u00e9g, kering\u00e9si zavart okoz\u00f3 t\u00fcd\u0151emb\u00f3lia, jelent\u0151s sz\u00edvritmuszavar, kering\u00e9si zavarhoz vezet\u0151 s\u00falyos fert\u0151z\u00e9sek, gyomor-b\u00e9lrendszeri v\u00e9rz\u00e9s \u00e1ll az itteni kezel\u00e9s h\u00e1tter\u00e9ben.<\/p>\n<p>Az \u0151rz\u0151ben v\u00e9gezz\u00fck a nyel\u0151cs\u00f6v\u00f6n kereszt\u00fcli sz\u00edvultrahang-vizsg\u00e1latokat, itt t\u00f6rt\u00e9nnek az elektromos kardioverzi\u00f3k, az altat\u00e1ssal j\u00e1r\u00f3 csontvel\u0151minta-v\u00e9telek, valamint a plazmaferezis beavatkoz\u00e1sok is.<\/p>\n","protected":false},"excerpt":{"rendered":"<p>A Kardiol\u00f3giai \u00e9s belgy\u00f3gy\u00e1szati oszt\u00e1lyon a legt\u00f6bb beteget sz\u00edvel\u00e9gtelens\u00e9g, koszor\u00fa\u00e9r-betegs\u00e9g, sz\u00edvizom-betegs\u00e9gek, k\u00fcl\u00f6nf\u00e9le sz\u00edvritmuszavarok &#8211; leggyakrabban pitvarfibrill\u00e1ci\u00f3 -, eszm\u00e9letveszt\u00e9s, t\u00fcd\u0151emb\u00f3lia kapcs\u00e1n l\u00e1tjuk el.\u00a0A kardiol\u00f3giai betegek ell\u00e1t\u00e1s\u00e1ban klinik\u00e1nk szorosan egy\u00fcttm\u0171k\u00f6dik a <a href=\"https:\/\/semmelweis.hu\/varosmajor\/\" target=\"_blank\" rel=\"noopener\">V\u00e1rosmajori Sz\u00edv- \u00e9s \u00c9rgy\u00f3gy\u00e1szati Klinik\u00e1val<\/a> , ahol a k\u00fcl\u00f6nf\u00e9le m\u0171t\u00e9ti beavatkoz\u00e1sok t\u00f6rt\u00e9nnek, mint p\u00e9ld\u00e1ul koszor\u00fa\u00e9rfest\u00e9s \u00e9s -t\u00e1g\u00edt\u00e1s, pacemaker-be\u00fcltet\u00e9s, nyitott sz\u00edvm\u0171t\u00e9tek.\u00a0 <a href=\"https:\/\/semmelweis.hu\/belhema\/fekvobeteg-ellatas\/mi-szukseges-a-korhazi-befekveshez\/\" target=\"_blank\" rel=\"noopener\">Mi sz\u00fcks\u00e9ges a k\u00f3rh\u00e1zi befekv\u00e9shez?<\/a> A Kardiol\u00f3giai oszt\u00e1ly a Klinika B \u00e9p\u00fclet\u00e9nek 1. emelet\u00e9n tal\u00e1lhat\u00f3. F\u0151n\u0151v\u00e9r: &hellip;<\/p>\n","protected":false},"author":334,"featured_media":0,"parent":251,"menu_order":5,"comment_status":"closed","ping_status":"closed","template":"","meta":{"_acf_changed":false,"footnotes":""},"categories":[],"tags":[],"class_list":["post-439","page","type-page","status-publish","hentry"],"acf":[],"_links":{"self":[{"href":"https:\/\/semmelweis.hu\/belhema\/wp-json\/wp\/v2\/pages\/439","targetHints":{"allow":["GET"]}}],"collection":[{"href":"https:\/\/semmelweis.hu\/belhema\/wp-json\/wp\/v2\/pages"}],"about":[{"href":"https:\/\/semmelweis.hu\/belhema\/wp-json\/wp\/v2\/types\/page"}],"author":[{"embeddable":true,"href":"https:\/\/semmelweis.hu\/belhema\/wp-json\/wp\/v2\/users\/334"}],"replies":[{"embeddable":true,"href":"https:\/\/semmelweis.hu\/belhema\/wp-json\/wp\/v2\/comments?post=439"}],"version-history":[{"count":10,"href":"https:\/\/semmelweis.hu\/belhema\/wp-json\/wp\/v2\/pages\/439\/revisions"}],"predecessor-version":[{"id":8877,"href":"https:\/\/semmelweis.hu\/belhema\/wp-json\/wp\/v2\/pages\/439\/revisions\/8877"}],"up":[{"embeddable":true,"href":"https:\/\/semmelweis.hu\/belhema\/wp-json\/wp\/v2\/pages\/251"}],"wp:attachment":[{"href":"https:\/\/semmelweis.hu\/belhema\/wp-json\/wp\/v2\/media?parent=439"}],"wp:term":[{"taxonomy":"category","embeddable":true,"href":"https:\/\/semmelweis.hu\/belhema\/wp-json\/wp\/v2\/categories?post=439"},{"taxonomy":"post_tag","embeddable":true,"href":"https:\/\/semmelweis.hu\/belhema\/wp-json\/wp\/v2\/tags?post=439"}],"curies":[{"name":"wp","href":"https:\/\/api.w.org\/{rel}","templated":true}]}}

Kardiológiai és belgyógyászati osztály, kardiológiai őrző

<p>A Kardiológiai és belgyógyászati osztályon a legtöbb beteget szívelégtelenség, koszorúér-betegség, szívizom-betegségek, különféle szívritmuszavarok &#8211; leggyakrabban pitvarfibrilláció -, eszméletvesztés, tüdőembólia kapcsán látjuk el. A kardiológiai betegek ellátásában klinikánk szorosan együttműködik a <a href="https://semmelweis.hu/varosmajor/" target="_blank" rel="noopener">Városmajori Szív- és Érgyógyászati Klinikával</a>, ahol a különféle műtéti beavatkozások történnek, mint például koszorúérfestés és -tágítás, pacemaker-beültetés, nyitott szívműtétek. </p>
<p><a href="https://semmelweis.hu/belhema/fekvobeteg-ellatas/mi-szukseges-a-korhazi-befekveshez/" target="_blank" rel="noopener">Mi szükséges a kórházi befekvéshez?</a></p>
<div class="keretes w-100">
<p>A <strong>Kardiológiai osztály</strong> a Klinika <strong>B épületének 1. emeletén</strong> található.</p>
<p>Főnővér: Polyák Gabriella<br />
<strong>Elérhetőség:</strong> <a href="tel:+3614591500">+36 1 459-1500</a> / 55552 mellék (nővérpult)</p>
<hr />
<p>A <strong>kardiológiai őrző</strong> a Klinika <strong>B épületének 3. emeletén</strong> található.</p>
<p>Főnővér: Pongrácz Ágnes<br />
<strong>Elérhetőség:</strong> <a href="tel:+3614591500">+36 1 459-1500</a> / 55512 mellék (nővérpult)</p>
</div>
<p>Osztályunkon lehetőség van a betegek telemetriás felügyeletére, ami azt jelenti, hogy hordozható EKG monitor és WiFi kapcsolat segítségével szívműködésüket folyamatosan figyelemmel tudjuk követni a kardiológiai őrzőből. Az osztályon nemcsak a szívbetegségek, hanem a Klinika ellátási területén élők általános belgyógyászati betegségeinek ellátása is zajlik.</p>
<p><strong>Kardiológiai őrző:</strong></p>
<p>Kardiológiai őrzőnk 6 ágyas. Folyamatos EKG-, vérnyomás-, véroxigén-megfigyelés mellett lehetőségünk van egyszerre több beteg nem-invazív lélegeztetésre is. Az őrzőben szoros és folyamatos megfigyelés mellett olyan betegek kezelése történik, akik intenzív osztályos terápiára nem szorulnak, de a szokásos osztályos ellátás nem elég számukra.</p>
<p>Az őrzőben nem csak kardiológiai betegeket kezelünk. Leggyakrabban súlyos szívelégtelenség, keringési zavart okozó tüdőembólia, jelentős szívritmuszavar, keringési zavarhoz vezető súlyos fertőzések, gyomor-bélrendszeri vérzés áll az itteni kezelés hátterében.</p>
<p>Az őrzőben végezzük a nyelőcsövön keresztüli szívultrahang-vizsgálatokat, itt történnek az elektromos kardioverziók, az altatással járó csontvelőminta-vételek, valamint a plazmaferezis beavatkozások is.</p>

<p>A Kardiológiai és belgyógyászati osztályon a legtöbb beteget szívelégtelenség, koszorúér-betegség, szívizom-betegségek, különféle szívritmuszavarok &#8211; leggyakrabban pitvarfibrilláció -, eszméletvesztés, tüdőembólia kapcsán látjuk el. A kardiológiai betegek ellátásában klinikánk szorosan együttműködik a <a href="https://semmelweis.hu/varosmajor/" target="_blank" rel="noopener">Városmajori Szív- és Érgyógyászati Klinikával</a> , ahol a különféle műtéti beavatkozások történnek, mint például koszorúérfestés és -tágítás, pacemaker-beültetés, nyitott szívműtétek.  <a href="https://semmelweis.hu/belhema/fekvobeteg-ellatas/mi-szukseges-a-korhazi-befekveshez/" target="_blank" rel="noopener">Mi szükséges a kórházi befekvéshez?</a> A Kardiológiai osztály a Klinika B épületének 1. emeletén található. Főnővér: &hellip;</p>
