{"id":428,"date":"2023-03-27T15:18:21","date_gmt":"2023-03-27T13:18:21","guid":{"rendered":"https:\/\/semmelweis.hu\/belhema\/?page_id=428"},"modified":"2023-06-01T14:14:40","modified_gmt":"2023-06-01T12:14:40","slug":"gasztroenterologiai-munkacsoport","status":"publish","type":"page","link":"https:\/\/semmelweis.hu\/belhema\/kutatas\/gasztroenterologiai-munkacsoport\/","title":{"rendered":"Gasztroenterol\u00f3giai munkacsoport"},"content":{"rendered":"<p>Gasztroenterol\u00f3giai munkacsoportunk munkater\u00fclete a fels\u0151 \u00e9s als\u00f3 t\u00e1pcsatornai betegs\u00e9gek diagn\u00f3zisa, kezel\u00e9se, valamint a r\u00e1kmegel\u0151z\u0151 \u00e1llapotok elt\u00e1vol\u00edt\u00e1sa.<\/p>\n<h5>F\u0151 kutat\u00e1si ter\u00fcleteink:<\/h5>\n<ul style=\"list-style-type: square;\">\n<li><strong>Gyullad\u00e1sos b\u00e9lbetegs\u00e9g \u00faj kezel\u00e9si lehet\u0151s\u00e9gei<\/strong>. Klinik\u00e1nk biol\u00f3giai kezel\u00e9si centrum, \u00edgy az \u00f6sszes, Eur\u00f3p\u00e1ban haszn\u00e1lt legfejlettebb ter\u00e1pi\u00e1s m\u00f3dszer el\u00e9rhet\u0151, tov\u00e1bb\u00e1 klinikai vizsg\u00e1latok keret\u00e9n bel\u00fcl a leg\u00fajabb, legmodernebb kezel\u00e9si lehet\u0151s\u00e9gek is el\u00e9rhet\u0151ek. A klinikai vizsg\u00e1latok tov\u00e1bbi el\u0151nye, hogy lehet\u0151v\u00e9 teszik az \u00faj kezel\u00e9sek hat\u00e9konys\u00e1gainak \u00f6sszehasonl\u00edt\u00e1s\u00e1t &#8211; ez a ter\u00fclet legizgalmasabb k\u00e9rd\u00e9se.<\/li>\n<li><strong>Mikroszk\u00f3pos colitis lefoly\u00e1sa, kezel\u00e9se \u00e9s k\u00f6vet\u00e9se, rizik\u00f3faktorok felm\u00e9r\u00e9se \u00e9s \u00f6sszef\u00fcgg\u00e9se a csonts\u0171r\u0171s\u00e9g v\u00e1ltoz\u00e1s\u00e1val.<\/strong> Tov\u00e1bbi c\u00e9lunk az orsz\u00e1gban els\u0151k\u00e9nt a mikroszk\u00f3pos colitis regiszter megalkot\u00e1sa. Az Eur\u00f3pai Mikroszk\u00f3pos Colitis T\u00e1rsas\u00e1ggal val\u00f3 szoros kapcsolat r\u00e9v\u00e9n r\u00e9szt vesz\u00fcnk biol\u00f3giai kezel\u00e9si kutat\u00e1sokban.<\/li>\n<li>A <strong>vastagb\u00e9lr\u00e1k \u00e9s annak megel\u0151z\u0151 \u00e1llapotainak kor, nem szerinti meghat\u00e1roz\u00e1sa<\/strong>, a Klinik\u00e1n megval\u00f3sult sz\u0171r\u0151program hat\u00e9konys\u00e1g\u00e1nak felm\u00e9r\u00e9se.<\/li>\n<\/ul>\n","protected":false},"excerpt":{"rendered":"<p>Gasztroenterol\u00f3giai munkacsoportunk munkater\u00fclete a fels\u0151 \u00e9s als\u00f3 t\u00e1pcsatornai betegs\u00e9gek diagn\u00f3zisa, kezel\u00e9se, valamint a r\u00e1kmegel\u0151z\u0151 \u00e1llapotok elt\u00e1vol\u00edt\u00e1sa. F\u0151 kutat\u00e1si ter\u00fcleteink: Gyullad\u00e1sos b\u00e9lbetegs\u00e9g \u00faj kezel\u00e9si lehet\u0151s\u00e9gei. Klinik\u00e1nk biol\u00f3giai kezel\u00e9si centrum, \u00edgy az \u00f6sszes, Eur\u00f3p\u00e1ban haszn\u00e1lt legfejlettebb ter\u00e1pi\u00e1s m\u00f3dszer el\u00e9rhet\u0151, tov\u00e1bb\u00e1 klinikai vizsg\u00e1latok keret\u00e9n bel\u00fcl a leg\u00fajabb, legmodernebb kezel\u00e9si lehet\u0151s\u00e9gek is el\u00e9rhet\u0151ek. A klinikai vizsg\u00e1latok tov\u00e1bbi el\u0151nye, hogy &hellip;<\/p>\n","protected":false},"author":334,"featured_media":0,"parent":78,"menu_order":2,"comment_status":"closed","ping_status":"closed","template":"","meta":{"_acf_changed":false,"footnotes":""},"categories":[],"tags":[],"class_list":["post-428","page","type-page","status-publish","hentry"],"acf":[],"_links":{"self":[{"href":"https:\/\/semmelweis.hu\/belhema\/wp-json\/wp\/v2\/pages\/428","targetHints":{"allow":["GET"]}}],"collection":[{"href":"https:\/\/semmelweis.hu\/belhema\/wp-json\/wp\/v2\/pages"}],"about":[{"href":"https:\/\/semmelweis.hu\/belhema\/wp-json\/wp\/v2\/types\/page"}],"author":[{"embeddable":true,"href":"https:\/\/semmelweis.hu\/belhema\/wp-json\/wp\/v2\/users\/334"}],"replies":[{"embeddable":true,"href":"https:\/\/semmelweis.hu\/belhema\/wp-json\/wp\/v2\/comments?post=428"}],"version-history":[{"count":5,"href":"https:\/\/semmelweis.hu\/belhema\/wp-json\/wp\/v2\/pages\/428\/revisions"}],"predecessor-version":[{"id":1115,"href":"https:\/\/semmelweis.hu\/belhema\/wp-json\/wp\/v2\/pages\/428\/revisions\/1115"}],"up":[{"embeddable":true,"href":"https:\/\/semmelweis.hu\/belhema\/wp-json\/wp\/v2\/pages\/78"}],"wp:attachment":[{"href":"https:\/\/semmelweis.hu\/belhema\/wp-json\/wp\/v2\/media?parent=428"}],"wp:term":[{"taxonomy":"category","embeddable":true,"href":"https:\/\/semmelweis.hu\/belhema\/wp-json\/wp\/v2\/categories?post=428"},{"taxonomy":"post_tag","embeddable":true,"href":"https:\/\/semmelweis.hu\/belhema\/wp-json\/wp\/v2\/tags?post=428"}],"curies":[{"name":"wp","href":"https:\/\/api.w.org\/{rel}","templated":true}]}}