{"id":421,"date":"2023-03-27T15:09:01","date_gmt":"2023-03-27T13:09:01","guid":{"rendered":"https:\/\/semmelweis.hu\/belhema\/?page_id=421"},"modified":"2023-05-03T22:08:22","modified_gmt":"2023-05-03T20:08:22","slug":"anyagcsere-munkacsoport","status":"publish","type":"page","link":"https:\/\/semmelweis.hu\/belhema\/kutatas\/anyagcsere-munkacsoport\/","title":{"rendered":"Anyagcsere munkacsoport"},"content":{"rendered":"<p>A Klinik\u00e1n m\u0171k\u00f6d\u0151 anyagcsere munkacsoport egyik \u00e9rdekl\u0151d\u00e9si ter\u00fclete a <strong>feln\u0151ttkori indul\u00e1s\u00fa cukorbetegs\u00e9g klasszifik\u00e1ci\u00f3ja<\/strong>. A Klinika egyik el\u0151dj\u00e9nek, a kor\u00e1bbi III. Sz. Belgy\u00f3gy\u00e1szati Klinik\u00e1nak alapvet\u0151 szerepe volt a diabetes-klasszifik\u00e1ci\u00f3 hazai gyakorlat\u00e1nak kidolgoz\u00e1s\u00e1ban \u00e9s elterjeszt\u00e9s\u00e9ben. Ezt a tev\u00e9kenys\u00e9get tov\u00e1bbra is orsz\u00e1gos szinten v\u00e9gezz\u00fck, \u00e9vente mintegy 200 eset tipiz\u00e1l\u00e1s\u00e1ban ny\u00fajtunk seg\u00edts\u00e9get. Kutat\u00f3munk\u00e1nk a klasszifik\u00e1ci\u00f3n bel\u00fcl jelenleg a feln\u0151ttkori indul\u00e1s\u00fa, ketosisra hajlamos 2-es t\u00edpus\u00fa diabetes felismer\u00e9s\u00e9re \u00e9s jellemz\u00e9s\u00e9re ir\u00e1nyul. A j\u00f6v\u0151ben ezt a munk\u00e1t a Gyermekgy\u00f3gy\u00e1szati Klinik\u00e1val egy\u00fcttm\u0171k\u00f6dve a 18 \u00e9ves \u00e9letkor alatti popul\u00e1ci\u00f3ra is szeretn\u00e9nk kiterjeszteni.<\/p>\n<p>A Klinika &#8211; a kor\u00e1bbi II. Sz. Belgy\u00f3gy\u00e1szati Klinika hagyom\u00e1ny\u00e1t folytatva &#8211; <strong>terhess\u00e9gi diabetol\u00f3giai \u00e9s pumpacentrum.<\/strong> Nemzetk\u00f6zileg is jegyzett vizsg\u00e1latok folynak a cukorbetegs\u00e9ggel sz\u00f6v\u0151d\u00f6tt terhess\u00e9g pumpakezel\u00e9s\u00e9vel \u00e9s a szenzorhaszn\u00e1lattal kapcsolatban.<\/p>\n<p>Az ut\u00f3bbi \u00e9vekben jelent\u0151s figyelmet ford\u00edtunk az \u00e1ltalunk gondozott <strong>1-es t\u00edpus\u00fa cukorbetegek cardiovascularis kock\u00e1zat\u00e1nak felm\u00e9r\u00e9s\u00e9re<\/strong>, k\u00fcl\u00f6n\u00f6s tekintettel a kisgyermekkorban indul\u00f3 cukorbetegs\u00e9gre.<\/p>\n<p>Leg\u00fajabb projekt\u00fcnk a <strong>mesenchymalis \u0151ssejtter\u00e1pia alkalmaz\u00e1sa a diabetol\u00f3gia ter\u00fclet\u00e9n.<\/strong>\u00a0\u00a0<\/p>\n","protected":false},"excerpt":{"rendered":"<p>A Klinik\u00e1n m\u0171k\u00f6d\u0151 anyagcsere munkacsoport egyik \u00e9rdekl\u0151d\u00e9si ter\u00fclete a feln\u0151ttkori indul\u00e1s\u00fa cukorbetegs\u00e9g klasszifik\u00e1ci\u00f3ja. A Klinika egyik el\u0151dj\u00e9nek, a kor\u00e1bbi III. Sz. Belgy\u00f3gy\u00e1szati Klinik\u00e1nak alapvet\u0151 szerepe volt a diabetes-klasszifik\u00e1ci\u00f3 hazai gyakorlat\u00e1nak kidolgoz\u00e1s\u00e1ban \u00e9s elterjeszt\u00e9s\u00e9ben. Ezt a tev\u00e9kenys\u00e9get tov\u00e1bbra is orsz\u00e1gos szinten v\u00e9gezz\u00fck, \u00e9vente mintegy 200 eset tipiz\u00e1l\u00e1s\u00e1ban ny\u00fajtunk seg\u00edts\u00e9get. Kutat\u00f3munk\u00e1nk a klasszifik\u00e1ci\u00f3n bel\u00fcl jelenleg a feln\u0151ttkori &hellip;<\/p>\n","protected":false},"author":334,"featured_media":0,"parent":78,"menu_order":1,"comment_status":"closed","ping_status":"closed","template":"","meta":{"_acf_changed":false,"footnotes":""},"categories":[],"tags":[],"class_list":["post-421","page","type-page","status-publish","hentry"],"acf":[],"_links":{"self":[{"href":"https:\/\/semmelweis.hu\/belhema\/wp-json\/wp\/v2\/pages\/421","targetHints":{"allow":["GET"]}}],"collection":[{"href":"https:\/\/semmelweis.hu\/belhema\/wp-json\/wp\/v2\/pages"}],"about":[{"href":"https:\/\/semmelweis.hu\/belhema\/wp-json\/wp\/v2\/types\/page"}],"author":[{"embeddable":true,"href":"https:\/\/semmelweis.hu\/belhema\/wp-json\/wp\/v2\/users\/334"}],"replies":[{"embeddable":true,"href":"https:\/\/semmelweis.hu\/belhema\/wp-json\/wp\/v2\/comments?post=421"}],"version-history":[{"count":4,"href":"https:\/\/semmelweis.hu\/belhema\/wp-json\/wp\/v2\/pages\/421\/revisions"}],"predecessor-version":[{"id":684,"href":"https:\/\/semmelweis.hu\/belhema\/wp-json\/wp\/v2\/pages\/421\/revisions\/684"}],"up":[{"embeddable":true,"href":"https:\/\/semmelweis.hu\/belhema\/wp-json\/wp\/v2\/pages\/78"}],"wp:attachment":[{"href":"https:\/\/semmelweis.hu\/belhema\/wp-json\/wp\/v2\/media?parent=421"}],"wp:term":[{"taxonomy":"category","embeddable":true,"href":"https:\/\/semmelweis.hu\/belhema\/wp-json\/wp\/v2\/categories?post=421"},{"taxonomy":"post_tag","embeddable":true,"href":"https:\/\/semmelweis.hu\/belhema\/wp-json\/wp\/v2\/tags?post=421"}],"curies":[{"name":"wp","href":"https:\/\/api.w.org\/{rel}","templated":true}]}}

<p>A Klinikán működő anyagcsere munkacsoport egyik érdeklődési területe a <strong>felnőttkori indulású cukorbetegség klasszifikációja</strong>. A Klinika egyik elődjének, a korábbi III. Sz. Belgyógyászati Klinikának alapvető szerepe volt a diabetes-klasszifikáció hazai gyakorlatának kidolgozásában és elterjesztésében. Ezt a tevékenységet továbbra is országos szinten végezzük, évente mintegy 200 eset tipizálásában nyújtunk segítséget. Kutatómunkánk a klasszifikáción belül jelenleg a felnőttkori indulású, ketosisra hajlamos 2-es típusú diabetes felismerésére és jellemzésére irányul. A jövőben ezt a munkát a Gyermekgyógyászati Klinikával együttműködve a 18 éves életkor alatti populációra is szeretnénk kiterjeszteni.</p>
<p>A Klinika &#8211; a korábbi II. Sz. Belgyógyászati Klinika hagyományát folytatva &#8211; <strong>terhességi diabetológiai és pumpacentrum.</strong> Nemzetközileg is jegyzett vizsgálatok folynak a cukorbetegséggel szövődött terhesség pumpakezelésével és a szenzorhasználattal kapcsolatban.</p>
<p>Az utóbbi években jelentős figyelmet fordítunk az általunk gondozott <strong>1-es típusú cukorbetegek cardiovascularis kockázatának felmérésére</strong>, különös tekintettel a kisgyermekkorban induló cukorbetegségre.</p>
<p>Legújabb projektünk a <strong>mesenchymalis őssejtterápia alkalmazása a diabetológia területén.</strong>  </p>

<p>A Klinikán működő anyagcsere munkacsoport egyik érdeklődési területe a felnőttkori indulású cukorbetegség klasszifikációja. A Klinika egyik elődjének, a korábbi III. Sz. Belgyógyászati Klinikának alapvető szerepe volt a diabetes-klasszifikáció hazai gyakorlatának kidolgozásában és elterjesztésében. Ezt a tevékenységet továbbra is országos szinten végezzük, évente mintegy 200 eset tipizálásában nyújtunk segítséget. Kutatómunkánk a klasszifikáción belül jelenleg a felnőttkori &hellip;</p>
