{"id":418,"date":"2023-03-27T15:06:23","date_gmt":"2023-03-27T13:06:23","guid":{"rendered":"https:\/\/semmelweis.hu\/belhema\/?page_id=418"},"modified":"2023-05-03T22:09:56","modified_gmt":"2023-05-03T20:09:56","slug":"onkologiai-munkacsoport","status":"publish","type":"page","link":"https:\/\/semmelweis.hu\/belhema\/kutatas\/onkologiai-munkacsoport\/","title":{"rendered":"Onkol\u00f3giai munkacsoport"},"content":{"rendered":"<p>Az onkol\u00f3giai munkacsoport f\u0151 kutat\u00e1si t\u00e9m\u00e1ja a <strong>daganatos betegs\u00e9gek prognosztikai \u00e9s predikt\u00edv t\u00e9nyez\u0151i<\/strong>nek vizsg\u00e1lata.<\/p>\n<p>Eddig gerincvel\u0151i \u00e1tt\u00e9tes betegekben, colorectalis daganatban, eml\u0151daganatokban \u00e9s hematol\u00f3giai betegs\u00e9gekben n\u00e9zt\u00fck el\u0151fordul\u00e1sukat. Leg\u00fajabban a szem\u00e9szeti \u00e9s onkol\u00f3giai kezel\u00e9sek hat\u00e1rter\u00fclet\u00e9n ind\u00edtottunk kutat\u00e1st. Tov\u00e1bbi kutat\u00e1si t\u00e9ma a kering\u0151 tumor\u0151ssejtek vizsg\u00e1lata.<\/p>\n","protected":false},"excerpt":{"rendered":"<p>Az onkol\u00f3giai munkacsoport f\u0151 kutat\u00e1si t\u00e9m\u00e1ja a daganatos betegs\u00e9gek prognosztikai \u00e9s predikt\u00edv t\u00e9nyez\u0151inek vizsg\u00e1lata.<br \/>\nEddig gerincvel\u0151i \u00e1tt\u00e9tes betegekben, colorectalis daganatban, eml\u0151daganatokban \u00e9s hematol\u00f3giai betegs\u00e9gekben n\u00e9zt\u00fck el\u0151fordul\u00e1sukat. Leg\u00fajabban a szem\u00e9szeti \u00e9s onkol\u00f3giai kezel\u00e9sek hat\u00e1rter\u00fclet\u00e9n ind\u00edtottunk kutat\u00e1st. Tov\u00e1bbi kutat\u00e1si t\u00e9ma a kering\u0151 tumor\u0151ssejtek vizsg\u00e1lata.<\/p>\n","protected":false},"author":334,"featured_media":0,"parent":78,"menu_order":7,"comment_status":"closed","ping_status":"closed","template":"","meta":{"_acf_changed":false,"footnotes":""},"categories":[],"tags":[],"class_list":["post-418","page","type-page","status-publish","hentry"],"acf":[],"_links":{"self":[{"href":"https:\/\/semmelweis.hu\/belhema\/wp-json\/wp\/v2\/pages\/418","targetHints":{"allow":["GET"]}}],"collection":[{"href":"https:\/\/semmelweis.hu\/belhema\/wp-json\/wp\/v2\/pages"}],"about":[{"href":"https:\/\/semmelweis.hu\/belhema\/wp-json\/wp\/v2\/types\/page"}],"author":[{"embeddable":true,"href":"https:\/\/semmelweis.hu\/belhema\/wp-json\/wp\/v2\/users\/334"}],"replies":[{"embeddable":true,"href":"https:\/\/semmelweis.hu\/belhema\/wp-json\/wp\/v2\/comments?post=418"}],"version-history":[{"count":6,"href":"https:\/\/semmelweis.hu\/belhema\/wp-json\/wp\/v2\/pages\/418\/revisions"}],"predecessor-version":[{"id":691,"href":"https:\/\/semmelweis.hu\/belhema\/wp-json\/wp\/v2\/pages\/418\/revisions\/691"}],"up":[{"embeddable":true,"href":"https:\/\/semmelweis.hu\/belhema\/wp-json\/wp\/v2\/pages\/78"}],"wp:attachment":[{"href":"https:\/\/semmelweis.hu\/belhema\/wp-json\/wp\/v2\/media?parent=418"}],"wp:term":[{"taxonomy":"category","embeddable":true,"href":"https:\/\/semmelweis.hu\/belhema\/wp-json\/wp\/v2\/categories?post=418"},{"taxonomy":"post_tag","embeddable":true,"href":"https:\/\/semmelweis.hu\/belhema\/wp-json\/wp\/v2\/tags?post=418"}],"curies":[{"name":"wp","href":"https:\/\/api.w.org\/{rel}","templated":true}]}}

Onkológiai munkacsoport

<p>Az onkológiai munkacsoport fő kutatási témája a <strong>daganatos betegségek prognosztikai és prediktív tényezői</strong>nek vizsgálata.</p>
<p>Eddig gerincvelői áttétes betegekben, colorectalis daganatban, emlődaganatokban és hematológiai betegségekben néztük előfordulásukat. Legújabban a szemészeti és onkológiai kezelések határterületén indítottunk kutatást. További kutatási téma a keringő tumorőssejtek vizsgálata.</p>

<p>Az onkológiai munkacsoport fő kutatási témája a daganatos betegségek prognosztikai és prediktív tényezőinek vizsgálata.<br />
Eddig gerincvelői áttétes betegekben, colorectalis daganatban, emlődaganatokban és hematológiai betegségekben néztük előfordulásukat. Legújabban a szemészeti és onkológiai kezelések határterületén indítottunk kutatást. További kutatási téma a keringő tumorőssejtek vizsgálata.</p>
