{"id":404,"date":"2023-03-27T14:50:11","date_gmt":"2023-03-27T12:50:11","guid":{"rendered":"https:\/\/semmelweis.hu\/belhema\/?page_id=404"},"modified":"2025-09-08T15:16:35","modified_gmt":"2025-09-08T13:16:35","slug":"betegfelveteli-osztaly","status":"publish","type":"page","link":"https:\/\/semmelweis.hu\/belhema\/fekvobeteg-ellatas\/betegfelveteli-osztaly\/","title":{"rendered":"Betegfelv\u00e9teli oszt\u00e1ly"},"content":{"rendered":"<p>Kev\u00e9s kiv\u00e9telt\u0151l eltekintve valamennyi beteg\u00fcnk a Betegfelv\u00e9teli oszt\u00e1ly \u00e9rint\u00e9s\u00e9vel ker\u00fcl a Klinik\u00e1n v\u00e9gleges hely\u00e9re. Ezen az oszt\u00e1lyon meger\u0151s\u00edtett orvosg\u00e1rda gondoskodik a diagnosztikus folyamatok leggyorsabb kivitelez\u00e9s\u00e9r\u0151l, hogy a beteg a tov\u00e1bbiakban a betegs\u00e9g\u00e9hez ill\u0151 specialist\u00e1hoz ker\u00fclhessen.<\/p>\n<p><a href=\"https:\/\/semmelweis.hu\/belhema\/fekvobeteg-ellatas\/mi-szukseges-a-korhazi-befekveshez\/\" target=\"_blank\" rel=\"noopener\">Mi sz\u00fcks\u00e9ges a k\u00f3rh\u00e1zi befekv\u00e9shez?<\/a><\/p>\n<div class=\"keretes w-100\">\n<p>A Betegfelv\u00e9teli oszt\u00e1ly a Klinika <strong>B \u00e9p\u00fclet\u00e9nek 2. emelet\u00e9n<\/strong> tal\u00e1lhat\u00f3.<\/p>\n<p>F\u0151n\u0151v\u00e9r: Csonka Be\u00e1ta<\/p>\n<p><strong>El\u00e9rhet\u0151s\u00e9g:<\/strong> <a href=\"tel:+3614591500\">+36 1 459-1500<\/a> \/ 55544 mell\u00e9k (n\u0151v\u00e9rpult),\u00a0 55575 mell\u00e9k (orvosi szoba)<\/p>\n<\/div>\n","protected":false},"excerpt":{"rendered":"<p>Kev\u00e9s kiv\u00e9telt\u0151l eltekintve valamennyi beteg\u00fcnk a Betegfelv\u00e9teli oszt\u00e1ly \u00e9rint\u00e9s\u00e9vel ker\u00fcl a Klinik\u00e1n v\u00e9gleges hely\u00e9re. Ezen az oszt\u00e1lyon meger\u0151s\u00edtett orvosg\u00e1rda gondoskodik a diagnosztikus folyamatok leggyorsabb kivitelez\u00e9s\u00e9r\u0151l, hogy a beteg a tov\u00e1bbiakban a betegs\u00e9g\u00e9hez ill\u0151 specialist\u00e1hoz ker\u00fclhessen. <a href=\"https:\/\/semmelweis.hu\/belhema\/fekvobeteg-ellatas\/mi-szukseges-a-korhazi-befekveshez\/\" target=\"_blank\" rel=\"noopener\">Mi sz\u00fcks\u00e9ges a k\u00f3rh\u00e1zi befekv\u00e9shez?<\/a> A Betegfelv\u00e9teli oszt\u00e1ly a Klinika B \u00e9p\u00fclet\u00e9nek 2. emelet\u00e9n tal\u00e1lhat\u00f3. F\u0151n\u0151v\u00e9r: Csonka Be\u00e1ta El\u00e9rhet\u0151s\u00e9g: <a href=\"tel:+3614591500\">+36 1 459-1500<\/a> \/ 55544 mell\u00e9k (n\u0151v\u00e9rpult),\u00a0 55575 mell\u00e9k &hellip;<\/p>\n","protected":false},"author":334,"featured_media":0,"parent":251,"menu_order":4,"comment_status":"closed","ping_status":"closed","template":"","meta":{"_acf_changed":false,"footnotes":""},"categories":[],"tags":[],"class_list":["post-404","page","type-page","status-publish","hentry"],"acf":[],"_links":{"self":[{"href":"https:\/\/semmelweis.hu\/belhema\/wp-json\/wp\/v2\/pages\/404","targetHints":{"allow":["GET"]}}],"collection":[{"href":"https:\/\/semmelweis.hu\/belhema\/wp-json\/wp\/v2\/pages"}],"about":[{"href":"https:\/\/semmelweis.hu\/belhema\/wp-json\/wp\/v2\/types\/page"}],"author":[{"embeddable":true,"href":"https:\/\/semmelweis.hu\/belhema\/wp-json\/wp\/v2\/users\/334"}],"replies":[{"embeddable":true,"href":"https:\/\/semmelweis.hu\/belhema\/wp-json\/wp\/v2\/comments?post=404"}],"version-history":[{"count":10,"href":"https:\/\/semmelweis.hu\/belhema\/wp-json\/wp\/v2\/pages\/404\/revisions"}],"predecessor-version":[{"id":8879,"href":"https:\/\/semmelweis.hu\/belhema\/wp-json\/wp\/v2\/pages\/404\/revisions\/8879"}],"up":[{"embeddable":true,"href":"https:\/\/semmelweis.hu\/belhema\/wp-json\/wp\/v2\/pages\/251"}],"wp:attachment":[{"href":"https:\/\/semmelweis.hu\/belhema\/wp-json\/wp\/v2\/media?parent=404"}],"wp:term":[{"taxonomy":"category","embeddable":true,"href":"https:\/\/semmelweis.hu\/belhema\/wp-json\/wp\/v2\/categories?post=404"},{"taxonomy":"post_tag","embeddable":true,"href":"https:\/\/semmelweis.hu\/belhema\/wp-json\/wp\/v2\/tags?post=404"}],"curies":[{"name":"wp","href":"https:\/\/api.w.org\/{rel}","templated":true}]}}

Betegfelvételi osztály

<p>Kevés kivételtől eltekintve valamennyi betegünk a Betegfelvételi osztály érintésével kerül a Klinikán végleges helyére. Ezen az osztályon megerősített orvosgárda gondoskodik a diagnosztikus folyamatok leggyorsabb kivitelezéséről, hogy a beteg a továbbiakban a betegségéhez illő specialistához kerülhessen.</p>
<p><a href="https://semmelweis.hu/belhema/fekvobeteg-ellatas/mi-szukseges-a-korhazi-befekveshez/" target="_blank" rel="noopener">Mi szükséges a kórházi befekvéshez?</a></p>
<div class="keretes w-100">
<p>A Betegfelvételi osztály a Klinika <strong>B épületének 2. emeletén</strong> található.</p>
<p>Főnővér: Csonka Beáta</p>
<p><strong>Elérhetőség:</strong> <a href="tel:+3614591500">+36 1 459-1500</a> / 55544 mellék (nővérpult),  55575 mellék (orvosi szoba)</p>
</div>

<p>Kevés kivételtől eltekintve valamennyi betegünk a Betegfelvételi osztály érintésével kerül a Klinikán végleges helyére. Ezen az osztályon megerősített orvosgárda gondoskodik a diagnosztikus folyamatok leggyorsabb kivitelezéséről, hogy a beteg a továbbiakban a betegségéhez illő specialistához kerülhessen. <a href="https://semmelweis.hu/belhema/fekvobeteg-ellatas/mi-szukseges-a-korhazi-befekveshez/" target="_blank" rel="noopener">Mi szükséges a kórházi befekvéshez?</a> A Betegfelvételi osztály a Klinika B épületének 2. emeletén található. Főnővér: Csonka Beáta Elérhetőség: <a href="tel:+3614591500">+36 1 459-1500</a> / 55544 mellék (nővérpult),  55575 mellék &hellip;</p>
