{"id":394,"date":"2023-03-27T10:59:16","date_gmt":"2023-03-27T08:59:16","guid":{"rendered":"https:\/\/semmelweis.hu\/belhema\/?page_id=394"},"modified":"2023-05-16T09:08:40","modified_gmt":"2023-05-16T07:08:40","slug":"belgyogyaszati-osztaly-a-borklinika-epuleteben","status":"publish","type":"page","link":"https:\/\/semmelweis.hu\/belhema\/fekvobeteg-ellatas\/belgyogyaszati-osztaly-a-borklinika-epuleteben\/","title":{"rendered":"Belgy\u00f3gy\u00e1szati oszt\u00e1ly (a B\u0151rklinika \u00e9p\u00fclet\u00e9ben)"},"content":{"rendered":"<p>Az oszt\u00e1ly betegell\u00e1t\u00f3 tev\u00e9kenys\u00e9ge valamennyi belgy\u00f3gy\u00e1szati betegs\u00e9get fel\u00f6leli.<\/p>\n<p>Kiemelten foglalkozunk kr\u00f3nikus kardiol\u00f3giai betegs\u00e9gek (sz\u00edvel\u00e9gtelens\u00e9g, ritmuszavarok, billenty\u0171hib\u00e1k) diagnosztik\u00e1j\u00e1val \u00e9s kezel\u00e9s\u00e9vel.<\/p>\n<p><a href=\"https:\/\/semmelweis.hu\/belhema\/fekvobeteg-ellatas\/mi-szukseges-a-korhazi-befekveshez\/\" target=\"_blank\" rel=\"noopener\">Mi sz\u00fcks\u00e9ges a k\u00f3rh\u00e1zi befekv\u00e9shez?<\/a><\/p>\n<div class=\"keretes w-100\">\n<p>Az oszt\u00e1ly a <strong>B\u0151r-, Nemik\u00f3rtani \u00e9s B\u0151ronkol\u00f3giai Klinika (M\u00e1ria u. 41.) \u00e9p\u00fclet\u00e9nek magasf\u00f6ldszintj\u00e9n<\/strong> tal\u00e1lhat\u00f3.<\/p>\n<p>F\u0151n\u0151v\u00e9r: Kovacsics M\u00f3nika<\/p>\n<p><strong>El\u00e9rhet\u0151s\u00e9g:<\/strong> <a href=\"tel:+3614591500\">+36 1 459-1500<\/a> \/ 55724 mell\u00e9k (n\u0151v\u00e9rpult)<\/p>\n<\/div>\n","protected":false},"excerpt":{"rendered":"<p>Az oszt\u00e1ly betegell\u00e1t\u00f3 tev\u00e9kenys\u00e9ge valamennyi belgy\u00f3gy\u00e1szati betegs\u00e9get fel\u00f6leli.<br \/>\nKiemelten foglalkozunk kr\u00f3nikus kardiol\u00f3giai betegs\u00e9gek (sz\u00edvel\u00e9gtelens\u00e9g, ritmuszavarok, billenty\u0171hib\u00e1k) diagnosztik\u00e1j\u00e1val \u00e9s kezel\u00e9s\u00e9vel.<br \/>\n<a href=\"https:\/\/semmelweis.hu\/belhema\/fekvobeteg-ellatas\/mi-szukseges-a-korhazi-befekveshez\/\" target=\"_blank\" rel=\"noopener\">Mi sz\u00fcks\u00e9ges a k\u00f3rh\u00e1zi befekv\u00e9shez?<\/a><\/p>\n<p>Az oszt\u00e1ly a B\u0151r-, Nemik\u00f3rtani \u00e9s B\u0151ronkol\u00f3giai Klinika (M\u00e1ria u. 41.) \u00e9p\u00fclet\u00e9nek magasf\u00f6ldszintj\u00e9n tal\u00e1lhat\u00f3.<br \/>\nF\u0151n\u0151v\u00e9r: Kovacsics M\u00f3nika<br \/>\nEl\u00e9rhet\u0151s\u00e9g: <a href=\"tel:+3614591500\">+36 1 459-1500<\/a> \/ 55724 mell\u00e9k (n\u0151v\u00e9rpult)<\/p>\n","protected":false},"author":334,"featured_media":0,"parent":251,"menu_order":7,"comment_status":"closed","ping_status":"closed","template":"","meta":{"_acf_changed":false,"footnotes":""},"categories":[],"tags":[],"class_list":["post-394","page","type-page","status-publish","hentry"],"acf":[],"_links":{"self":[{"href":"https:\/\/semmelweis.hu\/belhema\/wp-json\/wp\/v2\/pages\/394","targetHints":{"allow":["GET"]}}],"collection":[{"href":"https:\/\/semmelweis.hu\/belhema\/wp-json\/wp\/v2\/pages"}],"about":[{"href":"https:\/\/semmelweis.hu\/belhema\/wp-json\/wp\/v2\/types\/page"}],"author":[{"embeddable":true,"href":"https:\/\/semmelweis.hu\/belhema\/wp-json\/wp\/v2\/users\/334"}],"replies":[{"embeddable":true,"href":"https:\/\/semmelweis.hu\/belhema\/wp-json\/wp\/v2\/comments?post=394"}],"version-history":[{"count":10,"href":"https:\/\/semmelweis.hu\/belhema\/wp-json\/wp\/v2\/pages\/394\/revisions"}],"predecessor-version":[{"id":834,"href":"https:\/\/semmelweis.hu\/belhema\/wp-json\/wp\/v2\/pages\/394\/revisions\/834"}],"up":[{"embeddable":true,"href":"https:\/\/semmelweis.hu\/belhema\/wp-json\/wp\/v2\/pages\/251"}],"wp:attachment":[{"href":"https:\/\/semmelweis.hu\/belhema\/wp-json\/wp\/v2\/media?parent=394"}],"wp:term":[{"taxonomy":"category","embeddable":true,"href":"https:\/\/semmelweis.hu\/belhema\/wp-json\/wp\/v2\/categories?post=394"},{"taxonomy":"post_tag","embeddable":true,"href":"https:\/\/semmelweis.hu\/belhema\/wp-json\/wp\/v2\/tags?post=394"}],"curies":[{"name":"wp","href":"https:\/\/api.w.org\/{rel}","templated":true}]}}

Belgyógyászati osztály (a Bőrklinika épületében)

<p>Az osztály betegellátó tevékenysége valamennyi belgyógyászati betegséget felöleli.</p>
<p>Kiemelten foglalkozunk krónikus kardiológiai betegségek (szívelégtelenség, ritmuszavarok, billentyűhibák) diagnosztikájával és kezelésével.</p>
<p><a href="https://semmelweis.hu/belhema/fekvobeteg-ellatas/mi-szukseges-a-korhazi-befekveshez/" target="_blank" rel="noopener">Mi szükséges a kórházi befekvéshez?</a></p>
<div class="keretes w-100">
<p>Az osztály a <strong>Bőr-, Nemikórtani és Bőronkológiai Klinika (Mária u. 41.) épületének magasföldszintjén</strong> található.</p>
<p>Főnővér: Kovacsics Mónika</p>
<p><strong>Elérhetőség:</strong> <a href="tel:+3614591500">+36 1 459-1500</a> / 55724 mellék (nővérpult)</p>
</div>

<p>Az osztály betegellátó tevékenysége valamennyi belgyógyászati betegséget felöleli.<br />
Kiemelten foglalkozunk krónikus kardiológiai betegségek (szívelégtelenség, ritmuszavarok, billentyűhibák) diagnosztikájával és kezelésével.<br />
<a href="https://semmelweis.hu/belhema/fekvobeteg-ellatas/mi-szukseges-a-korhazi-befekveshez/" target="_blank" rel="noopener">Mi szükséges a kórházi befekvéshez?</a></p>
<p>Az osztály a Bőr-, Nemikórtani és Bőronkológiai Klinika (Mária u. 41.) épületének magasföldszintjén található.<br />
Főnővér: Kovacsics Mónika<br />
Elérhetőség: <a href="tel:+3614591500">+36 1 459-1500</a> / 55724 mellék (nővérpult)</p>
