{"id":357,"date":"2023-03-26T16:45:13","date_gmt":"2023-03-26T14:45:13","guid":{"rendered":"https:\/\/semmelweis.hu\/belhema\/?page_id=357"},"modified":"2025-09-08T15:17:09","modified_gmt":"2025-09-08T13:17:09","slug":"immunologiai-osztaly","status":"publish","type":"page","link":"https:\/\/semmelweis.hu\/belhema\/fekvobeteg-ellatas\/immunologiai-osztaly\/","title":{"rendered":"Immunol\u00f3giai oszt\u00e1ly"},"content":{"rendered":"<p>Az Immunol\u00f3giai oszt\u00e1ly f\u0151 profiljai:<\/p>\n<ul>\n<li>immunhi\u00e1nyos \u00e1llapotok kivizsg\u00e1l\u00e1sa \u00e9s kezel\u00e9se,<\/li>\n<li>a szervezet saj\u00e1t sejtjei, sz\u00f6vetei, szervei ellen ir\u00e1nyul\u00f3 \u00fan. autoimmun betegs\u00e9gek diagnosztik\u00e1ja \u00e9s ter\u00e1pi\u00e1ja, k\u00fcl\u00f6n\u00f6s tekintettel a t\u00f6bb szerv \u00e9rintetts\u00e9g\u00e9vel j\u00e1r\u00f3 polisziszt\u00e9m\u00e1s autoimmun betegs\u00e9gekre [a leggyakoribbak: sziszt\u00e9m\u00e1s lupus erythematosus (SLE), scleroderma, Sj\u00f6gren-szindr\u00f3ma, kevert k\u00f6t\u0151sz\u00f6veti betegs\u00e9g, sziszt\u00e9m\u00e1s vasculitisek],<\/li>\n<li>allergi\u00e1s k\u00f3rk\u00e9pek kivizsg\u00e1l\u00e1sa \u00e9s kezel\u00e9se.<\/li>\n<\/ul>\n<p><a href=\"https:\/\/semmelweis.hu\/belhema\/fekvobeteg-ellatas\/mi-szukseges-a-korhazi-befekveshez\/\" target=\"_blank\" rel=\"noopener\">Mi sz\u00fcks\u00e9ges a k\u00f3rh\u00e1zi befekv\u00e9shez?<\/a><\/p>\n<div class=\"keretes w-100\">\n<p>Az Immunol\u00f3giai oszt\u00e1ly a Klinika <strong>B \u00e9p\u00fclet\u00e9nek 1. emelet\u00e9n<\/strong> tal\u00e1lhat\u00f3.<\/p>\n<p>F\u0151n\u0151v\u00e9r: Poly\u00e1k Gabriella<\/p>\n<p><strong>El\u00e9rhet\u0151s\u00e9g:<\/strong> <a href=\"tel:+3614591500\">+36 1 459-1500<\/a> \/ 55552 mell\u00e9k (n\u0151v\u00e9rpult)<\/p>\n<\/div>\n","protected":false},"excerpt":{"rendered":"<p>Az Immunol\u00f3giai oszt\u00e1ly f\u0151 profiljai: immunhi\u00e1nyos \u00e1llapotok kivizsg\u00e1l\u00e1sa \u00e9s kezel\u00e9se, a szervezet saj\u00e1t sejtjei, sz\u00f6vetei, szervei ellen ir\u00e1nyul\u00f3 \u00fan. autoimmun betegs\u00e9gek diagnosztik\u00e1ja \u00e9s ter\u00e1pi\u00e1ja, k\u00fcl\u00f6n\u00f6s tekintettel a t\u00f6bb szerv \u00e9rintetts\u00e9g\u00e9vel j\u00e1r\u00f3 polisziszt\u00e9m\u00e1s autoimmun betegs\u00e9gekre [a leggyakoribbak: sziszt\u00e9m\u00e1s lupus erythematosus (SLE), scleroderma, Sj\u00f6gren-szindr\u00f3ma, kevert k\u00f6t\u0151sz\u00f6veti betegs\u00e9g, sziszt\u00e9m\u00e1s vasculitisek], allergi\u00e1s k\u00f3rk\u00e9pek kivizsg\u00e1l\u00e1sa \u00e9s kezel\u00e9se. <a href=\"https:\/\/semmelweis.hu\/belhema\/fekvobeteg-ellatas\/mi-szukseges-a-korhazi-befekveshez\/\" target=\"_blank\" rel=\"noopener\">Mi sz\u00fcks\u00e9ges a k\u00f3rh\u00e1zi befekv\u00e9shez?<\/a> Az Immunol\u00f3giai oszt\u00e1ly &hellip;<\/p>\n","protected":false},"author":334,"featured_media":0,"parent":251,"menu_order":8,"comment_status":"closed","ping_status":"closed","template":"","meta":{"_acf_changed":false,"footnotes":""},"categories":[],"tags":[],"class_list":["post-357","page","type-page","status-publish","hentry"],"acf":[],"_links":{"self":[{"href":"https:\/\/semmelweis.hu\/belhema\/wp-json\/wp\/v2\/pages\/357","targetHints":{"allow":["GET"]}}],"collection":[{"href":"https:\/\/semmelweis.hu\/belhema\/wp-json\/wp\/v2\/pages"}],"about":[{"href":"https:\/\/semmelweis.hu\/belhema\/wp-json\/wp\/v2\/types\/page"}],"author":[{"embeddable":true,"href":"https:\/\/semmelweis.hu\/belhema\/wp-json\/wp\/v2\/users\/334"}],"replies":[{"embeddable":true,"href":"https:\/\/semmelweis.hu\/belhema\/wp-json\/wp\/v2\/comments?post=357"}],"version-history":[{"count":10,"href":"https:\/\/semmelweis.hu\/belhema\/wp-json\/wp\/v2\/pages\/357\/revisions"}],"predecessor-version":[{"id":8880,"href":"https:\/\/semmelweis.hu\/belhema\/wp-json\/wp\/v2\/pages\/357\/revisions\/8880"}],"up":[{"embeddable":true,"href":"https:\/\/semmelweis.hu\/belhema\/wp-json\/wp\/v2\/pages\/251"}],"wp:attachment":[{"href":"https:\/\/semmelweis.hu\/belhema\/wp-json\/wp\/v2\/media?parent=357"}],"wp:term":[{"taxonomy":"category","embeddable":true,"href":"https:\/\/semmelweis.hu\/belhema\/wp-json\/wp\/v2\/categories?post=357"},{"taxonomy":"post_tag","embeddable":true,"href":"https:\/\/semmelweis.hu\/belhema\/wp-json\/wp\/v2\/tags?post=357"}],"curies":[{"name":"wp","href":"https:\/\/api.w.org\/{rel}","templated":true}]}}

Immunológiai osztály

<p>Az Immunológiai osztály fő profiljai:</p>
<ul>
<li>immunhiányos állapotok kivizsgálása és kezelése,</li>
<li>a szervezet saját sejtjei, szövetei, szervei ellen irányuló ún. autoimmun betegségek diagnosztikája és terápiája, különös tekintettel a több szerv érintettségével járó poliszisztémás autoimmun betegségekre [a leggyakoribbak: szisztémás lupus erythematosus (SLE), scleroderma, Sjögren-szindróma, kevert kötőszöveti betegség, szisztémás vasculitisek],</li>
<li>allergiás kórképek kivizsgálása és kezelése.</li>
</ul>
<p><a href="https://semmelweis.hu/belhema/fekvobeteg-ellatas/mi-szukseges-a-korhazi-befekveshez/" target="_blank" rel="noopener">Mi szükséges a kórházi befekvéshez?</a></p>
<div class="keretes w-100">
<p>Az Immunológiai osztály a Klinika <strong>B épületének 1. emeletén</strong> található.</p>
<p>Főnővér: Polyák Gabriella</p>
<p><strong>Elérhetőség:</strong> <a href="tel:+3614591500">+36 1 459-1500</a> / 55552 mellék (nővérpult)</p>
</div>

<p>Az Immunológiai osztály fő profiljai: immunhiányos állapotok kivizsgálása és kezelése, a szervezet saját sejtjei, szövetei, szervei ellen irányuló ún. autoimmun betegségek diagnosztikája és terápiája, különös tekintettel a több szerv érintettségével járó poliszisztémás autoimmun betegségekre [a leggyakoribbak: szisztémás lupus erythematosus (SLE), scleroderma, Sjögren-szindróma, kevert kötőszöveti betegség, szisztémás vasculitisek], allergiás kórképek kivizsgálása és kezelése. <a href="https://semmelweis.hu/belhema/fekvobeteg-ellatas/mi-szukseges-a-korhazi-befekveshez/" target="_blank" rel="noopener">Mi szükséges a kórházi befekvéshez?</a> Az Immunológiai osztály &hellip;</p>
