{"id":325,"date":"2023-03-23T09:31:17","date_gmt":"2023-03-23T08:31:17","guid":{"rendered":"https:\/\/semmelweis.hu\/belhema\/?page_id=325"},"modified":"2025-09-09T08:12:55","modified_gmt":"2025-09-09T06:12:55","slug":"endokrinologia","status":"publish","type":"page","link":"https:\/\/semmelweis.hu\/belhema\/jarobeteg-ellatas\/endokrinologia\/","title":{"rendered":"Endokrinol\u00f3gia"},"content":{"rendered":"<div class=\"fontos_div\">\n<h6><strong>Szakambulanci\u00e1nk telefonos el\u0151jegyz\u00e9s alapj\u00e1n fogadja a betegeket. <\/strong><\/h6>\n<h6>Az el\u0151jegyz\u00e9ssel \u00e9s a rendel\u00e9ssel kapcsolatos inform\u00e1ci\u00f3k lejjebb olvashat\u00f3k.<\/h6>\n<\/div>\n<hr \/>\n<p>K\u00e9rj\u00fck, a kapott id\u0151pontban jelentkezzen be <strong>a\u00a0\u201cB\u201d \u00e9p\u00fclet f\u00f6ldszintj\u00e9n<\/strong>.\u00a0 <br \/>\n<a href=\"https:\/\/semmelweis.hu\/belhema\/jarobeteg-ellatas\/elojegyzes-bejelentkezes\/\">Itt olvashat a bejelentkez\u00e9skor sz\u00fcks\u00e9ges iratokr\u00f3l \u2192<\/a><\/p>\n<h1>Rendel\u00e9sek:<\/h1>\n<h5>Dr. Hossz\u00fafalusi N\u00f3ra egyetemi tan\u00e1r<\/h5>\n<div class=\"keretes w-100\">\n<p><strong>Rendel\u00e9si id\u0151:<\/strong> kedd 8:00-12:00, szerda 8:00-13:00<\/p>\n<p><strong>El\u0151jegyz\u00e9s:<\/strong> kiz\u00e1r\u00f3lag m\u00e1r gondozott betegek r\u00e9sz\u00e9re, k\u00f6zponti telefonsz\u00e1mon kereszt\u00fcl: <a href=\"tel:+3614591500\">+36 1 459-1500<\/a> (munkaid\u0151ben)<\/p>\n<\/div>\n<hr \/>\n<h5>Dr. Nagy G\u00e9za adjunktus<\/h5>\n<div class=\"keretes w-100\">\n<p><strong>Rendel\u00e9si id\u0151:<\/strong> h\u00e9tf\u0151 13:00-17:00, kedd 14:00-16:00, szerda 10:00-16:00<\/p>\n<p><strong>El\u0151jegyz\u00e9s:<\/strong> <a href=\"tel:+36208250717\">+36 20 825-0717<\/a> vagy <a href=\"tel:+3614591500\">+36 1 459-1500<\/a> \/ 55541 mell\u00e9k (munkanapokon 10:00-13:00 \u00f3ra k\u00f6z\u00f6tt)\u00a0<\/p>\n<p>S\u00fcrg\u0151s esetben orvosi refer\u00e1l\u00e1s: <a href=\"tel:+36208250686\">+36 20 825-0686<\/a> (munkaid\u0151ben)<\/p>\n<\/div>\n<hr \/>\n<h5>Dr. Pusztai P\u00e9ter klinikai f\u0151orvos<\/h5>\n<div class=\"keretes w-100\">\n<p><strong>Rendel\u00e9si id\u0151:<\/strong> h\u00e9tf\u0151 8:00-12:00, cs\u00fct\u00f6rt\u00f6k 8:00-17:00<\/p>\n<p><strong>El\u0151jegyz\u00e9s:<\/strong> <a href=\"tel:+36208250717\">+36 20 825-0717<\/a> vagy\u00a0<a href=\"tel:+3614591500\">+36 1 459-1500<\/a> \/ 55541 mell\u00e9k (munkanapokon 10:00-13:00 \u00f3ra k\u00f6z\u00f6tt)<\/p>\n<\/div>\n<hr \/>\n<h5>Dr. S\u00e1rm\u00e1n Beatrix egyetemi docens<\/h5>\n<div class=\"keretes w-100\">\n<p><strong>Rendel\u00e9si id\u0151:<\/strong> szerda 9:00-12:30, cs\u00fct\u00f6rt\u00f6k 9:00-15:00<\/p>\n<p><strong>El\u0151jegyz\u00e9s:<\/strong> <a href=\"tel:+36208250717\">+36 20 825-0717<\/a> vagy\u00a0<a href=\"tel:+3614591500\">+36 1 459-1500<\/a> \/ 55541 mell\u00e9k (munkanapokon 10:00-13:00 \u00f3ra k\u00f6z\u00f6tt)\u00a0<\/p>\n<\/div>\n<hr \/>\n<h5>Dr. Varga \u00c9va adjunktus<\/h5>\n<div class=\"keretes w-100\">\n<p><strong>Rendel\u00e9si id\u0151:<\/strong> kedd 11:00-13:00, szerda 12:30-15:00<\/p>\n<p><strong>El\u0151jegyz\u00e9s:<\/strong> <a href=\"tel:+36208250717\">+36 20 825-0717<\/a> vagy +<a href=\"tel:+3614591500\">36 1 459-1500<\/a> \/ 55541 mell\u00e9k (munkanapokon 10:00-13:00 \u00f3ra k\u00f6z\u00f6tt)\u00a0<\/p>\n<\/div>\n","protected":false},"excerpt":{"rendered":"<p>Szakambulanci\u00e1nk telefonos el\u0151jegyz\u00e9s alapj\u00e1n fogadja a betegeket. Az el\u0151jegyz\u00e9ssel \u00e9s a rendel\u00e9ssel kapcsolatos inform\u00e1ci\u00f3k lejjebb olvashat\u00f3k. K\u00e9rj\u00fck, a kapott id\u0151pontban jelentkezzen be a\u00a0\u201cB\u201d \u00e9p\u00fclet f\u00f6ldszintj\u00e9n.\u00a0 <a href=\"https:\/\/semmelweis.hu\/belhema\/jarobeteg-ellatas\/elojegyzes-bejelentkezes\/\">Itt olvashat a bejelentkez\u00e9skor sz\u00fcks\u00e9ges iratokr\u00f3l \u2192<\/a> Rendel\u00e9sek: Dr. Hossz\u00fafalusi N\u00f3ra egyetemi tan\u00e1r Rendel\u00e9si id\u0151: kedd 8:00-12:00, szerda 8:00-13:00 El\u0151jegyz\u00e9s: kiz\u00e1r\u00f3lag m\u00e1r gondozott betegek r\u00e9sz\u00e9re, k\u00f6zponti telefonsz\u00e1mon kereszt\u00fcl: <a href=\"tel:+3614591500\">+36 1 459-1500<\/a> (munkaid\u0151ben) Dr. Nagy G\u00e9za adjunktus Rendel\u00e9si id\u0151: h\u00e9tf\u0151 13:00-17:00, &hellip;<\/p>\n","protected":false},"author":12,"featured_media":0,"parent":30,"menu_order":3,"comment_status":"closed","ping_status":"closed","template":"","meta":{"_acf_changed":false,"footnotes":""},"categories":[],"tags":[],"class_list":["post-325","page","type-page","status-publish","hentry"],"acf":[],"_links":{"self":[{"href":"https:\/\/semmelweis.hu\/belhema\/wp-json\/wp\/v2\/pages\/325","targetHints":{"allow":["GET"]}}],"collection":[{"href":"https:\/\/semmelweis.hu\/belhema\/wp-json\/wp\/v2\/pages"}],"about":[{"href":"https:\/\/semmelweis.hu\/belhema\/wp-json\/wp\/v2\/types\/page"}],"author":[{"embeddable":true,"href":"https:\/\/semmelweis.hu\/belhema\/wp-json\/wp\/v2\/users\/12"}],"replies":[{"embeddable":true,"href":"https:\/\/semmelweis.hu\/belhema\/wp-json\/wp\/v2\/comments?post=325"}],"version-history":[{"count":10,"href":"https:\/\/semmelweis.hu\/belhema\/wp-json\/wp\/v2\/pages\/325\/revisions"}],"predecessor-version":[{"id":8887,"href":"https:\/\/semmelweis.hu\/belhema\/wp-json\/wp\/v2\/pages\/325\/revisions\/8887"}],"up":[{"embeddable":true,"href":"https:\/\/semmelweis.hu\/belhema\/wp-json\/wp\/v2\/pages\/30"}],"wp:attachment":[{"href":"https:\/\/semmelweis.hu\/belhema\/wp-json\/wp\/v2\/media?parent=325"}],"wp:term":[{"taxonomy":"category","embeddable":true,"href":"https:\/\/semmelweis.hu\/belhema\/wp-json\/wp\/v2\/categories?post=325"},{"taxonomy":"post_tag","embeddable":true,"href":"https:\/\/semmelweis.hu\/belhema\/wp-json\/wp\/v2\/tags?post=325"}],"curies":[{"name":"wp","href":"https:\/\/api.w.org\/{rel}","templated":true}]}}