{"id":264,"date":"2023-03-21T15:52:59","date_gmt":"2023-03-21T14:52:59","guid":{"rendered":"https:\/\/semmelweis.hu\/belhema\/?page_id=264"},"modified":"2026-04-13T08:05:55","modified_gmt":"2026-04-13T06:05:55","slug":"hematologia","status":"publish","type":"page","link":"https:\/\/semmelweis.hu\/belhema\/jarobeteg-ellatas\/hematologia\/","title":{"rendered":"Hematol\u00f3gia"},"content":{"rendered":"<div class=\"fontos_div\">\n<h6><strong>Szakambulanci\u00e1nk telefonos el\u0151jegyz\u00e9s alapj\u00e1n fogadja a betegeket. <\/strong><\/h6>\n<h6>Az el\u0151jegyz\u00e9ssel \u00e9s a rendel\u00e9ssel kapcsolatos inform\u00e1ci\u00f3k lejjebb olvashat\u00f3k.<\/h6>\n<\/div>\n<hr \/>\n<p>K\u00e9rj\u00fck, a kapott id\u0151pontban jelentkezzen be <strong>a\u00a0\u201cB\u201d \u00e9p\u00fclet f\u00f6ldszintj\u00e9n<\/strong>.\u00a0 <br \/>\n<a href=\"https:\/\/semmelweis.hu\/belhema\/jarobeteg-ellatas\/elojegyzes-bejelentkezes\/\">Itt olvashat a bejelentkez\u00e9skor sz\u00fcks\u00e9ges iratokr\u00f3l \u2192<\/a><\/p>\n<h1>rendel\u00e9sek:<\/h1>\n<h5>Dr. Bod\u00f3 Imre egyetemi docens<\/h5>\n<div class=\"keretes w-100\">\n<p><strong>Rendel\u00e9si id\u0151:<\/strong> cs\u00fct\u00f6rt\u00f6k 9:00-14:00<\/p>\n<p><strong>El\u0151jegyz\u00e9s:<\/strong> <a href=\"tel:+36208258730\">+36 20 825-8730<\/a> (munkaid\u0151ben)<\/p>\n<\/div>\n<hr \/>\n<h5>Dr. Farkas P\u00e9ter klinikai f\u0151orvos<\/h5>\n<div class=\"keretes w-100\">\n<p><strong>Rendel\u00e9si id\u0151:<\/strong> h\u00e9tf\u0151 10:00-16:00, cs\u00fct\u00f6rt\u00f6k 10:00-15:00<\/p>\n<p><strong>El\u0151jegyz\u00e9s:<\/strong> <a href=\"tel:+36208250733\">+36 20 825-0733<\/a> (munkanapokon 11:00-14:00 \u00f3ra k\u00f6z\u00f6tt)<\/p>\n<\/div>\n<hr \/>\n<h5>Dr. Horv\u00e1th Laura adjunktus<\/h5>\n<div class=\"keretes w-100\">\n<p><strong>Rendel\u00e9si id\u0151:<\/strong> kedd 8:00-14:00<\/p>\n<p><strong>El\u0151jegyz\u00e9s:<\/strong> <a href=\"tel:+36208250733\">+36 20 825-0733<\/a> (munkanapokon 11:00-14:00 \u00f3ra k\u00f6z\u00f6tt)<\/p>\n<\/div>\n<hr \/>\n<h5>Dr. Mikala G\u00e1bor egyetemi docens<\/h5>\n<div class=\"keretes w-100\">\n<p><strong>Rendel\u00e9si id\u0151:<\/strong> kedd 8:00-11:00, p\u00e9ntek 7:00-11:00<\/p>\n<p><strong>El\u0151jegyz\u00e9s:<\/strong> <a href=\"tel:+36208250717\">+36 20 825-0717<\/a> (munkanapokon 10:00-13:00 \u00f3ra k\u00f6z\u00f6tt)<\/p>\n<\/div>\n<hr \/>\n<h5>Dr. Nagy Zsolt egyetemi docens<\/h5>\n<div class=\"keretes w-100\">\n<p><strong>Rendel\u00e9si id\u0151:<\/strong> kedd 9:00-12:00, cs\u00fct\u00f6rt\u00f6k 9:00-12:00<\/p>\n<p><strong>El\u0151jegyz\u00e9s:<\/strong> <a href=\"http:\/\/+36206632940\">+36 20 663-2940<\/a> (munkanapokon 12:00-15:00 \u00f3ra k\u00f6z\u00f6tt)<\/p>\n<\/div>\n<hr \/>\n<h5>Dr. Szombath Gergely tan\u00e1rseg\u00e9d<\/h5>\n<div class=\"keretes w-100\">\n<p><strong>Rendel\u00e9si id\u0151:<\/strong> p\u00e9ntek 8:30-14:00<\/p>\n<p><strong>El\u0151jegyz\u00e9s: <\/strong>elojegyzes.bhk@semmelweis.hu<\/p>\n<\/div>\n<hr \/>\n<h5>Dr. T\u00e1rk\u00e1nyi Ilona adjunktus<\/h5>\n<div class=\"keretes w-100\">\n<p><strong>Rendel\u00e9si id\u0151:<\/strong> h\u00e9tf\u0151 9:00-12:00, kedd 9:00-12:00, p\u00e9ntek 9:00-12:00<\/p>\n<p><strong>El\u0151jegyz\u00e9s:<\/strong> <a href=\"tel:+36206663626\">+36 20 666-3626<\/a> (munkanapokon 14:00-16:00 \u00f3ra k\u00f6z\u00f6tt)<\/p>\n<\/div>\n<hr \/>\n<h5>Dr. Varga Gergely egyetemi docens<\/h5>\n<div class=\"keretes w-100\">\n<p><strong>Rendel\u00e9si id\u0151:<\/strong> h\u00e9tf\u0151 8:00-13:00<\/p>\n<p><strong>El\u0151jegyz\u00e9s:<\/strong> <a href=\"tel:+36208250733\">+36 20 825-0733<\/a> (munkanapokon 11:00-14:00 \u00f3ra k\u00f6z\u00f6tt)<\/p>\n<\/div>\n<hr \/>\n<h5>Dr. V\u00e1rkonyi Judit egyetemi docens<\/h5>\n<div class=\"keretes w-100\">\n<p><strong>Rendel\u00e9si id\u0151:<\/strong> kedd 8:00-14:00, cs\u00fct\u00f6rt\u00f6k 8:00-12:00<\/p>\n<p><strong>El\u0151jegyz\u00e9s:<\/strong> <a href=\"tel:+36208250733\">+36 20 825-0733<\/a> (munkanapokon 11:00-14:00 \u00f3ra k\u00f6z\u00f6tt)<\/p>\n<\/div>\n","protected":false},"excerpt":{"rendered":"<p>Szakambulanci\u00e1nk telefonos el\u0151jegyz\u00e9s alapj\u00e1n fogadja a betegeket. Az el\u0151jegyz\u00e9ssel \u00e9s a rendel\u00e9ssel kapcsolatos inform\u00e1ci\u00f3k lejjebb olvashat\u00f3k. K\u00e9rj\u00fck, a kapott id\u0151pontban jelentkezzen be a\u00a0\u201cB\u201d \u00e9p\u00fclet f\u00f6ldszintj\u00e9n.\u00a0 <a href=\"https:\/\/semmelweis.hu\/belhema\/jarobeteg-ellatas\/elojegyzes-bejelentkezes\/\">Itt olvashat a bejelentkez\u00e9skor sz\u00fcks\u00e9ges iratokr\u00f3l \u2192<\/a> rendel\u00e9sek: Dr. Bod\u00f3 Imre egyetemi docens Rendel\u00e9si id\u0151: cs\u00fct\u00f6rt\u00f6k 9:00-14:00 El\u0151jegyz\u00e9s: <a href=\"tel:+36208258730\">+36 20 825-8730<\/a> (munkaid\u0151ben) Dr. Farkas P\u00e9ter klinikai f\u0151orvos Rendel\u00e9si id\u0151: h\u00e9tf\u0151 10:00-16:00, cs\u00fct\u00f6rt\u00f6k 10:00-15:00 El\u0151jegyz\u00e9s: <a href=\"tel:+36208250733\">+36 20 825-0733<\/a> (munkanapokon 11:00-14:00 \u00f3ra k\u00f6z\u00f6tt) Dr. Horv\u00e1th &hellip;<\/p>\n","protected":false},"author":334,"featured_media":0,"parent":30,"menu_order":3,"comment_status":"closed","ping_status":"closed","template":"","meta":{"_acf_changed":false,"footnotes":""},"categories":[],"tags":[],"class_list":["post-264","page","type-page","status-publish","hentry"],"acf":[],"_links":{"self":[{"href":"https:\/\/semmelweis.hu\/belhema\/wp-json\/wp\/v2\/pages\/264","targetHints":{"allow":["GET"]}}],"collection":[{"href":"https:\/\/semmelweis.hu\/belhema\/wp-json\/wp\/v2\/pages"}],"about":[{"href":"https:\/\/semmelweis.hu\/belhema\/wp-json\/wp\/v2\/types\/page"}],"author":[{"embeddable":true,"href":"https:\/\/semmelweis.hu\/belhema\/wp-json\/wp\/v2\/users\/334"}],"replies":[{"embeddable":true,"href":"https:\/\/semmelweis.hu\/belhema\/wp-json\/wp\/v2\/comments?post=264"}],"version-history":[{"count":10,"href":"https:\/\/semmelweis.hu\/belhema\/wp-json\/wp\/v2\/pages\/264\/revisions"}],"predecessor-version":[{"id":8921,"href":"https:\/\/semmelweis.hu\/belhema\/wp-json\/wp\/v2\/pages\/264\/revisions\/8921"}],"up":[{"embeddable":true,"href":"https:\/\/semmelweis.hu\/belhema\/wp-json\/wp\/v2\/pages\/30"}],"wp:attachment":[{"href":"https:\/\/semmelweis.hu\/belhema\/wp-json\/wp\/v2\/media?parent=264"}],"wp:term":[{"taxonomy":"category","embeddable":true,"href":"https:\/\/semmelweis.hu\/belhema\/wp-json\/wp\/v2\/categories?post=264"},{"taxonomy":"post_tag","embeddable":true,"href":"https:\/\/semmelweis.hu\/belhema\/wp-json\/wp\/v2\/tags?post=264"}],"curies":[{"name":"wp","href":"https:\/\/api.w.org\/{rel}","templated":true}]}}

Hematológia

<div class="fontos_div">
<h6><strong>Szakambulanciánk telefonos előjegyzés alapján fogadja a betegeket. </strong></h6>
<h6>Az előjegyzéssel és a rendeléssel kapcsolatos információk lejjebb olvashatók.</h6>
</div>
<hr />
<p>Kérjük, a kapott időpontban jelentkezzen be <strong>a “B” épület földszintjén</strong>.  <br />
<a href="https://semmelweis.hu/belhema/jarobeteg-ellatas/elojegyzes-bejelentkezes/">Itt olvashat a bejelentkezéskor szükséges iratokról →</a></p>
<h1>rendelések:</h1>
<h5>Dr. Bodó Imre egyetemi docens</h5>
<div class="keretes w-100">
<p><strong>Rendelési idő:</strong> csütörtök 9:00-14:00</p>
<p><strong>Előjegyzés:</strong> <a href="tel:+36208258730">+36 20 825-8730</a> (munkaidőben)</p>
</div>
<hr />
<h5>Dr. Farkas Péter klinikai főorvos</h5>
<div class="keretes w-100">
<p><strong>Rendelési idő:</strong> hétfő 10:00-16:00, csütörtök 10:00-15:00</p>
<p><strong>Előjegyzés:</strong> <a href="tel:+36208250733">+36 20 825-0733</a> (munkanapokon 11:00-14:00 óra között)</p>
</div>
<hr />
<h5>Dr. Horváth Laura adjunktus</h5>
<div class="keretes w-100">
<p><strong>Rendelési idő:</strong> kedd 8:00-14:00</p>
<p><strong>Előjegyzés:</strong> <a href="tel:+36208250733">+36 20 825-0733</a> (munkanapokon 11:00-14:00 óra között)</p>
</div>
<hr />
<h5>Dr. Mikala Gábor egyetemi docens</h5>
<div class="keretes w-100">
<p><strong>Rendelési idő:</strong> kedd 8:00-11:00, péntek 7:00-11:00</p>
<p><strong>Előjegyzés:</strong> <a href="tel:+36208250717">+36 20 825-0717</a> (munkanapokon 10:00-13:00 óra között)</p>
</div>
<hr />
<h5>Dr. Nagy Zsolt egyetemi docens</h5>
<div class="keretes w-100">
<p><strong>Rendelési idő:</strong> kedd 9:00-12:00, csütörtök 9:00-12:00</p>
<p><strong>Előjegyzés:</strong> <a href="http://+36206632940">+36 20 663-2940</a> (munkanapokon 12:00-15:00 óra között)</p>
</div>
<hr />
<h5>Dr. Szombath Gergely tanársegéd</h5>
<div class="keretes w-100">
<p><strong>Rendelési idő:</strong> péntek 8:30-14:00</p>
<p><strong>Előjegyzés: </strong>elojegyzes.bhk@semmelweis.hu</p>
</div>
<hr />
<h5>Dr. Tárkányi Ilona adjunktus</h5>
<div class="keretes w-100">
<p><strong>Rendelési idő:</strong> hétfő 9:00-12:00, kedd 9:00-12:00, péntek 9:00-12:00</p>
<p><strong>Előjegyzés:</strong> <a href="tel:+36206663626">+36 20 666-3626</a> (munkanapokon 14:00-16:00 óra között)</p>
</div>
<hr />
<h5>Dr. Varga Gergely egyetemi docens</h5>
<div class="keretes w-100">
<p><strong>Rendelési idő:</strong> hétfő 8:00-13:00</p>
<p><strong>Előjegyzés:</strong> <a href="tel:+36208250733">+36 20 825-0733</a> (munkanapokon 11:00-14:00 óra között)</p>
</div>
<hr />
<h5>Dr. Várkonyi Judit egyetemi docens</h5>
<div class="keretes w-100">
<p><strong>Rendelési idő:</strong> kedd 8:00-14:00, csütörtök 8:00-12:00</p>
<p><strong>Előjegyzés:</strong> <a href="tel:+36208250733">+36 20 825-0733</a> (munkanapokon 11:00-14:00 óra között)</p>
</div>

<p>Szakambulanciánk telefonos előjegyzés alapján fogadja a betegeket. Az előjegyzéssel és a rendeléssel kapcsolatos információk lejjebb olvashatók. Kérjük, a kapott időpontban jelentkezzen be a “B” épület földszintjén.  <a href="https://semmelweis.hu/belhema/jarobeteg-ellatas/elojegyzes-bejelentkezes/">Itt olvashat a bejelentkezéskor szükséges iratokról →</a> rendelések: Dr. Bodó Imre egyetemi docens Rendelési idő: csütörtök 9:00-14:00 Előjegyzés: <a href="tel:+36208258730">+36 20 825-8730</a> (munkaidőben) Dr. Farkas Péter klinikai főorvos Rendelési idő: hétfő 10:00-16:00, csütörtök 10:00-15:00 Előjegyzés: <a href="tel:+36208250733">+36 20 825-0733</a> (munkanapokon 11:00-14:00 óra között) Dr. Horváth &hellip;</p>
