{"id":253,"date":"2023-03-21T15:36:00","date_gmt":"2023-03-21T14:36:00","guid":{"rendered":"https:\/\/semmelweis.hu\/belhema\/?page_id=253"},"modified":"2023-05-15T14:26:20","modified_gmt":"2023-05-15T12:26:20","slug":"mi-szukseges-a-korhazi-befekveshez","status":"publish","type":"page","link":"https:\/\/semmelweis.hu\/belhema\/fekvobeteg-ellatas\/mi-szukseges-a-korhazi-befekveshez\/","title":{"rendered":"Mi sz\u00fcks\u00e9ges a k\u00f3rh\u00e1zi befekv\u00e9shez?"},"content":{"rendered":"<h4 style=\"text-align: center\"><strong>T\u00c1J\u00c9KOZTAT\u00d3<br \/><\/strong><strong>Fekv\u0151beteg-ell\u00e1t\u00e1s ig\u00e9nybev\u00e9tel\u00e9hez<\/strong><\/h4>\n<p><strong>Tisztelt Beteg\u00fcnk!<\/strong><\/p>\n<p>Jelen t\u00e1j\u00e9koztat\u00e1s c\u00e9lja, hogy az \u00d6n k\u00f3rh\u00e1zi ell\u00e1t\u00e1sa, betegs\u00e9g\u00e9nek meg\u00e1llap\u00edt\u00e1sa, kezel\u00e9se min\u00e9l gyorsabban, z\u00f6kken\u0151mentesen t\u00f6rt\u00e9nhessen meg.<\/p>\n<p><strong>Mi sz\u00fcks\u00e9ges a k\u00f3rh\u00e1zi felv\u00e9telhez?<\/strong><\/p>\n<ul>\n<li>Beutal\u00f3 (h\u00e1ziorvosi vagy szakorvosi)<\/li>\n<li>T\u00e1rsadalombiztos\u00edt\u00e1si azonos\u00edt\u00f3 jelet igazol\u00f3 hat\u00f3s\u00e1gi igazolv\u00e1ny (TAJ k\u00e1rtya)<\/li>\n<li>\u00c9rv\u00e9nyes, a szem\u00e9lyazonoss\u00e1g meg\u00e1llap\u00edt\u00e1s\u00e1ra alkalmas f\u00e9nyk\u00e9pes igazolv\u00e1ny, \u00fagymint szem\u00e9lyi igazolv\u00e1ny, jogos\u00edtv\u00e1ny, \u00fatlev\u00e9l<\/li>\n<li>El\u0151z\u0151 orvosi leletei, z\u00e1r\u00f3jelent\u00e9sei, egy\u00e9b eg\u00e9szs\u00e9g\u00fcgyi dokument\u00e1ci\u00f3<\/li>\n<li>Aktu\u00e1lisan szedett gy\u00f3gyszerek, gy\u00f3gyhat\u00e1s\u00fa k\u00e9sz\u00edtm\u00e9nyek list\u00e1ja (amelyen szerepel a gy\u00f3gyszerek neve \u00e9s a szedett mennyis\u00e9g is)<\/li>\n<\/ul>\n<p><strong>Mit hozzon mag\u00e1val?<\/strong><\/p>\n<p>A k\u00f3rh\u00e1zi ell\u00e1t\u00e1s ideje alatt haszn\u00e1lhatja saj\u00e1t ruh\u00e1it, szem\u00e9lyes haszn\u00e1lati t\u00e1rgyait, ez\u00e9rt a k\u00f6vetkez\u0151ket hozza mag\u00e1val:<\/p>\n<ul>\n<li>H\u00e1l\u00f3ruh\u00e1k, k\u00f6nt\u00f6s, feh\u00e9rnem\u0171<\/li>\n<li>Szabadid\u0151ruha<\/li>\n<li>Papucs, amit k\u00f6nnyen fel tud venni \u00e9s nem cs\u00faszik ki a l\u00e1ba<\/li>\n<li>Higi\u00e9n\u00e9s term\u00e9kek, tiszt\u00e1lkod\u00e1si szerek (wc pap\u00edr, tusf\u00fcrd\u0151, szivacs, fogkefe, fogkr\u00e9m, f\u00e9s\u0171 stb.)<\/li>\n<li>T\u00f6r\u00f6lk\u00f6z\u0151k<\/li>\n<li>Ev\u0151eszk\u00f6z, poh\u00e1r, szalv\u00e9ta<\/li>\n<li>Rendszeresen haszn\u00e1lt gy\u00f3gy\u00e1szati seg\u00e9deszk\u00f6z (hall\u00f3k\u00e9sz\u00fcl\u00e9k, szem\u00fcveg, j\u00e1r\u00f3bot, j\u00e1r\u00f3keret, szt\u00f3maell\u00e1t\u00e1s eszk\u00f6zei stb.)<\/li>\n<li>Amennyiben \u00d6n cukorbeteg, <strong><em>v\u00e9rcukorm\u00e9r\u0151j\u00e9t \u00e9s inzulinadagol\u00f3j\u00e1t (pen) felt\u00e9tlen\u00fcl hozza mag\u00e1val <\/em><\/strong>\u2013 az ell\u00e1t\u00e1s ideje alatt a fentiek ellen\u0151rz\u00e9se is megt\u00f6rt\u00e9nik<\/li>\n<\/ul>\n<p><strong>Mit NE hozzon mag\u00e1val?<\/strong><\/p>\n<ul>\n<li>\u00c9kszert<\/li>\n<li>Nagyobb \u00f6sszeg\u0171 k\u00e9szp\u00e9nzt<\/li>\n<li>Bankk\u00e1rty\u00e1t, hitelk\u00e1rty\u00e1t<\/li>\n<li>Laptopot<\/li>\n<li>B\u00e1rmilyen egy\u00e9b, jelent\u0151s \u00e9rt\u00e9ket k\u00e9pvisel\u0151 eszk\u00f6zt, berendez\u00e9st<\/li>\n<\/ul>\n<p>Felh\u00edvjuk a figyelm\u00e9t, hogy <strong><em>csak az \u00e9rt\u00e9kmeg\u0151rz\u0151ben elhelyezett<\/em><\/strong> \u00e9rt\u00e9kek\u00e9rt tudunk felel\u0151ss\u00e9get v\u00e1llalni!<\/p>\n<p><strong>Hol jelentkezzen felv\u00e9telre?<\/strong><\/p>\n<ul>\n<li>Visszarendelt betegek a betegfelv\u00e9teli irod\u00e1ban, a \u201eB\u201d \u00e9p\u00fclet f\u00f6ldszintj\u00e9n jelentkezzenek.<\/li>\n<\/ul>\n","protected":false},"excerpt":{"rendered":"<p>T\u00c1J\u00c9KOZTAT\u00d3Fekv\u0151beteg-ell\u00e1t\u00e1s ig\u00e9nybev\u00e9tel\u00e9hez Tisztelt Beteg\u00fcnk! Jelen t\u00e1j\u00e9koztat\u00e1s c\u00e9lja, hogy az \u00d6n k\u00f3rh\u00e1zi ell\u00e1t\u00e1sa, betegs\u00e9g\u00e9nek meg\u00e1llap\u00edt\u00e1sa, kezel\u00e9se min\u00e9l gyorsabban, z\u00f6kken\u0151mentesen t\u00f6rt\u00e9nhessen meg. Mi sz\u00fcks\u00e9ges a k\u00f3rh\u00e1zi felv\u00e9telhez? Beutal\u00f3 (h\u00e1ziorvosi vagy szakorvosi) T\u00e1rsadalombiztos\u00edt\u00e1si azonos\u00edt\u00f3 jelet igazol\u00f3 hat\u00f3s\u00e1gi igazolv\u00e1ny (TAJ k\u00e1rtya) \u00c9rv\u00e9nyes, a szem\u00e9lyazonoss\u00e1g meg\u00e1llap\u00edt\u00e1s\u00e1ra alkalmas f\u00e9nyk\u00e9pes igazolv\u00e1ny, \u00fagymint szem\u00e9lyi igazolv\u00e1ny, jogos\u00edtv\u00e1ny, \u00fatlev\u00e9l El\u0151z\u0151 orvosi leletei, z\u00e1r\u00f3jelent\u00e9sei, egy\u00e9b eg\u00e9szs\u00e9g\u00fcgyi &hellip;<\/p>\n","protected":false},"author":334,"featured_media":0,"parent":251,"menu_order":0,"comment_status":"closed","ping_status":"closed","template":"","meta":{"_acf_changed":false,"footnotes":""},"categories":[],"tags":[],"class_list":["post-253","page","type-page","status-publish","hentry"],"acf":[],"_links":{"self":[{"href":"https:\/\/semmelweis.hu\/belhema\/wp-json\/wp\/v2\/pages\/253","targetHints":{"allow":["GET"]}}],"collection":[{"href":"https:\/\/semmelweis.hu\/belhema\/wp-json\/wp\/v2\/pages"}],"about":[{"href":"https:\/\/semmelweis.hu\/belhema\/wp-json\/wp\/v2\/types\/page"}],"author":[{"embeddable":true,"href":"https:\/\/semmelweis.hu\/belhema\/wp-json\/wp\/v2\/users\/334"}],"replies":[{"embeddable":true,"href":"https:\/\/semmelweis.hu\/belhema\/wp-json\/wp\/v2\/comments?post=253"}],"version-history":[{"count":3,"href":"https:\/\/semmelweis.hu\/belhema\/wp-json\/wp\/v2\/pages\/253\/revisions"}],"predecessor-version":[{"id":258,"href":"https:\/\/semmelweis.hu\/belhema\/wp-json\/wp\/v2\/pages\/253\/revisions\/258"}],"up":[{"embeddable":true,"href":"https:\/\/semmelweis.hu\/belhema\/wp-json\/wp\/v2\/pages\/251"}],"wp:attachment":[{"href":"https:\/\/semmelweis.hu\/belhema\/wp-json\/wp\/v2\/media?parent=253"}],"wp:term":[{"taxonomy":"category","embeddable":true,"href":"https:\/\/semmelweis.hu\/belhema\/wp-json\/wp\/v2\/categories?post=253"},{"taxonomy":"post_tag","embeddable":true,"href":"https:\/\/semmelweis.hu\/belhema\/wp-json\/wp\/v2\/tags?post=253"}],"curies":[{"name":"wp","href":"https:\/\/api.w.org\/{rel}","templated":true}]}}

Mi szükséges a kórházi befekvéshez?

<h4 style="text-align: center"><strong>TÁJÉKOZTATÓ<br /></strong><strong>Fekvőbeteg-ellátás igénybevételéhez</strong></h4>
<p><strong>Tisztelt Betegünk!</strong></p>
<p>Jelen tájékoztatás célja, hogy az Ön kórházi ellátása, betegségének megállapítása, kezelése minél gyorsabban, zökkenőmentesen történhessen meg.</p>
<p><strong>Mi szükséges a kórházi felvételhez?</strong></p>
<ul>
<li>Beutaló (háziorvosi vagy szakorvosi)</li>
<li>Társadalombiztosítási azonosító jelet igazoló hatósági igazolvány (TAJ kártya)</li>
<li>Érvényes, a személyazonosság megállapítására alkalmas fényképes igazolvány, úgymint személyi igazolvány, jogosítvány, útlevél</li>
<li>Előző orvosi leletei, zárójelentései, egyéb egészségügyi dokumentáció</li>
<li>Aktuálisan szedett gyógyszerek, gyógyhatású készítmények listája (amelyen szerepel a gyógyszerek neve és a szedett mennyiség is)</li>
</ul>
<p><strong>Mit hozzon magával?</strong></p>
<p>A kórházi ellátás ideje alatt használhatja saját ruháit, személyes használati tárgyait, ezért a következőket hozza magával:</p>
<ul>
<li>Hálóruhák, köntös, fehérnemű</li>
<li>Szabadidőruha</li>
<li>Papucs, amit könnyen fel tud venni és nem csúszik ki a lába</li>
<li>Higiénés termékek, tisztálkodási szerek (wc papír, tusfürdő, szivacs, fogkefe, fogkrém, fésű stb.)</li>
<li>Törölközők</li>
<li>Evőeszköz, pohár, szalvéta</li>
<li>Rendszeresen használt gyógyászati segédeszköz (hallókészülék, szemüveg, járóbot, járókeret, sztómaellátás eszközei stb.)</li>
<li>Amennyiben Ön cukorbeteg, <strong><em>vércukormérőjét és inzulinadagolóját (pen) feltétlenül hozza magával </em></strong>– az ellátás ideje alatt a fentiek ellenőrzése is megtörténik</li>
</ul>
<p><strong>Mit NE hozzon magával?</strong></p>
<ul>
<li>Ékszert</li>
<li>Nagyobb összegű készpénzt</li>
<li>Bankkártyát, hitelkártyát</li>
<li>Laptopot</li>
<li>Bármilyen egyéb, jelentős értéket képviselő eszközt, berendezést</li>
</ul>
<p>Felhívjuk a figyelmét, hogy <strong><em>csak az értékmegőrzőben elhelyezett</em></strong> értékekért tudunk felelősséget vállalni!</p>
<p><strong>Hol jelentkezzen felvételre?</strong></p>
<ul>
<li>Visszarendelt betegek a betegfelvételi irodában, a „B” épület földszintjén jelentkezzenek.</li>
</ul>

<p>TÁJÉKOZTATÓFekvőbeteg-ellátás igénybevételéhez Tisztelt Betegünk! Jelen tájékoztatás célja, hogy az Ön kórházi ellátása, betegségének megállapítása, kezelése minél gyorsabban, zökkenőmentesen történhessen meg. Mi szükséges a kórházi felvételhez? Beutaló (háziorvosi vagy szakorvosi) Társadalombiztosítási azonosító jelet igazoló hatósági igazolvány (TAJ kártya) Érvényes, a személyazonosság megállapítására alkalmas fényképes igazolvány, úgymint személyi igazolvány, jogosítvány, útlevél Előző orvosi leletei, zárójelentései, egyéb egészségügyi &hellip;</p>
