{"id":13,"date":"2021-04-29T14:44:48","date_gmt":"2021-04-29T12:44:48","guid":{"rendered":"http:\/\/semmelweis.hu\/belgyogyaszat3-v2\/?page_id=13"},"modified":"2023-06-02T11:00:38","modified_gmt":"2023-06-02T09:00:38","slug":"bemutatkozas","status":"publish","type":"page","link":"https:\/\/semmelweis.hu\/belhema\/bemutatkozas\/","title":{"rendered":"A Klinik\u00e1r\u00f3l"},"content":{"rendered":"<h6><strong>A Belgy\u00f3gy\u00e1szati \u00e9s Hematol\u00f3giai Klinika 2020. m\u00e1jus 15-\u00e9n j\u00f6tt l\u00e9tre a kor\u00e1bbi h\u00e1rom belgy\u00f3gy\u00e1szati klinika szakmai tev\u00e9kenys\u00e9geinek \u00fajrastruktur\u00e1l\u00e1s\u00e1val. <\/strong><em>(Ezzel egy id\u0151ben j\u00f6tt l\u00e9tre a <a href=\"https:\/\/semmelweis.hu\/belonko\/\" target=\"_blank\" rel=\"noopener\">Belgy\u00f3gy\u00e1szati \u00e9s Onkol\u00f3giai Klinika<\/a>.)<\/em><\/h6>\n<p>Klinik\u00e1nk szakmai tev\u00e9kenys\u00e9ge a k\u00f6vetkez\u0151 szakter\u00fcleteket \u00f6leli fel: <strong>belgy\u00f3gy\u00e1szat<\/strong>, <strong>hematol\u00f3gia<\/strong>, <strong>immunol\u00f3gia<\/strong>, <strong>kardiol\u00f3gia<\/strong>, <strong>endokrinol\u00f3gia,<\/strong> <strong>anyagcsere-betegs\u00e9gek<\/strong>, <strong>onkol\u00f3gia <\/strong>\u00e9s <strong>gasztroenterol\u00f3gia<\/strong>. Klinik\u00e1nkon m\u0171k\u00f6dik az Orsz\u00e1gos <strong>Angio\u00f6d\u00e9ma<\/strong> K\u00f6zpont, amely egyben a K\u00f6z\u00e9p-Kelet-Eur\u00f3pai HANO Oktat\u00e1si K\u00f6zpontja is, valamint a <strong>Komplement Diagnosztikai<\/strong> Laborat\u00f3rium, amely hazai \u00e9s k\u00f6z\u00e9p-eur\u00f3pai viszonylatban egyed\u00fcl\u00e1ll\u00f3 teljess\u00e9gben foglalkozik a komplementrendszer vizsg\u00e1lat\u00e1val.\u00a0<\/p>\n<h3><a href=\"https:\/\/semmelweis.hu\/belhema\/oktatas\/\">Oktat\u00e1si tev\u00e9kenys\u00e9g\u00fcnk<\/a><\/h3>\n<p>A <strong>belgy\u00f3gy\u00e1szatot<\/strong> h\u00e1rom nyelven (magyar, angol, n\u00e9met) oktatjuk az \u00c1ltal\u00e1nos Orvostudom\u00e1nyi Kar III., V. \u00e9s VI. \u00e9ves, a Fogorvostudom\u00e1nyi Kar IV. \u00e9ves hallgat\u00f3inak.<\/p>\n<p>Folyamatos m\u00f3dszertani fejleszt\u0151 munk\u00e1t v\u00e9gz\u00fcnk a <strong>blokkos\u00edtott oktat\u00e1s<\/strong> hat\u00e9konys\u00e1g\u00e1nak jav\u00edt\u00e1s\u00e1ra (blended learning).<\/p>\n<p>A klinik\u00e1n intenz\u00edv, emelt szint\u0171 k\u00eds\u00e9rleti <strong>rezidensk\u00e9pz\u00e9si programot <\/strong>kezdt\u00fcnk, illetve klinikai \u00e9s transzl\u00e1ci\u00f3s t\u00e9mater\u00fcleteken doktori tanulm\u00e1nyok folytat\u00e1s\u00e1ra van lehet\u0151s\u00e9g.<\/p>\n<h3>Betegell\u00e1t\u00e1s<\/h3>\n<p>Az <strong>\u00e1ltal\u00e1nos belgy\u00f3gy\u00e1szati ter\u00fcleti <a href=\"https:\/\/semmelweis.hu\/belhema\/fekvobeteg-ellatas\/\">fekv\u0151beteg-ell\u00e1t\u00e1s<\/a><\/strong> <em>(Apaj, \u00c1porka, Biatorb\u00e1gy, Buda\u00f6rs, D\u00e9legyh\u00e1za, Di\u00f3sd, D\u00f6ms\u00f6d, Herceghalom, Kiskunlach\u00e1za, L\u00f3r\u00e9v, Mak\u00e1d, Pusztaz\u00e1mor, R\u00e1ckeve, S\u00f3sk\u00fat, Szigetbecse, Szigetcs\u00e9p, Szigetszentm\u00e1rton, Szigetszentmikl\u00f3s, Sziget\u00fajfalu, T\u00e1rnok, T\u00f6r\u00f6kb\u00e1lint)<\/em> mellett els\u0151sorban a fenti <strong>speci\u00e1lis szakmai profilok szerinti szakell\u00e1t\u00e1st<\/strong> v\u00e9gz\u00fcnk 135 \u00e1gyon, illetve nappali k\u00f3rh\u00e1zk\u00e9nt m\u0171k\u00f6d\u0151 <a href=\"https:\/\/semmelweis.hu\/belhema\/jarobeteg-ellatas\/kuraszeru-ellatas\/\"><strong>k\u00faraszer\u0171 ell\u00e1t\u00e1s<\/strong><\/a> form\u00e1j\u00e1ban. A speci\u00e1lis betegek folyamatos gondoz\u00e1s\u00e1t minden profilban <a href=\"https:\/\/semmelweis.hu\/belhema\/jarobeteg-ellatas\/\"><strong>szakambulanci\u00e1k<\/strong><\/a> m\u0171k\u00f6dtet\u00e9s\u00e9vel biztos\u00edtjuk.<\/p>\n<h3><a href=\"https:\/\/semmelweis.hu\/belhema\/kutatas\/\">Kutat\u00e1s<\/a><\/h3>\n<p>Valamennyi szakmai profilunk kutat\u00f3csoportot is alkot \u2013 Klinik\u00e1nk az Egyetem harmadik legjobban publik\u00e1l\u00f3 int\u00e9zete.<\/p>\n<p><span style=\"font-size: 1rem;\">Az alapkutat\u00e1s mellett Klinik\u00e1nk akt\u00edv szerepet j\u00e1tszik az \u00e1ltalunk kezelt betegs\u00e9gek gy\u00f3gy\u00edt\u00e1s\u00e1ra haszn\u00e1lt \u00faj gy\u00f3gyszerek kifejleszt\u00e9s\u00e9ben.<\/span><\/p>\n","protected":false},"excerpt":{"rendered":"<p>A Belgy\u00f3gy\u00e1szati \u00e9s Hematol\u00f3giai Klinika 2020. m\u00e1jus 15-\u00e9n j\u00f6tt l\u00e9tre a kor\u00e1bbi h\u00e1rom belgy\u00f3gy\u00e1szati klinika szakmai tev\u00e9kenys\u00e9geinek \u00fajrastruktur\u00e1l\u00e1s\u00e1val. <\/p>\n<p>Klinik\u00e1nk szakmai tev\u00e9kenys\u00e9ge a k\u00f6vetkez\u0151 szakter\u00fcleteket \u00f6leli fel: belgy\u00f3gy\u00e1szat, hematol\u00f3gia, immunol\u00f3gia, kardiol\u00f3gia, endokrinol\u00f3gia, anyagcsere-betegs\u00e9gek, onkol\u00f3gia \u00e9s gasztroenterol\u00f3gia. Klinik\u00e1nkon m\u0171k\u00f6dik az Orsz\u00e1gos Angio\u00f6d\u00e9ma K\u00f6zpont, amely egyben a K\u00f6z\u00e9p-Kelet-Eur\u00f3pai HANO Oktat\u00e1si K\u00f6zpontja is, valamint a Komplement Diagnosztikai Laborat\u00f3rium, amely hazai \u00e9s k\u00f6z\u00e9p-eur\u00f3pai viszonylatban egyed\u00fcl\u00e1ll\u00f3 teljess\u00e9gben foglalkozik a komplementrendszer vizsg\u00e1lat\u00e1val.\u00a0<\/p>\n","protected":false},"author":334,"featured_media":0,"parent":0,"menu_order":0,"comment_status":"closed","ping_status":"closed","template":"","meta":{"_acf_changed":false,"footnotes":""},"categories":[],"tags":[],"class_list":["post-13","page","type-page","status-publish","hentry"],"acf":[],"_links":{"self":[{"href":"https:\/\/semmelweis.hu\/belhema\/wp-json\/wp\/v2\/pages\/13","targetHints":{"allow":["GET"]}}],"collection":[{"href":"https:\/\/semmelweis.hu\/belhema\/wp-json\/wp\/v2\/pages"}],"about":[{"href":"https:\/\/semmelweis.hu\/belhema\/wp-json\/wp\/v2\/types\/page"}],"author":[{"embeddable":true,"href":"https:\/\/semmelweis.hu\/belhema\/wp-json\/wp\/v2\/users\/334"}],"replies":[{"embeddable":true,"href":"https:\/\/semmelweis.hu\/belhema\/wp-json\/wp\/v2\/comments?post=13"}],"version-history":[{"count":10,"href":"https:\/\/semmelweis.hu\/belhema\/wp-json\/wp\/v2\/pages\/13\/revisions"}],"predecessor-version":[{"id":1184,"href":"https:\/\/semmelweis.hu\/belhema\/wp-json\/wp\/v2\/pages\/13\/revisions\/1184"}],"wp:attachment":[{"href":"https:\/\/semmelweis.hu\/belhema\/wp-json\/wp\/v2\/media?parent=13"}],"wp:term":[{"taxonomy":"category","embeddable":true,"href":"https:\/\/semmelweis.hu\/belhema\/wp-json\/wp\/v2\/categories?post=13"},{"taxonomy":"post_tag","embeddable":true,"href":"https:\/\/semmelweis.hu\/belhema\/wp-json\/wp\/v2\/tags?post=13"}],"curies":[{"name":"wp","href":"https:\/\/api.w.org\/{rel}","templated":true}]}}

A Klinikáról

<h6><strong>A Belgyógyászati és Hematológiai Klinika 2020. május 15-én jött létre a korábbi három belgyógyászati klinika szakmai tevékenységeinek újrastrukturálásával. </strong><em>(Ezzel egy időben jött létre a <a href="https://semmelweis.hu/belonko/" target="_blank" rel="noopener">Belgyógyászati és Onkológiai Klinika</a>.)</em></h6>
<p>Klinikánk szakmai tevékenysége a következő szakterületeket öleli fel: <strong>belgyógyászat</strong>, <strong>hematológia</strong>, <strong>immunológia</strong>, <strong>kardiológia</strong>, <strong>endokrinológia,</strong> <strong>anyagcsere-betegségek</strong>, <strong>onkológia </strong>és <strong>gasztroenterológia</strong>. Klinikánkon működik az Országos <strong>Angioödéma</strong> Központ, amely egyben a Közép-Kelet-Európai HANO Oktatási Központja is, valamint a <strong>Komplement Diagnosztikai</strong> Laboratórium, amely hazai és közép-európai viszonylatban egyedülálló teljességben foglalkozik a komplementrendszer vizsgálatával. </p>
<h3><a href="https://semmelweis.hu/belhema/oktatas/">Oktatási tevékenységünk</a></h3>
<p>A <strong>belgyógyászatot</strong> három nyelven (magyar, angol, német) oktatjuk az Általános Orvostudományi Kar III., V. és VI. éves, a Fogorvostudományi Kar IV. éves hallgatóinak.</p>
<p>Folyamatos módszertani fejlesztő munkát végzünk a <strong>blokkosított oktatás</strong> hatékonyságának javítására (blended learning).</p>
<p>A klinikán intenzív, emelt szintű kísérleti <strong>rezidensképzési programot </strong>kezdtünk, illetve klinikai és transzlációs tématerületeken doktori tanulmányok folytatására van lehetőség.</p>
<h3>Betegellátás</h3>
<p>Az <strong>általános belgyógyászati területi <a href="https://semmelweis.hu/belhema/fekvobeteg-ellatas/">fekvőbeteg-ellátás</a></strong> <em>(Apaj, Áporka, Biatorbágy, Budaörs, Délegyháza, Diósd, Dömsöd, Herceghalom, Kiskunlacháza, Lórév, Makád, Pusztazámor, Ráckeve, Sóskút, Szigetbecse, Szigetcsép, Szigetszentmárton, Szigetszentmiklós, Szigetújfalu, Tárnok, Törökbálint)</em> mellett elsősorban a fenti <strong>speciális szakmai profilok szerinti szakellátást</strong> végzünk 135 ágyon, illetve nappali kórházként működő <a href="https://semmelweis.hu/belhema/jarobeteg-ellatas/kuraszeru-ellatas/"><strong>kúraszerű ellátás</strong></a> formájában. A speciális betegek folyamatos gondozását minden profilban <a href="https://semmelweis.hu/belhema/jarobeteg-ellatas/"><strong>szakambulanciák</strong></a> működtetésével biztosítjuk.</p>
<h3><a href="https://semmelweis.hu/belhema/kutatas/">Kutatás</a></h3>
<p>Valamennyi szakmai profilunk kutatócsoportot is alkot – Klinikánk az Egyetem harmadik legjobban publikáló intézete.</p>
<p><span style="font-size: 1rem;">Az alapkutatás mellett Klinikánk aktív szerepet játszik az általunk kezelt betegségek gyógyítására használt új gyógyszerek kifejlesztésében.</span></p>

<p>A Belgyógyászati és Hematológiai Klinika 2020. május 15-én jött létre a korábbi három belgyógyászati klinika szakmai tevékenységeinek újrastrukturálásával. </p>
<p>Klinikánk szakmai tevékenysége a következő szakterületeket öleli fel: belgyógyászat, hematológia, immunológia, kardiológia, endokrinológia, anyagcsere-betegségek, onkológia és gasztroenterológia. Klinikánkon működik az Országos Angioödéma Központ, amely egyben a Közép-Kelet-Európai HANO Oktatási Központja is, valamint a Komplement Diagnosztikai Laboratórium, amely hazai és közép-európai viszonylatban egyedülálló teljességben foglalkozik a komplementrendszer vizsgálatával. </p>
