{"id":1185,"date":"2023-06-02T11:39:43","date_gmt":"2023-06-02T09:39:43","guid":{"rendered":"https:\/\/semmelweis.hu\/belhema\/?page_id=1185"},"modified":"2025-09-08T15:21:56","modified_gmt":"2025-09-08T13:21:56","slug":"allaslehetosegek","status":"publish","type":"page","link":"https:\/\/semmelweis.hu\/belhema\/bemutatkozas\/allaslehetosegek\/","title":{"rendered":"\u00c1ll\u00e1slehet\u0151s\u00e9gek"},"content":{"rendered":"<h5>SZAKDOLGOZ\u00d3I FELV\u00c9TEL<\/h5>\n<ul>\n<li>3 m\u0171szakos munkarendbe <strong>\u00e1pol\u00f3kat<\/strong>,<\/li>\n<li>1 m\u0171szakos munkarendbe <strong>asszisztenseket<\/strong> keres\u00fcnk!<\/li>\n<\/ul>\n<p class=\"entry-title\"><strong style=\"color: #1e2326;font-family: 'PT serif', serif;font-size: 1rem\">\u00c9rdekl\u0151d\u00e9s:<\/strong><span style=\"color: #1e2326;font-family: 'PT serif', serif;font-size: 1rem;font-weight: 400\"> Homoki Julianna klinikai vezet\u0151 \u00e1pol\u00f3n\u00e1l<br \/>\n<\/span><span style=\"font-size: 1rem\">Telefon: <a href=\"tel:+36208250851\">+36 20 825-0851<\/a><br \/>\n<\/span><span style=\"font-size: 1rem\">E-mail: homoki.julianna@semmelweis.hu<\/span><span style=\"font-size: 1rem\"><br \/>\n<\/span><\/p>\n<hr \/>\n<div class=\"entry-content\">\n<hr \/>\n<\/div>\n<h5>REZIDENSFELV\u00c9TEL<\/h5>\n<p>A 2025. \u00e9vi rezidensfelv\u00e9tel lez\u00e1rult.<\/p>\n<p>2026 szeptember\u00e9t\u0151l lesz lehet\u0151s\u00e9g\u00fcnk \u00faj belgy\u00f3gy\u00e1sz rezidensek felv\u00e9tel\u00e9re. Az \u00e1ll\u00e1sok meghirdet\u00e9se (v\u00e1rhat\u00f3an 2026 \u00e1prilis\u00e1ban) \u00e9s a jelentkez\u00e9s motiv\u00e1ci\u00f3s lev\u00e9l \u00e9s \u00f6n\u00e9letrajz felt\u00f6lt\u00e9s\u00e9vel a <a href=\"https:\/\/reny.hu\/project_r\/actual_prg\/system\/launch.php?Xmnclk=700&amp;pg=.\/x_rezi\/PUBLIC_LIST_Keretszam.php\" target=\"_blank\" rel=\"noopener\">RENY<\/a> port\u00e1lon kereszt\u00fcl fog t\u00f6rt\u00e9nni.<\/p>\n","protected":false},"excerpt":{"rendered":"<p>SZAKDOLGOZ\u00d3I FELV\u00c9TEL<\/p>\n<p>3 m\u0171szakos munkarendbe \u00e1pol\u00f3kat,<br \/>\n1 m\u0171szakos munkarendbe asszisztenseket keres\u00fcnk!<\/p>\n<p>\u00c9rdekl\u0151d\u00e9s: Homoki Julianna klinikai vezet\u0151 \u00e1pol\u00f3n\u00e1l<br \/>\nTelefon: <a href=\"tel:+36208250851\">+36 20 825-0851<\/a><br \/>\nE-mail: homoki.julianna@semmelweis.hu<\/p>\n<p>REZIDENSFELV\u00c9TEL<br \/>\nA 2025. \u00e9vi rezidensfelv\u00e9tel lez\u00e1rult.<br \/>\n2026 szeptember\u00e9t\u0151l lesz lehet\u0151s\u00e9g\u00fcnk \u00faj belgy\u00f3gy\u00e1sz rezidensek felv\u00e9tel\u00e9re. Az \u00e1ll\u00e1sok meghirdet\u00e9se (v\u00e1rhat\u00f3an 2026 \u00e1prilis\u00e1ban) \u00e9s a jelentkez\u00e9s motiv\u00e1ci\u00f3s lev\u00e9l \u00e9s \u00f6n\u00e9letrajz felt\u00f6lt\u00e9s\u00e9vel a <a href=\"https:\/\/reny.hu\/project_r\/actual_prg\/system\/launch.php?Xmnclk=700&amp;pg=.\/x_rezi\/PUBLIC_LIST_Keretszam.php\" target=\"_blank\" rel=\"noopener\">RENY<\/a> port\u00e1lon kereszt\u00fcl fog t\u00f6rt\u00e9nni.<\/p>\n","protected":false},"author":334,"featured_media":0,"parent":13,"menu_order":3,"comment_status":"closed","ping_status":"closed","template":"","meta":{"_acf_changed":false,"footnotes":""},"categories":[],"tags":[],"class_list":["post-1185","page","type-page","status-publish","hentry"],"acf":[],"_links":{"self":[{"href":"https:\/\/semmelweis.hu\/belhema\/wp-json\/wp\/v2\/pages\/1185","targetHints":{"allow":["GET"]}}],"collection":[{"href":"https:\/\/semmelweis.hu\/belhema\/wp-json\/wp\/v2\/pages"}],"about":[{"href":"https:\/\/semmelweis.hu\/belhema\/wp-json\/wp\/v2\/types\/page"}],"author":[{"embeddable":true,"href":"https:\/\/semmelweis.hu\/belhema\/wp-json\/wp\/v2\/users\/334"}],"replies":[{"embeddable":true,"href":"https:\/\/semmelweis.hu\/belhema\/wp-json\/wp\/v2\/comments?post=1185"}],"version-history":[{"count":9,"href":"https:\/\/semmelweis.hu\/belhema\/wp-json\/wp\/v2\/pages\/1185\/revisions"}],"predecessor-version":[{"id":8883,"href":"https:\/\/semmelweis.hu\/belhema\/wp-json\/wp\/v2\/pages\/1185\/revisions\/8883"}],"up":[{"embeddable":true,"href":"https:\/\/semmelweis.hu\/belhema\/wp-json\/wp\/v2\/pages\/13"}],"wp:attachment":[{"href":"https:\/\/semmelweis.hu\/belhema\/wp-json\/wp\/v2\/media?parent=1185"}],"wp:term":[{"taxonomy":"category","embeddable":true,"href":"https:\/\/semmelweis.hu\/belhema\/wp-json\/wp\/v2\/categories?post=1185"},{"taxonomy":"post_tag","embeddable":true,"href":"https:\/\/semmelweis.hu\/belhema\/wp-json\/wp\/v2\/tags?post=1185"}],"curies":[{"name":"wp","href":"https:\/\/api.w.org\/{rel}","templated":true}]}}

Álláslehetőségek

<h5>SZAKDOLGOZÓI FELVÉTEL</h5>
<ul>
<li>3 műszakos munkarendbe <strong>ápolókat</strong>,</li>
<li>1 műszakos munkarendbe <strong>asszisztenseket</strong> keresünk!</li>
</ul>
<p class="entry-title"><strong style="color: #1e2326;font-family: 'PT serif', serif;font-size: 1rem">Érdeklődés:</strong><span style="color: #1e2326;font-family: 'PT serif', serif;font-size: 1rem;font-weight: 400"> Homoki Julianna klinikai vezető ápolónál<br />
</span><span style="font-size: 1rem">Telefon: <a href="tel:+36208250851">+36 20 825-0851</a><br />
</span><span style="font-size: 1rem">E-mail: homoki.julianna@semmelweis.hu</span><span style="font-size: 1rem"><br />
</span></p>
<hr />
<div class="entry-content">
<hr />
</div>
<h5>REZIDENSFELVÉTEL</h5>
<p>A 2025. évi rezidensfelvétel lezárult.</p>
<p>2026 szeptemberétől lesz lehetőségünk új belgyógyász rezidensek felvételére. Az állások meghirdetése (várhatóan 2026 áprilisában) és a jelentkezés motivációs levél és önéletrajz feltöltésével a <a href="https://reny.hu/project_r/actual_prg/system/launch.php?Xmnclk=700&amp;pg=./x_rezi/PUBLIC_LIST_Keretszam.php" target="_blank" rel="noopener">RENY</a> portálon keresztül fog történni.</p>

<p>SZAKDOLGOZÓI FELVÉTEL</p>
<p>3 műszakos munkarendbe ápolókat,<br />
1 műszakos munkarendbe asszisztenseket keresünk!</p>
<p>Érdeklődés: Homoki Julianna klinikai vezető ápolónál<br />
Telefon: <a href="tel:+36208250851">+36 20 825-0851</a><br />
E-mail: homoki.julianna@semmelweis.hu</p>
<p>REZIDENSFELVÉTEL<br />
A 2025. évi rezidensfelvétel lezárult.<br />
2026 szeptemberétől lesz lehetőségünk új belgyógyász rezidensek felvételére. Az állások meghirdetése (várhatóan 2026 áprilisában) és a jelentkezés motivációs levél és önéletrajz feltöltésével a <a href="https://reny.hu/project_r/actual_prg/system/launch.php?Xmnclk=700&amp;pg=./x_rezi/PUBLIC_LIST_Keretszam.php" target="_blank" rel="noopener">RENY</a> portálon keresztül fog történni.</p>
