{"id":996,"date":"2022-07-14T09:05:58","date_gmt":"2022-07-14T07:05:58","guid":{"rendered":"https:\/\/semmelweis.hu\/baratikor\/?page_id=996"},"modified":"2023-07-11T08:40:18","modified_gmt":"2023-07-11T06:40:18","slug":"illyes-geza","status":"publish","type":"page","link":"https:\/\/semmelweis.hu\/baratikor\/galeria\/teljes-nevlista\/illyes-geza\/","title":{"rendered":"Illy\u00e9s G\u00e9za"},"content":{"rendered":"<p><strong><a href=\"https:\/\/semmelweis.hu\/baratikor\/files\/2022\/07\/069_11.jpg\"><img loading=\"lazy\" decoding=\"async\" class=\"alignleft wp-image-997 size-medium\" src=\"https:\/\/semmelweis.hu\/baratikor\/files\/2022\/07\/069_11-258x400.jpg\" alt=\"\" width=\"258\" height=\"400\" srcset=\"https:\/\/semmelweis.hu\/baratikor\/files\/2022\/07\/069_11-258x400.jpg 258w, https:\/\/semmelweis.hu\/baratikor\/files\/2022\/07\/069_11.jpg 295w\" sizes=\"auto, (max-width: 258px) 100vw, 258px\" \/><\/a>(Marosv\u00e1s\u00e1rhely, 1870-Budapest, 1951)<\/strong><\/p>\n<p>Orvosi tanulm\u00e1nyait a budapesti, a b\u00e9csi \u00e9s a p\u00e1rizsi egyetemeken folytatta, majd a budapesti seb\u00e9szeti klinik\u00e1n tan\u00e1rseg\u00e9d lett. 1904-ben ugyanitt az urol\u00f3gia mag\u00e1ntan\u00e1r\u00e1v\u00e1 habilit\u00e1lt\u00e1k. 1905-t\u0151l seb\u00e9sz f\u0151orvosk\u00e9nt dolgozott a budapesti poliklinik\u00e1n. 1913-t\u00f3l a Szent R\u00f3kus K\u00f3rh\u00e1z urol\u00f3giai seb\u00e9szeti f\u0151orvosa, egyben az egyetemen az urol\u00f3gia rendk\u00edv\u00fcli tan\u00e1ra. 1920-t\u00f3l, az urol\u00f3giai tansz\u00e9k megalap\u00edt\u00e1s\u00e1t\u00f3l kezdve a szakma els\u0151 hazai egyetemi nyilv\u00e1nos rendes tan\u00e1ra. Jelent\u0151s szerepet j\u00e1tszott az urol\u00f3giai diagnosztika, valamint a belgy\u00f3gy\u00e1szati vesemegbeteged\u00e9sek \u00e9s a prosztatahipertr\u00f3fia m\u0171t\u00e9ttan\u00e1nak fejleszt\u00e9s\u00e9ben. A Magyar Tudom\u00e1nyos Akad\u00e9mi\u00e1nak 1936-t\u00f3l volt levelez\u0151, majd 1943-t\u00f3l rendes tagja.<\/p>\n<p>&nbsp;<\/p>\n<p>&nbsp;<\/p>\n<p>&nbsp;<\/p>\n<p><a href=\"https:\/\/semmelweis.hu\/baratikor\/files\/2022\/07\/069_21.jpg\"><img loading=\"lazy\" decoding=\"async\" class=\"alignleft wp-image-998\" src=\"https:\/\/semmelweis.hu\/baratikor\/files\/2022\/07\/069_21.jpg\" alt=\"\" width=\"251\" height=\"380\" \/><\/a><a href=\"https:\/\/semmelweis.hu\/baratikor\/files\/2022\/07\/069_31.jpg\"><img loading=\"lazy\" decoding=\"async\" class=\"alignleft wp-image-999\" src=\"https:\/\/semmelweis.hu\/baratikor\/files\/2022\/07\/069_31.jpg\" alt=\"\" width=\"303\" height=\"380\" \/><\/a><\/p>\n<p>&nbsp;<\/p>\n","protected":false},"excerpt":{"rendered":"<p><a href=\"https:\/\/semmelweis.hu\/baratikor\/files\/2022\/07\/069_11.jpg\"><\/a> (Marosv\u00e1s\u00e1rhely, 1870-Budapest, 1951) Orvosi tanulm\u00e1nyait a budapesti, a b\u00e9csi \u00e9s a p\u00e1rizsi egyetemeken folytatta, majd a budapesti seb\u00e9szeti klinik\u00e1n tan\u00e1rseg\u00e9d lett. 1904-ben ugyanitt az urol\u00f3gia mag\u00e1ntan\u00e1r\u00e1v\u00e1 habilit\u00e1lt\u00e1k. 1905-t\u0151l seb\u00e9sz f\u0151orvosk\u00e9nt dolgozott a budapesti poliklinik\u00e1n. 1913-t\u00f3l a Szent R\u00f3kus K\u00f3rh\u00e1z urol\u00f3giai seb\u00e9szeti f\u0151orvosa, egyben az egyetemen az urol\u00f3gia rendk\u00edv\u00fcli tan\u00e1ra. 1920-t\u00f3l, az urol\u00f3giai tansz\u00e9k megalap\u00edt\u00e1s\u00e1t\u00f3l kezdve &hellip;<\/p>\n","protected":false},"author":282,"featured_media":4944,"parent":347,"menu_order":0,"comment_status":"closed","ping_status":"closed","template":"template-fullwidth.php","meta":{"_acf_changed":false,"footnotes":""},"categories":[77,16,14],"tags":[],"class_list":["post-996","page","type-page","status-publish","has-post-thumbnail","hentry","category-kegyeleti-adattar","category-tanszekvezetok","category-teljes-nevlista"],"acf":[],"_links":{"self":[{"href":"https:\/\/semmelweis.hu\/baratikor\/wp-json\/wp\/v2\/pages\/996","targetHints":{"allow":["GET"]}}],"collection":[{"href":"https:\/\/semmelweis.hu\/baratikor\/wp-json\/wp\/v2\/pages"}],"about":[{"href":"https:\/\/semmelweis.hu\/baratikor\/wp-json\/wp\/v2\/types\/page"}],"author":[{"embeddable":true,"href":"https:\/\/semmelweis.hu\/baratikor\/wp-json\/wp\/v2\/users\/282"}],"replies":[{"embeddable":true,"href":"https:\/\/semmelweis.hu\/baratikor\/wp-json\/wp\/v2\/comments?post=996"}],"version-history":[{"count":10,"href":"https:\/\/semmelweis.hu\/baratikor\/wp-json\/wp\/v2\/pages\/996\/revisions"}],"predecessor-version":[{"id":1900,"href":"https:\/\/semmelweis.hu\/baratikor\/wp-json\/wp\/v2\/pages\/996\/revisions\/1900"}],"up":[{"embeddable":true,"href":"https:\/\/semmelweis.hu\/baratikor\/wp-json\/wp\/v2\/pages\/347"}],"wp:featuredmedia":[{"embeddable":true,"href":"https:\/\/semmelweis.hu\/baratikor\/wp-json\/wp\/v2\/media\/4944"}],"wp:attachment":[{"href":"https:\/\/semmelweis.hu\/baratikor\/wp-json\/wp\/v2\/media?parent=996"}],"wp:term":[{"taxonomy":"category","embeddable":true,"href":"https:\/\/semmelweis.hu\/baratikor\/wp-json\/wp\/v2\/categories?post=996"},{"taxonomy":"post_tag","embeddable":true,"href":"https:\/\/semmelweis.hu\/baratikor\/wp-json\/wp\/v2\/tags?post=996"}],"curies":[{"name":"wp","href":"https:\/\/api.w.org\/{rel}","templated":true}]}}

Illyés Géza

<p><strong><a href="https://semmelweis.hu/baratikor/files/2022/07/069_11.jpg"><img loading="lazy" decoding="async" class="alignleft wp-image-997 size-medium" src="https://semmelweis.hu/baratikor/files/2022/07/069_11-258x400.jpg" alt="" width="258" height="400" srcset="https://semmelweis.hu/baratikor/files/2022/07/069_11-258x400.jpg 258w, https://semmelweis.hu/baratikor/files/2022/07/069_11.jpg 295w" sizes="auto, (max-width: 258px) 100vw, 258px" /></a>(Marosvásárhely, 1870-Budapest, 1951)</strong></p>
<p>Orvosi tanulmányait a budapesti, a bécsi és a párizsi egyetemeken folytatta, majd a budapesti sebészeti klinikán tanársegéd lett. 1904-ben ugyanitt az urológia magántanárává habilitálták. 1905-től sebész főorvosként dolgozott a budapesti poliklinikán. 1913-tól a Szent Rókus Kórház urológiai sebészeti főorvosa, egyben az egyetemen az urológia rendkívüli tanára. 1920-tól, az urológiai tanszék megalapításától kezdve a szakma első hazai egyetemi nyilvános rendes tanára. Jelentős szerepet játszott az urológiai diagnosztika, valamint a belgyógyászati vesemegbetegedések és a prosztatahipertrófia műtéttanának fejlesztésében. A Magyar Tudományos Akadémiának 1936-tól volt levelező, majd 1943-tól rendes tagja.</p>
<p>&nbsp;</p>
<p>&nbsp;</p>
<p>&nbsp;</p>
<p><a href="https://semmelweis.hu/baratikor/files/2022/07/069_21.jpg"><img loading="lazy" decoding="async" class="alignleft wp-image-998" src="https://semmelweis.hu/baratikor/files/2022/07/069_21.jpg" alt="" width="251" height="380" /></a><a href="https://semmelweis.hu/baratikor/files/2022/07/069_31.jpg"><img loading="lazy" decoding="async" class="alignleft wp-image-999" src="https://semmelweis.hu/baratikor/files/2022/07/069_31.jpg" alt="" width="303" height="380" /></a></p>
<p>&nbsp;</p>

<p><a href="https://semmelweis.hu/baratikor/files/2022/07/069_11.jpg"></a> (Marosvásárhely, 1870-Budapest, 1951) Orvosi tanulmányait a budapesti, a bécsi és a párizsi egyetemeken folytatta, majd a budapesti sebészeti klinikán tanársegéd lett. 1904-ben ugyanitt az urológia magántanárává habilitálták. 1905-től sebész főorvosként dolgozott a budapesti poliklinikán. 1913-tól a Szent Rókus Kórház urológiai sebészeti főorvosa, egyben az egyetemen az urológia rendkívüli tanára. 1920-tól, az urológiai tanszék megalapításától kezdve &hellip;</p>
