{"id":989,"date":"2022-07-14T09:07:21","date_gmt":"2022-07-14T07:07:21","guid":{"rendered":"https:\/\/semmelweis.hu\/baratikor\/?page_id=989"},"modified":"2023-07-17T10:09:42","modified_gmt":"2023-07-17T08:09:42","slug":"vamossy-zoltan","status":"publish","type":"page","link":"https:\/\/semmelweis.hu\/baratikor\/galeria\/teljes-nevlista\/vamossy-zoltan\/","title":{"rendered":"V\u00e1mossy Zolt\u00e1n"},"content":{"rendered":"<p style=\"text-align: justify\"><strong><a href=\"https:\/\/semmelweis.hu\/baratikor\/files\/2022\/07\/130_11.jpg\"><img loading=\"lazy\" decoding=\"async\" class=\"alignleft size-full wp-image-990\" src=\"https:\/\/semmelweis.hu\/baratikor\/files\/2022\/07\/130_11.jpg\" alt=\"\" width=\"295\" height=\"370\" \/><\/a>(Pest, 1868. december 15. \u2013 Le\u00e1nyfalu, 1953. december 26.)<\/strong><\/p>\n<p style=\"text-align: justify\">D\u00e9k\u00e1n: 1922\/23 &#8211; 1923\/24<\/p>\n<p style=\"text-align: justify\">Orvosi tanulm\u00e1nyait Budapesten v\u00e9gezte, ahol 1891. december 5-\u00e9n avatt\u00e1k orvoss\u00e1. Kezdetben a sz\u00fcl\u00e9szeti, majd a belklinik\u00e1n gyakornokoskodott. 1893. febru\u00e1r 1-j\u00e9n a B\u00f3kay \u00c1rp\u00e1d vezette gy\u00f3gyszertani int\u00e9zet els\u0151 tan\u00e1rseg\u00e9de lett. 1897-ben \u00e1llami \u00f6szt\u00f6nd\u00edjjal egy \u00e9vet a freiburgi \u00e9s strassburgi egyetemek gy\u00f3gyszertani int\u00e9zet\u00e9ben t\u00f6lt\u00f6tt, majd hazat\u00e9rve 1898 \u00e1prilis\u00e1ban a budapesti orvoskar a pharmacol\u00f3giai m\u00f3dszertan mag\u00e1ntan\u00e1r\u00e1v\u00e1 habilit\u00e1lta. 1903\/04-ben a p\u00e1rizsi Pasteur Int\u00e9zetben toxikol\u00f3giai tanulm\u00e1nyokat folytatott. 1908-ban a m\u00e9regtan c\u00edmzetes rendk\u00edv\u00fcli, majd 1914-ben nyilv\u00e1nos rendk\u00edv\u00fcli (???) tan\u00e1ra. A hallgat\u00f3s\u00e1g nagy sz\u00e1ma miatt 1911-t\u0151l professzor\u00e1val, B\u00f3kay \u00c1rp\u00e1ddal p\u00e1rhuzamosan tartott el\u0151ad\u00e1sokat. Az I. vil\u00e1gh\u00e1bor\u00fa alatt megszervezte \u00e9s vezette a losonci megfigyel\u0151\u00e1llom\u00e1st, majd a rokkant ut\u00f3kezel\u0151 int\u00e9zetek igazgat\u00f3ja volt. 1917-1939 k\u00f6z\u00f6tt a gy\u00f3gyszertan nyilv\u00e1nos rendes tan\u00e1ra, 1920-t\u00f3l a Gy\u00f3gyszertani Int\u00e9zet igazgat\u00f3ja. \u0150 fedezte fel a fenoftalein hashajt\u00f3 hat\u00e1s\u00e1t. Kutat\u00e1sokat v\u00e9gzett a m\u00e1j m\u00e9regtelen\u00edt\u0151 hat\u00e1s\u00e1val, az \u00f3pium-alkaloidokkal kapcsolatosan is. T\u00f6rv\u00e9nysz\u00e9ki orvosi vizsg\u00e1lati m\u00f3dszereket dolgozott ki.<\/p>\n<p style=\"text-align: justify\">P\u00e1ly\u00e1ja kezdet\u00e9n sz\u00e9pirodalmi munk\u00e1ss\u00e1got is kifejtett, majd r\u00e9szt vett a h\u00edres Pallas Nagylexikon munk\u00e1lataiban is. 1923 \u00e9s 1944 k\u00f6z\u00f6tt szerkeszt\u0151je volt az Orvosi Hetilapnak. A Magyar Tudom\u00e1nyos Akad\u00e9mi\u00e1nak 1920. m\u00e1jus 5-\u00e9t\u0151l levelez\u0151 tagja volt 1948. \u00e1prilis 23-i kiz\u00e1r\u00e1s\u00e1ig. 1952-ben az orvostudom\u00e1nyok kandid\u00e1tusa lett. Akad\u00e9miai tags\u00e1g\u00e1t 1991. m\u00e1jus 9-\u00e9n \u00e1ll\u00edtott\u00e1k vissza. A budapesti orvoskar d\u00e9k\u00e1ni tiszt\u00e9t k\u00e9t tan\u00e9ven \u00e1t l\u00e1tta el.<\/p>\n<p style=\"text-align: justify\">(F\u0151bb munk\u00e1i: A phosphorsavas \u00e9szterek viselked\u00e9se a szervezetben. In: Magyar Orvosi Arch\u00edvum, 1898.; M\u00e9rgek a mindennapi \u00e9letben. Bp. 1900.; Egy \u00faj hashajt\u00f3 szerr\u0151l. Bp. 1902.; A m\u00e1j m\u00e9regvisszatart\u00f3 k\u00e9pess\u00e9g\u00e9r\u0151l. In: M. Orv. Arch., 1904.; A m\u00e9rgez\u00e9sekr\u0151l. Bp. 1907.; A v\u00e9rvizsg\u00e1latr\u00f3l a b\u00fcntet\u0151jog szempontj\u00e1b\u00f3l. Bp. 1907.; Gy\u00f3gyszertan \/Mansfeld G\u00e9z\u00e1val \u00e9s Fenyvessy B\u00e9l\u00e1val\/. Bp. 1908, 8. kiad. 1932.; A m\u00e1j &#8211; nukleid-alkaloid &#8211; k\u00f6t\u0151k\u00e9pess\u00e9g\u00e9r\u0151l. In: M. Orv. Arch., 1910.; Tanulm\u00e1nyok a basicus narcotik\u00e1k lipotropi\u00e1j\u00e1r\u00f3l. In: M. Orv. Arch. 1913.; A bel\u00e9ndekmag alkaloidtartalm\u00e1r\u00f3l, tekintettel a m\u00e1k bel\u00e9ndek-fert\u0151z\u00e9s\u00e9re \/Kov\u00e1cs Alad\u00e1rral\/. In: M. Orv. Arch. 1915.; IV. Magyar Gy\u00f3gyszerk\u00f6nyv \/szerk.\/. Bp. 1934.)<\/p>\n<p><a href=\"https:\/\/semmelweis.hu\/baratikor\/files\/2022\/07\/130_21.jpg\"><img loading=\"lazy\" decoding=\"async\" class=\"alignleft size-full wp-image-991\" src=\"https:\/\/semmelweis.hu\/baratikor\/files\/2022\/07\/130_21.jpg\" alt=\"\" width=\"295\" height=\"370\" \/><\/a><\/p>\n","protected":false},"excerpt":{"rendered":"<p><a href=\"https:\/\/semmelweis.hu\/baratikor\/files\/2022\/07\/130_11.jpg\"><\/a> (Pest, 1868. december 15. \u2013 Le\u00e1nyfalu, 1953. december 26.) D\u00e9k\u00e1n: 1922\/23 &#8211; 1923\/24 Orvosi tanulm\u00e1nyait Budapesten v\u00e9gezte, ahol 1891. december 5-\u00e9n avatt\u00e1k orvoss\u00e1. Kezdetben a sz\u00fcl\u00e9szeti, majd a belklinik\u00e1n gyakornokoskodott. 1893. febru\u00e1r 1-j\u00e9n a B\u00f3kay \u00c1rp\u00e1d vezette gy\u00f3gyszertani int\u00e9zet els\u0151 tan\u00e1rseg\u00e9de lett. 1897-ben \u00e1llami \u00f6szt\u00f6nd\u00edjjal egy \u00e9vet a freiburgi \u00e9s strassburgi egyetemek gy\u00f3gyszertani int\u00e9zet\u00e9ben t\u00f6lt\u00f6tt, &hellip;<\/p>\n","protected":false},"author":282,"featured_media":5162,"parent":347,"menu_order":0,"comment_status":"closed","ping_status":"closed","template":"template-fullwidth.php","meta":{"_acf_changed":false,"footnotes":""},"categories":[6,20,77,81,16,14],"tags":[],"class_list":["post-989","page","type-page","status-publish","has-post-thumbnail","hentry","category-dekanok","category-dekanok-karok-szerint","category-kegyeleti-adattar","category-orvosi-kar-dekanjai","category-tanszekvezetok","category-teljes-nevlista"],"acf":[],"_links":{"self":[{"href":"https:\/\/semmelweis.hu\/baratikor\/wp-json\/wp\/v2\/pages\/989","targetHints":{"allow":["GET"]}}],"collection":[{"href":"https:\/\/semmelweis.hu\/baratikor\/wp-json\/wp\/v2\/pages"}],"about":[{"href":"https:\/\/semmelweis.hu\/baratikor\/wp-json\/wp\/v2\/types\/page"}],"author":[{"embeddable":true,"href":"https:\/\/semmelweis.hu\/baratikor\/wp-json\/wp\/v2\/users\/282"}],"replies":[{"embeddable":true,"href":"https:\/\/semmelweis.hu\/baratikor\/wp-json\/wp\/v2\/comments?post=989"}],"version-history":[{"count":1,"href":"https:\/\/semmelweis.hu\/baratikor\/wp-json\/wp\/v2\/pages\/989\/revisions"}],"predecessor-version":[{"id":992,"href":"https:\/\/semmelweis.hu\/baratikor\/wp-json\/wp\/v2\/pages\/989\/revisions\/992"}],"up":[{"embeddable":true,"href":"https:\/\/semmelweis.hu\/baratikor\/wp-json\/wp\/v2\/pages\/347"}],"wp:featuredmedia":[{"embeddable":true,"href":"https:\/\/semmelweis.hu\/baratikor\/wp-json\/wp\/v2\/media\/5162"}],"wp:attachment":[{"href":"https:\/\/semmelweis.hu\/baratikor\/wp-json\/wp\/v2\/media?parent=989"}],"wp:term":[{"taxonomy":"category","embeddable":true,"href":"https:\/\/semmelweis.hu\/baratikor\/wp-json\/wp\/v2\/categories?post=989"},{"taxonomy":"post_tag","embeddable":true,"href":"https:\/\/semmelweis.hu\/baratikor\/wp-json\/wp\/v2\/tags?post=989"}],"curies":[{"name":"wp","href":"https:\/\/api.w.org\/{rel}","templated":true}]}}