{"id":958,"date":"2022-07-13T12:39:41","date_gmt":"2022-07-13T10:39:41","guid":{"rendered":"https:\/\/semmelweis.hu\/baratikor\/?page_id=958"},"modified":"2023-06-29T10:14:57","modified_gmt":"2023-06-29T08:14:57","slug":"farkas-geza","status":"publish","type":"page","link":"https:\/\/semmelweis.hu\/baratikor\/galeria\/teljes-nevlista\/farkas-geza\/","title":{"rendered":"Farkas G\u00e9za"},"content":{"rendered":"<p style=\"text-align: justify\"><strong><a href=\"https:\/\/semmelweis.hu\/baratikor\/files\/2022\/07\/181_11.jpg\"><img loading=\"lazy\" decoding=\"async\" class=\"alignleft size-full wp-image-959\" src=\"https:\/\/semmelweis.hu\/baratikor\/files\/2022\/07\/181_11.jpg\" alt=\"\" width=\"283\" height=\"407\" srcset=\"https:\/\/semmelweis.hu\/baratikor\/files\/2022\/07\/181_11.jpg 283w, https:\/\/semmelweis.hu\/baratikor\/files\/2022\/07\/181_11-278x400.jpg 278w\" sizes=\"auto, (max-width: 283px) 100vw, 283px\" \/><\/a>(Budapest, 1872. j\u00fanius 9. &#8211; Budapest, 1934. szeptember 13.)<\/strong><\/p>\n<p style=\"text-align: justify\">D\u00e9k\u00e1n: 1929\/30 &#8211; 1930\/31<\/p>\n<p style=\"text-align: justify\">1890-ben iratkozott be a budapesti Orvoskarra. Medikusk\u00e9nt 1893-ban hosszabb tanulm\u00e1nyutat tett Olaszorsz\u00e1gban \u00e9s N\u00e9metorsz\u00e1gban. 1895\/96-ban B\u00e9csben hallgatott anat\u00f3mi\u00e1t \u00e9s \u00e9lettant. Orvosi diplom\u00e1j\u00e1t Budapesten szerezte 1897. szeptember 25-\u00e9n. Kezdetben a II. sz. Belgy\u00f3gy\u00e1szati Klinik\u00e1n volt gyakornok, majd 1898 szeptember\u00e9t\u0151l tan\u00e1rseg\u00e9d az \u00c9lettani Int\u00e9zetben. 1901-ben az \u00c1llatorvosi F\u0151iskola \u00c9lettani Int\u00e9zet\u00e9ben Tangl Ferenc professzor asszisztense lett. Miut\u00e1n professzora 1903-ban az Orvostudom\u00e1nyi Karra t\u00e1vozott, \u00e1tvette hely\u00e9t, \u00e9s egy \u00e9v m\u00falva nyilv\u00e1nos rendes tan\u00e1r lett. 1905-ben Berlinben t\u00f6lt\u00f6tt hosszabb id\u0151t Zuntz professzor mellett a Gazdas\u00e1gi F\u0151iskol\u00e1n. 1920 \u00e9s 1923 k\u00f6z\u00f6tt helyettesk\u00e9nt a budapesti, valamint a f\u0151v\u00e1rosba menek\u00fclt pozsonyi \u00e9s kolozsv\u00e1ri egyetemeken adott el\u0151 \u00e9lettant, illetve r\u00e9szben sz\u00f6vettant is. 1922-ben otthagyta az \u00c1llatorvosi F\u0151iskol\u00e1t \u00e9s \u00e1tvette az Orvoskar \u00c9lettani Int\u00e9zet\u00e9nek vezet\u00e9s\u00e9t. Hal\u00e1l\u00e1ig itt m\u0171k\u00f6d\u00f6tt. K\u00f6zben lelkes el\u0151ad\u00f3ja volt a Term\u00e9szettudom\u00e1nyi T\u00e1rsulatnak \u00e9s m\u00e1s ismeretterjeszt\u0151 t\u00e1rsas\u00e1goknak. R\u00e9szt vett a R\u00e9vai Lexikon munk\u00e1lataiban is. A v\u00e9r sz\u00e9n-dioxid k\u00f6t\u00e9s\u00e9vel, az osmotikus hat\u00e1ssal, a parasympatikus m\u0171k\u00f6d\u00e9ssel \u00e9s a vese m\u0171k\u00f6d\u00e9s\u00e9vel kapcsolatos kutat\u00e1sai mellett foglalkozott a mez\u0151gazdas\u00e1gi munk\u00e1sok t\u00e1pl\u00e1lkoz\u00e1s\u00e1val \u00e9s az \u00e9rz\u00e9kel\u00e9s \u00e9lettani k\u00e9rd\u00e9seivel is. R\u00f6viddel nyugalomba vonul\u00e1sa hunyt el a f\u00fcredi sz\u00edvk\u00f3rh\u00e1zban.<\/p>\n<p style=\"text-align: justify\">(F\u0151bb munk\u00e1i: A talentum \u00e9s a l\u00e1ng\u00e9sz l\u00e9lektana. Bp., 1909.; Az \u00e1llati l\u00e9lek k\u00e9rd\u00e9se. Bp., 1909.; A fest\u0151i sz\u00ednhat\u00e1sok fiziol\u00f3gi\u00e1j\u00e1r\u00f3l. Bp., 1912.)<\/p>\n<p style=\"text-align: justify\"><a href=\"https:\/\/semmelweis.hu\/baratikor\/files\/2022\/07\/181_21.jpg\"><img loading=\"lazy\" decoding=\"async\" class=\"alignleft wp-image-960\" src=\"https:\/\/semmelweis.hu\/baratikor\/files\/2022\/07\/181_21.jpg\" alt=\"\" width=\"274\" height=\"390\" srcset=\"https:\/\/semmelweis.hu\/baratikor\/files\/2022\/07\/181_21.jpg 283w, https:\/\/semmelweis.hu\/baratikor\/files\/2022\/07\/181_21-281x400.jpg 281w\" sizes=\"auto, (max-width: 274px) 100vw, 274px\" \/><\/a><a href=\"https:\/\/semmelweis.hu\/baratikor\/files\/2022\/07\/181_61.jpg\"><img loading=\"lazy\" decoding=\"async\" class=\"alignleft wp-image-963\" src=\"https:\/\/semmelweis.hu\/baratikor\/files\/2022\/07\/181_61.jpg\" alt=\"\" width=\"227\" height=\"390\" srcset=\"https:\/\/semmelweis.hu\/baratikor\/files\/2022\/07\/181_61.jpg 283w, https:\/\/semmelweis.hu\/baratikor\/files\/2022\/07\/181_61-232x400.jpg 232w\" sizes=\"auto, (max-width: 227px) 100vw, 227px\" \/><\/a><a href=\"https:\/\/semmelweis.hu\/baratikor\/files\/2022\/07\/181_41.jpg\"><img loading=\"lazy\" decoding=\"async\" class=\"alignleft wp-image-961\" src=\"https:\/\/semmelweis.hu\/baratikor\/files\/2022\/07\/181_41.jpg\" alt=\"\" width=\"271\" height=\"390\" srcset=\"https:\/\/semmelweis.hu\/baratikor\/files\/2022\/07\/181_41.jpg 283w, https:\/\/semmelweis.hu\/baratikor\/files\/2022\/07\/181_41-277x400.jpg 277w\" sizes=\"auto, (max-width: 271px) 100vw, 271px\" \/><\/a><img loading=\"lazy\" decoding=\"async\" class=\"alignleft wp-image-962\" src=\"https:\/\/semmelweis.hu\/baratikor\/files\/2022\/07\/181_51.jpg\" alt=\"\" width=\"275\" height=\"390\" \/><\/p>\n","protected":false},"excerpt":{"rendered":"<p><a href=\"https:\/\/semmelweis.hu\/baratikor\/files\/2022\/07\/181_11.jpg\"><\/a> (Budapest, 1872. j\u00fanius 9. &#8211; Budapest, 1934. szeptember 13.) D\u00e9k\u00e1n: 1929\/30 &#8211; 1930\/31 1890-ben iratkozott be a budapesti Orvoskarra. Medikusk\u00e9nt 1893-ban hosszabb tanulm\u00e1nyutat tett Olaszorsz\u00e1gban \u00e9s N\u00e9metorsz\u00e1gban. 1895\/96-ban B\u00e9csben hallgatott anat\u00f3mi\u00e1t \u00e9s \u00e9lettant. Orvosi diplom\u00e1j\u00e1t Budapesten szerezte 1897. szeptember 25-\u00e9n. Kezdetben a II. sz. Belgy\u00f3gy\u00e1szati Klinik\u00e1n volt gyakornok, majd 1898 szeptember\u00e9t\u0151l tan\u00e1rseg\u00e9d az \u00c9lettani Int\u00e9zetben. &hellip;<\/p>\n","protected":false},"author":282,"featured_media":4329,"parent":347,"menu_order":0,"comment_status":"closed","ping_status":"closed","template":"template-fullwidth.php","meta":{"_acf_changed":false,"footnotes":""},"categories":[6,20,77,81,14],"tags":[],"class_list":["post-958","page","type-page","status-publish","has-post-thumbnail","hentry","category-dekanok","category-dekanok-karok-szerint","category-kegyeleti-adattar","category-orvosi-kar-dekanjai","category-teljes-nevlista"],"acf":[],"_links":{"self":[{"href":"https:\/\/semmelweis.hu\/baratikor\/wp-json\/wp\/v2\/pages\/958","targetHints":{"allow":["GET"]}}],"collection":[{"href":"https:\/\/semmelweis.hu\/baratikor\/wp-json\/wp\/v2\/pages"}],"about":[{"href":"https:\/\/semmelweis.hu\/baratikor\/wp-json\/wp\/v2\/types\/page"}],"author":[{"embeddable":true,"href":"https:\/\/semmelweis.hu\/baratikor\/wp-json\/wp\/v2\/users\/282"}],"replies":[{"embeddable":true,"href":"https:\/\/semmelweis.hu\/baratikor\/wp-json\/wp\/v2\/comments?post=958"}],"version-history":[{"count":9,"href":"https:\/\/semmelweis.hu\/baratikor\/wp-json\/wp\/v2\/pages\/958\/revisions"}],"predecessor-version":[{"id":1624,"href":"https:\/\/semmelweis.hu\/baratikor\/wp-json\/wp\/v2\/pages\/958\/revisions\/1624"}],"up":[{"embeddable":true,"href":"https:\/\/semmelweis.hu\/baratikor\/wp-json\/wp\/v2\/pages\/347"}],"wp:featuredmedia":[{"embeddable":true,"href":"https:\/\/semmelweis.hu\/baratikor\/wp-json\/wp\/v2\/media\/4329"}],"wp:attachment":[{"href":"https:\/\/semmelweis.hu\/baratikor\/wp-json\/wp\/v2\/media?parent=958"}],"wp:term":[{"taxonomy":"category","embeddable":true,"href":"https:\/\/semmelweis.hu\/baratikor\/wp-json\/wp\/v2\/categories?post=958"},{"taxonomy":"post_tag","embeddable":true,"href":"https:\/\/semmelweis.hu\/baratikor\/wp-json\/wp\/v2\/tags?post=958"}],"curies":[{"name":"wp","href":"https:\/\/api.w.org\/{rel}","templated":true}]}}