{"id":955,"date":"2022-07-13T12:34:09","date_gmt":"2022-07-13T10:34:09","guid":{"rendered":"https:\/\/semmelweis.hu\/baratikor\/?page_id=955"},"modified":"2023-01-09T11:29:45","modified_gmt":"2023-01-09T10:29:45","slug":"nekam-lajos","status":"publish","type":"page","link":"https:\/\/semmelweis.hu\/baratikor\/galeria\/teljes-nevlista\/nekam-lajos\/","title":{"rendered":"N\u00e9k\u00e1m Lajos"},"content":{"rendered":"<p style=\"text-align: justify\"><strong><a href=\"https:\/\/semmelweis.hu\/baratikor\/files\/2022\/07\/044_11.jpg\"><img loading=\"lazy\" decoding=\"async\" class=\"alignleft size-full wp-image-956\" src=\"https:\/\/semmelweis.hu\/baratikor\/files\/2022\/07\/044_11.jpg\" alt=\"\" width=\"295\" height=\"392\" \/><\/a>(Pest, 1868 &#8211; Budapest, 1957)<\/strong><\/p>\n<p style=\"text-align: justify\">Orvosi tanulm\u00e1nyait Budapesten v\u00e9gezte, oklevelet 1889-ben kapott. 1886-t\u00f3l 1893-ig gyakornok, ill. tan\u00e1rseg\u00e9d az \u00e9let- \u00e9s k\u00f3rvegytani (Pl\u00f3sz P\u00e1l), a k\u00f6zeg\u00e9szs\u00e9gtani (Fodor J\u00f3zsef), illetve a k\u00f3rbonctani (Pertik Ott\u00f3) tansz\u00e9keken. Hosszabb k\u00fclf\u00f6ldi utat szentelt a ritk\u00e1bb b\u0151rbetegs\u00e9gek tanulm\u00e1nyoz\u00e1s\u00e1nak, melynek sor\u00e1n Spanyolorsz\u00e1gba \u00e9s \u00c9szak-Afrik\u00e1ba is eljutott. Hazat\u00e9rve 1896-t\u00f3l a F\u0151v\u00e1rosi Bakteriol\u00f3giai Int\u00e9zet igazgat\u00f3ja lett. 1898-ban a b\u0151rk\u00f3rtan t\u00e1rgyk\u00f6r\u00e9b\u0151l mag\u00e1ntan\u00e1ri habilit\u00e1ci\u00f3t nyert a budapesti Orvoskaron. 1906-t\u00f3l nyilv\u00e1nos rendk\u00edv\u00fcli tan\u00e1rk\u00e9nt \u00e1tvette a b\u0151rklinika vezet\u00e9s\u00e9t, majd 1910-ben, nyilv\u00e1nos rendes tan\u00e1ri kinevez\u00e9s\u00e9vel egy\u00fctt az igazgat\u00f3it is megkapta. 1935-t\u0151l a fels\u0151h\u00e1z tagja lett. A szifilisz elleni t\u00e1rsadalmi k\u00fczdelem, a nemibeteg- \u00e9s b\u0151rgombasz\u0171r\u00e9sek kezdem\u00e9nyez\u0151je volt haz\u00e1nkban. 1938-ban vonult nyugd\u00edjba. Az 1930\/31. tan\u00e9vben t\u00f6lt\u00f6tte be az egyetem rektori m\u00e9lt\u00f3s\u00e1g\u00e1t. \/k\u00e9p lel\u0151helye: SOTE-lev\u00e9lt\u00e1r 318. fond\/<\/p>\n","protected":false},"excerpt":{"rendered":"<p><a href=\"https:\/\/semmelweis.hu\/baratikor\/files\/2022\/07\/044_11.jpg\"><\/a> (Pest, 1868 &#8211; Budapest, 1957) Orvosi tanulm\u00e1nyait Budapesten v\u00e9gezte, oklevelet 1889-ben kapott. 1886-t\u00f3l 1893-ig gyakornok, ill. tan\u00e1rseg\u00e9d az \u00e9let- \u00e9s k\u00f3rvegytani (Pl\u00f3sz P\u00e1l), a k\u00f6zeg\u00e9szs\u00e9gtani (Fodor J\u00f3zsef), illetve a k\u00f3rbonctani (Pertik Ott\u00f3) tansz\u00e9keken. Hosszabb k\u00fclf\u00f6ldi utat szentelt a ritk\u00e1bb b\u0151rbetegs\u00e9gek tanulm\u00e1nyoz\u00e1s\u00e1nak, melynek sor\u00e1n Spanyolorsz\u00e1gba \u00e9s \u00c9szak-Afrik\u00e1ba is eljutott. Hazat\u00e9rve 1896-t\u00f3l a F\u0151v\u00e1rosi Bakteriol\u00f3giai Int\u00e9zet igazgat\u00f3ja &hellip;<\/p>\n","protected":false},"author":282,"featured_media":956,"parent":347,"menu_order":0,"comment_status":"closed","ping_status":"closed","template":"template-fullwidth.php","meta":{"_acf_changed":false,"footnotes":""},"categories":[77,5,14],"tags":[],"class_list":["post-955","page","type-page","status-publish","has-post-thumbnail","hentry","category-kegyeleti-adattar","category-rektorok","category-teljes-nevlista"],"acf":[],"_links":{"self":[{"href":"https:\/\/semmelweis.hu\/baratikor\/wp-json\/wp\/v2\/pages\/955","targetHints":{"allow":["GET"]}}],"collection":[{"href":"https:\/\/semmelweis.hu\/baratikor\/wp-json\/wp\/v2\/pages"}],"about":[{"href":"https:\/\/semmelweis.hu\/baratikor\/wp-json\/wp\/v2\/types\/page"}],"author":[{"embeddable":true,"href":"https:\/\/semmelweis.hu\/baratikor\/wp-json\/wp\/v2\/users\/282"}],"replies":[{"embeddable":true,"href":"https:\/\/semmelweis.hu\/baratikor\/wp-json\/wp\/v2\/comments?post=955"}],"version-history":[{"count":1,"href":"https:\/\/semmelweis.hu\/baratikor\/wp-json\/wp\/v2\/pages\/955\/revisions"}],"predecessor-version":[{"id":957,"href":"https:\/\/semmelweis.hu\/baratikor\/wp-json\/wp\/v2\/pages\/955\/revisions\/957"}],"up":[{"embeddable":true,"href":"https:\/\/semmelweis.hu\/baratikor\/wp-json\/wp\/v2\/pages\/347"}],"wp:featuredmedia":[{"embeddable":true,"href":"https:\/\/semmelweis.hu\/baratikor\/wp-json\/wp\/v2\/media\/956"}],"wp:attachment":[{"href":"https:\/\/semmelweis.hu\/baratikor\/wp-json\/wp\/v2\/media?parent=955"}],"wp:term":[{"taxonomy":"category","embeddable":true,"href":"https:\/\/semmelweis.hu\/baratikor\/wp-json\/wp\/v2\/categories?post=955"},{"taxonomy":"post_tag","embeddable":true,"href":"https:\/\/semmelweis.hu\/baratikor\/wp-json\/wp\/v2\/tags?post=955"}],"curies":[{"name":"wp","href":"https:\/\/api.w.org\/{rel}","templated":true}]}}