{"id":936,"date":"2022-07-13T12:15:49","date_gmt":"2022-07-13T10:15:49","guid":{"rendered":"https:\/\/semmelweis.hu\/baratikor\/?page_id=936"},"modified":"2023-01-09T11:11:27","modified_gmt":"2023-01-09T10:11:27","slug":"belak-sandor","status":"publish","type":"page","link":"https:\/\/semmelweis.hu\/baratikor\/galeria\/teljes-nevlista\/belak-sandor\/","title":{"rendered":"Bel\u00e1k S\u00e1ndor"},"content":{"rendered":"<p style=\"text-align: justify\"><strong><a href=\"https:\/\/semmelweis.hu\/baratikor\/files\/2022\/07\/184_11.jpg\"><img loading=\"lazy\" decoding=\"async\" class=\"alignleft wp-image-937 size-full\" src=\"https:\/\/semmelweis.hu\/baratikor\/files\/2022\/07\/184_11.jpg\" alt=\"\" width=\"295\" height=\"370\" \/><\/a>(Enying, 1886. j\u00falius 17. &#8211; Budapest, 1947. m\u00e1rcius 12.)<\/strong><\/p>\n<p style=\"text-align: justify\">D\u00e9k\u00e1n: 1937\/38 &#8211; 1938\/39<\/p>\n<p style=\"text-align: justify\">Orvoss\u00e1 Budapesten avatt\u00e1k 1910. febru\u00e1r 12-\u00e9n. 1908-t\u00f3l dolgozott a Tangl Ferenc vezette \u00c1ltal\u00e1nos K\u00f3rtani Int\u00e9zetben tan\u00e1rseg\u00e9dk\u00e9nt, majd a Gy\u00f3gyszertani Int\u00e9zet adjunktusa lett. 1917-ben szerzett mag\u00e1ntan\u00e1ri k\u00e9pes\u00edt\u00e9st a k\u00eds\u00e9rleti gy\u00f3gyszertan t\u00e1rgyk\u00f6r\u00e9ben. 1921-ben kinevez\u00e9st kapott a Debreceni Tisza Istv\u00e1n Tudom\u00e1nyegyetem \u00fajonnan alakult Orvostudom\u00e1nyi Kar\u00e1ra a gy\u00f3gyszerhat\u00e1stan nyilv\u00e1nos rendes tan\u00e1r\u00e1v\u00e1 \u00e9s a k\u00f6zeg\u00e9szs\u00e9gtan helyettes, majd 1927-t\u0151l nyilv\u00e1nos rendes tan\u00e1r\u00e1v\u00e1. 1922\/23-1923\/24. tan\u00e9vekben ugyanitt d\u00e9k\u00e1ni tisztet t\u00f6lt\u00f6tt be. R\u00f6videbb ideig a berlini Charit\u00e9 Klinik\u00e1n is dolgozott. 1932-ben Budapestre h\u00edvt\u00e1k az \u00e1ltal\u00e1nos k\u00f3rtan nyilv\u00e1nos rendes \u00e9s a bakteriol\u00f3gia megb\u00edzott tan\u00e1r\u00e1nak, egyben az \u00c1ltal\u00e1nos K\u00f3rtani \u00e9s Bakteriol\u00f3giai Int\u00e9zet igazgat\u00f3j\u00e1nak. Ezzel p\u00e1rhuzamosan 1937-t\u0151l ell\u00e1tta a budapesti Rheuma \u00e9s F\u00fcrd\u0151kutat\u00f3 Int\u00e9zet igazgat\u00f3i tiszt\u00e9t. 1943. m\u00e1jus 14-\u00e9n az Akad\u00e9mia levelez\u0151 tagj\u00e1v\u00e1 v\u00e1lasztotta. A Magyar Orvosok Rheumaegyes\u00fclet\u00e9nek \u00e9s a Magyar Hygienikusok T\u00e1rsas\u00e1g\u00e1nak eln\u00f6ke, a Nemzetk\u00f6zi F\u00fcrd\u0151\u00fcgyi Sz\u00f6vets\u00e9g \u00e9s a Magyar Meteorol\u00f3giai T\u00e1rsas\u00e1g aleln\u00f6ke is volt. Kutat\u00e1sai \u00e9rintett\u00e9k az alkat \u00e9s az \u00f6r\u00f6kl\u00f6tt tulajdons\u00e1gok, az orvosi meteorol\u00f3gia, a balneol\u00f3gia, a v\u00e9rk\u00e9pz\u00e9s bakteriol\u00f3gi\u00e1j\u00e1nak ter\u00fclet\u00e9t, a kolloidk\u00e9mi\u00e1t, a vegetat\u00edv idegrendszer \u00e9s az immunrendszer kapcsolat\u00e1t, de foglalkozott a biok\u00e9mia m\u00f3dszertani alapelveivel is. Jelent\u0151sek az orvosmeteorol\u00f3giai \u00e9s balneol\u00f3giai kutat\u00e1sai is. \u00daj vizeletvizsg\u00e1lati m\u00f3dszert is kidolgozott. 1937-t\u0151l k\u00e9t tan\u00e9ven \u00e1t l\u00e1tta el a budapesti Orvoskar d\u00e9k\u00e1ni feladatait.<\/p>\n<p style=\"text-align: justify\">(F\u0151bb munk\u00e1i: A vizeletvizsg\u00e1lat m\u00f3dszerei. Bp., 1914.; Kolloidk\u00e9miai vonatkoz\u00e1sok a farmakol\u00f3gi\u00e1ban. In: Orvosk\u00e9pz\u00e9s, 1919.; A vegetat\u00edv idegrendszer \u00e9s immunit\u00e1s. In: A Tisza Istv\u00e1n Tud. T\u00e1rs. munk\u00e1latai II. 1927.; Adatok a dift\u00e9ria j\u00e1rv\u00e1nytan\u00e1hoz. In: N\u00e9peg\u00e9szs\u00e9g\u00fcgy, 1932.; A balneother\u00e1pia elm\u00e9leti vonatkoz\u00e1sai. In: Orvosk\u00e9pz\u00e9s, 1937.; Az immunit\u00e1s mint vegetat\u00edv functio. In: Orvosi Hetilap, 1938. A rheuma k\u00f3rfejl\u0151d\u00e9se. In: Rheumatol\u00f3gia \/szerk.\/ Bp., 1941.; Gy\u00f3gyf\u00fcrd\u0151k \u00e9s gy\u00f3gyforr\u00e1sok jelent\u0151s\u00e9ge a modern gy\u00f3gy\u00e1szatban. In: A magyar idegenforgalom \u00e9vk\u00f6nyve. Bp., 1941.; A rheumagy\u00f3gy\u00edt\u00e1s \u00e9s megel\u0151z\u00e9s k\u00f3r\u00e9lettani k\u00e9rd\u00e9sei. In: Orvosk\u00e9pz\u00e9s, 1941.; Spastikus \u00e9s dilatatorikus hyperenergia. Bp., 1943.; Rheuma \u00e9s rheum\u00e1s betegs\u00e9gek. In: Orvosk\u00e9pz\u00e9s, 1944.)<\/p>\n","protected":false},"excerpt":{"rendered":"<p><a href=\"https:\/\/semmelweis.hu\/baratikor\/files\/2022\/07\/184_11.jpg\"><\/a> (Enying, 1886. j\u00falius 17. &#8211; Budapest, 1947. m\u00e1rcius 12.) D\u00e9k\u00e1n: 1937\/38 &#8211; 1938\/39 Orvoss\u00e1 Budapesten avatt\u00e1k 1910. febru\u00e1r 12-\u00e9n. 1908-t\u00f3l dolgozott a Tangl Ferenc vezette \u00c1ltal\u00e1nos K\u00f3rtani Int\u00e9zetben tan\u00e1rseg\u00e9dk\u00e9nt, majd a Gy\u00f3gyszertani Int\u00e9zet adjunktusa lett. 1917-ben szerzett mag\u00e1ntan\u00e1ri k\u00e9pes\u00edt\u00e9st a k\u00eds\u00e9rleti gy\u00f3gyszertan t\u00e1rgyk\u00f6r\u00e9ben. 1921-ben kinevez\u00e9st kapott a Debreceni Tisza Istv\u00e1n Tudom\u00e1nyegyetem \u00fajonnan alakult Orvostudom\u00e1nyi Kar\u00e1ra &hellip;<\/p>\n","protected":false},"author":282,"featured_media":937,"parent":347,"menu_order":0,"comment_status":"closed","ping_status":"closed","template":"template-fullwidth.php","meta":{"_acf_changed":false,"footnotes":""},"categories":[6,20,77,81,14],"tags":[],"class_list":["post-936","page","type-page","status-publish","has-post-thumbnail","hentry","category-dekanok","category-dekanok-karok-szerint","category-kegyeleti-adattar","category-orvosi-kar-dekanjai","category-teljes-nevlista"],"acf":[],"_links":{"self":[{"href":"https:\/\/semmelweis.hu\/baratikor\/wp-json\/wp\/v2\/pages\/936","targetHints":{"allow":["GET"]}}],"collection":[{"href":"https:\/\/semmelweis.hu\/baratikor\/wp-json\/wp\/v2\/pages"}],"about":[{"href":"https:\/\/semmelweis.hu\/baratikor\/wp-json\/wp\/v2\/types\/page"}],"author":[{"embeddable":true,"href":"https:\/\/semmelweis.hu\/baratikor\/wp-json\/wp\/v2\/users\/282"}],"replies":[{"embeddable":true,"href":"https:\/\/semmelweis.hu\/baratikor\/wp-json\/wp\/v2\/comments?post=936"}],"version-history":[{"count":1,"href":"https:\/\/semmelweis.hu\/baratikor\/wp-json\/wp\/v2\/pages\/936\/revisions"}],"predecessor-version":[{"id":938,"href":"https:\/\/semmelweis.hu\/baratikor\/wp-json\/wp\/v2\/pages\/936\/revisions\/938"}],"up":[{"embeddable":true,"href":"https:\/\/semmelweis.hu\/baratikor\/wp-json\/wp\/v2\/pages\/347"}],"wp:featuredmedia":[{"embeddable":true,"href":"https:\/\/semmelweis.hu\/baratikor\/wp-json\/wp\/v2\/media\/937"}],"wp:attachment":[{"href":"https:\/\/semmelweis.hu\/baratikor\/wp-json\/wp\/v2\/media?parent=936"}],"wp:term":[{"taxonomy":"category","embeddable":true,"href":"https:\/\/semmelweis.hu\/baratikor\/wp-json\/wp\/v2\/categories?post=936"},{"taxonomy":"post_tag","embeddable":true,"href":"https:\/\/semmelweis.hu\/baratikor\/wp-json\/wp\/v2\/tags?post=936"}],"curies":[{"name":"wp","href":"https:\/\/api.w.org\/{rel}","templated":true}]}}