{"id":918,"date":"2022-07-13T11:06:04","date_gmt":"2022-07-13T09:06:04","guid":{"rendered":"https:\/\/semmelweis.hu\/baratikor\/?page_id=918"},"modified":"2023-07-11T08:46:21","modified_gmt":"2023-07-11T06:46:21","slug":"kovats-ferenc","status":"publish","type":"page","link":"https:\/\/semmelweis.hu\/baratikor\/galeria\/teljes-nevlista\/kovats-ferenc\/","title":{"rendered":"Kov\u00e1ts Ferenc"},"content":{"rendered":"<p style=\"text-align: justify\"><strong><a href=\"https:\/\/semmelweis.hu\/baratikor\/files\/2022\/07\/065_11.jpg\"><img loading=\"lazy\" decoding=\"async\" class=\"alignleft wp-image-919 size-full\" src=\"https:\/\/semmelweis.hu\/baratikor\/files\/2022\/07\/065_11.jpg\" alt=\"\" width=\"295\" height=\"406\" srcset=\"https:\/\/semmelweis.hu\/baratikor\/files\/2022\/07\/065_11.jpg 295w, https:\/\/semmelweis.hu\/baratikor\/files\/2022\/07\/065_11-291x400.jpg 291w\" sizes=\"auto, (max-width: 295px) 100vw, 295px\" \/><\/a>(Nagyszeben, 1888 &#8211; Budapest, 1983)<\/strong><\/p>\n<p style=\"text-align: justify\">Orvosi oklevel\u00e9t a kolozsv\u00e1ri Ferenc J\u00f3zsef Tudom\u00e1nyegyetemen szerezte 1910-ben. M\u00e1r m\u00e1sod\u00e9ves kor\u00e1t\u00f3l fizet\u00e9ses gyakornok volt az anat\u00f3miai int\u00e9zetben, ami lehet\u0151v\u00e9 tette, hogy tanulm\u00e1nyai k\u00f6lts\u00e9g\u00e9t maga fedezze. Felavat\u00e1sa ut\u00e1n, 1911-ben Radn\u00f3ton v\u00e1llalt k\u00f6rorvosi \u00e1ll\u00e1st, majd 1914-ben V\u00edzakn\u00e1ra ker\u00fclt v\u00e1rosi tisztiorvosnak. 1920-ban Szegedre k\u00f6lt\u00f6z\u00f6tt, ahol a munk\u00e1sbiztos\u00edt\u00f3 p\u00e9nzt\u00e1r t\u00fcd\u0151betegrendel\u0151j\u00e9ben kapott \u00e1ll\u00e1st. Ekkor m\u00e1r csak a tuberkul\u00f3zissal foglalkozott. Munk\u00e1ja mellett a Kolozsv\u00e1rr\u00f3l Szegedre menek\u00fclt egyetem belklinikai laborat\u00f3rium\u00e1ban is dolgozott. K\u00fclf\u00f6ldi tanulm\u00e1ny\u00fatjait saj\u00e1t k\u00f6lts\u00e9g\u00e9n bonyol\u00edtotta. 1924-ben megfordult Albert L\u00e9on Charles Calmette p\u00e1rizsi laborat\u00f3rium\u00e1ban, majd egy \u00e9v m\u00falva Hamburgba, Berlinbe, Halleba, M\u00fcnchenbe \u00e9s Koppenh\u00e1g\u00e1ba l\u00e1togatott. 1927-ben a szegedi egyetemen mag\u00e1ntan\u00e1ri habilit\u00e1ci\u00f3t nyert a tuberkul\u00f3zis t\u00e1rgyk\u00f6r\u00e9ben. 1933-ban felfedezte a paprikahas\u00edt\u00f3k t\u00fcd\u0151betegs\u00e9g\u00e9t, \u00e9s kidolgozta az ellene val\u00f3 v\u00e9dekez\u00e9st, amit m\u00e1s foglalkoz\u00e1si \u00e1rtalmakn\u00e1l is alkalmazni lehetett. 1935-ben c\u00edmzetes rendk\u00edv\u00fcli tan\u00e1r lett. Korszer\u0171 t\u00fcd\u0151beteggondoz\u00f3t l\u00e9tes\u00edtett, \u00e9jjeli szanat\u00f3riumot \u00e9s nappali pihen\u0151t. 1937-ben Budapestre h\u00edvt\u00e1k a Szent J\u00e1nos K\u00f3rh\u00e1z II. t\u00fcd\u0151oszt\u00e1ly\u00e1nak \u00e9l\u00e9re. R\u00f6videsen igazgat\u00f3helyettesi megb\u00edz\u00e1st is kapott, majd 1942-ben kezdem\u00e9nyez\u00e9s\u00e9re megalakult az egyetem t\u00fcd\u0151gy\u00f3gy\u00e1szati tansz\u00e9ke, melyet 1961-ig, nyugd\u00edjba vonul\u00e1s\u00e1ig vezetett. A tansz\u00e9kre val\u00f3 megh\u00edv\u00e1s\u00e1val egyidej\u0171leg kapta meg nyilv\u00e1nos rendes tan\u00e1ri kinevez\u00e9s\u00e9t. 1958-ban, 1961-ben \u00e9s 1978-ban megkapta a Munka \u00c9rdemrend arany fokozat\u00e1t, 1983-ban a Szocialista Magyarorsz\u00e1g\u00e9rt kit\u00fcntet\u00e9seket.<\/p>\n","protected":false},"excerpt":{"rendered":"<p><a href=\"https:\/\/semmelweis.hu\/baratikor\/files\/2022\/07\/065_11.jpg\"><\/a> (Nagyszeben, 1888 &#8211; Budapest, 1983) Orvosi oklevel\u00e9t a kolozsv\u00e1ri Ferenc J\u00f3zsef Tudom\u00e1nyegyetemen szerezte 1910-ben. M\u00e1r m\u00e1sod\u00e9ves kor\u00e1t\u00f3l fizet\u00e9ses gyakornok volt az anat\u00f3miai int\u00e9zetben, ami lehet\u0151v\u00e9 tette, hogy tanulm\u00e1nyai k\u00f6lts\u00e9g\u00e9t maga fedezze. Felavat\u00e1sa ut\u00e1n, 1911-ben Radn\u00f3ton v\u00e1llalt k\u00f6rorvosi \u00e1ll\u00e1st, majd 1914-ben V\u00edzakn\u00e1ra ker\u00fclt v\u00e1rosi tisztiorvosnak. 1920-ban Szegedre k\u00f6lt\u00f6z\u00f6tt, ahol a munk\u00e1sbiztos\u00edt\u00f3 p\u00e9nzt\u00e1r t\u00fcd\u0151betegrendel\u0151j\u00e9ben kapott \u00e1ll\u00e1st. Ekkor &hellip;<\/p>\n","protected":false},"author":282,"featured_media":4952,"parent":347,"menu_order":0,"comment_status":"closed","ping_status":"closed","template":"template-fullwidth.php","meta":{"_acf_changed":false,"footnotes":""},"categories":[77,16,14],"tags":[],"class_list":["post-918","page","type-page","status-publish","has-post-thumbnail","hentry","category-kegyeleti-adattar","category-tanszekvezetok","category-teljes-nevlista"],"acf":[],"_links":{"self":[{"href":"https:\/\/semmelweis.hu\/baratikor\/wp-json\/wp\/v2\/pages\/918","targetHints":{"allow":["GET"]}}],"collection":[{"href":"https:\/\/semmelweis.hu\/baratikor\/wp-json\/wp\/v2\/pages"}],"about":[{"href":"https:\/\/semmelweis.hu\/baratikor\/wp-json\/wp\/v2\/types\/page"}],"author":[{"embeddable":true,"href":"https:\/\/semmelweis.hu\/baratikor\/wp-json\/wp\/v2\/users\/282"}],"replies":[{"embeddable":true,"href":"https:\/\/semmelweis.hu\/baratikor\/wp-json\/wp\/v2\/comments?post=918"}],"version-history":[{"count":2,"href":"https:\/\/semmelweis.hu\/baratikor\/wp-json\/wp\/v2\/pages\/918\/revisions"}],"predecessor-version":[{"id":921,"href":"https:\/\/semmelweis.hu\/baratikor\/wp-json\/wp\/v2\/pages\/918\/revisions\/921"}],"up":[{"embeddable":true,"href":"https:\/\/semmelweis.hu\/baratikor\/wp-json\/wp\/v2\/pages\/347"}],"wp:featuredmedia":[{"embeddable":true,"href":"https:\/\/semmelweis.hu\/baratikor\/wp-json\/wp\/v2\/media\/4952"}],"wp:attachment":[{"href":"https:\/\/semmelweis.hu\/baratikor\/wp-json\/wp\/v2\/media?parent=918"}],"wp:term":[{"taxonomy":"category","embeddable":true,"href":"https:\/\/semmelweis.hu\/baratikor\/wp-json\/wp\/v2\/categories?post=918"},{"taxonomy":"post_tag","embeddable":true,"href":"https:\/\/semmelweis.hu\/baratikor\/wp-json\/wp\/v2\/tags?post=918"}],"curies":[{"name":"wp","href":"https:\/\/api.w.org\/{rel}","templated":true}]}}