{"id":906,"date":"2022-07-13T09:57:26","date_gmt":"2022-07-13T07:57:26","guid":{"rendered":"https:\/\/semmelweis.hu\/baratikor\/?page_id=906"},"modified":"2023-01-09T11:11:28","modified_gmt":"2023-01-09T10:11:28","slug":"beznak-aladar","status":"publish","type":"page","link":"https:\/\/semmelweis.hu\/baratikor\/galeria\/teljes-nevlista\/beznak-aladar\/","title":{"rendered":"Bezn\u00e1k Alad\u00e1r"},"content":{"rendered":"<p style=\"text-align: justify\"><strong><a href=\"https:\/\/semmelweis.hu\/baratikor\/files\/2022\/07\/209_11.jpg\"><img loading=\"lazy\" decoding=\"async\" class=\"alignleft wp-image-907 size-full\" src=\"https:\/\/semmelweis.hu\/baratikor\/files\/2022\/07\/209_11.jpg\" alt=\"\" width=\"295\" height=\"370\" \/><\/a>(Szatm\u00e1rn\u00e9meti, 1901. augusztus 31. &#8211; Montreal, 1959. j\u00falius 17.)<\/strong><\/p>\n<p style=\"text-align: justify\">D\u00e9k\u00e1n: 1944\/45 II. f\u00e9l\u00e9v<\/p>\n<p style=\"text-align: justify\">Debrecenben szerzett orvosi diplom\u00e1t 1925-ben. M\u00e1r 1922-t\u0151l Verz\u00e1r Frigyes professzor mellett a debreceni \u00c9lettani Int\u00e9zet munkat\u00e1rsa volt eg\u00e9szen 1932-ig, mag\u00e1ntan\u00e1ri k\u00e9pes\u00edt\u00e9s\u00e9nek megszerz\u00e9s\u00e9ig. Docent\u00far\u00e1j\u00e1t az \u201eAnyagcsere \u00e9letvegytana\u201d t\u00e1rgyk\u00f6rben szerezte. 1922-t\u0151l \u00e9vente megfordult k\u00fclf\u00f6ld\u00f6n: \u00edgy Gustav Embdenn\u00e9l Frankfurtban (izombiok\u00e9mia), Max Bergmann\u00e1l Drezd\u00e1ban (organikus k\u00e9mia), illetve olasz egyetemeken \u00e9s a n\u00e1polyi Biol\u00f3giai Int\u00e9zetben is dolgozott. 1925-1927 k\u00f6z\u00f6tt Rockefeller-\u00f6szt\u00f6nd\u00edjjal j\u00e1rt Londonban Charles Robert Haringtonn\u00e1l (biok\u00e9miai \u00e9s organikus k\u00e9mia) \u00e9s Ernest Henry Starlingn\u00e1l (experiment\u00e1lis operat\u00edv \u00e9lettani m\u00f3dszerek), majd Cambridge-ben dolgozott Sir Frederick Gowland Hopkins professzorn\u00e1l. 1930-1932 k\u00f6z\u00f6tt, Verz\u00e1r professzor b\u00e1zeli m\u0171k\u00f6d\u00e9se alatt helyettese volt az int\u00e9zet \u00e9l\u00e9n. A mag\u00e1ntan\u00e1ri fokozat megszerz\u00e9se ut\u00e1n Budapestre h\u00edvt\u00e1k, a K\u00f3r\u00e9lettani Int\u00e9zetbe rendk\u00edv\u00fcli tan\u00e1ri min\u0151s\u00e9gben. 1935-ben kinevezt\u00e9k az \u00c9lettani Int\u00e9zet tan\u00e1r\u00e1nak. 1945. m\u00e1rcius 30-\u00e1n az Akad\u00e9mia levelez\u0151, majd 1946. december 19-\u00e9n rendes tagj\u00e1v\u00e1 v\u00e1lasztotta. 1946-ban a Klebelsberg idej\u00e9n alap\u00edtott, \u00e9lvonalbeli Tihanyi Biol\u00f3giai Kutat\u00f3 Int\u00e9zet igazgat\u00f3ja lett. A V\u00f6r\u00f6s Hadsereg \u00e1rny\u00e9k\u00e1ban kibontakoz\u00f3 \u00fan. \u201ebaloldali fordulat\u201d jogos gyanakv\u00e1ssal t\u00f6lt\u00f6tte el, \u00e9s a kommunist\u00e1k hatalom\u00e1tv\u00e9tele ut\u00e1n, 1948-ban jobbnak l\u00e1tta Stockholmba, majd Angli\u00e1ba t\u00e1vozni. Innen v\u00e1ndorolt tov\u00e1bb Kanad\u00e1ba, ahol 1954-ben az ottawai \u00c9lettani Int\u00e9zet vezet\u00e9s\u00e9t l\u00e1tta el. 1949. november 29-\u00e9n kiz\u00e1rt\u00e1k az Akad\u00e9mia tagjai k\u00f6z\u00fcl, \u00e9s csak 1989. m\u00e1jus 9-\u00e9n rehabilit\u00e1lt\u00e1k. Els\u0151sorban az anyagcsere \u00e9lettani k\u00e9rd\u00e9seivel foglalkozott, nemzetk\u00f6zileg is jelent\u0151sek t\u00e1pl\u00e1lkoz\u00e1s-\u00e9lettani kutat\u00e1sai. Feles\u00e9g\u00e9vel, Hortob\u00e1gyi Margittal egy\u00fctt a mell\u00e9kvese m\u0171k\u00f6d\u00e9sm\u00f3dja \u00e9s a sz\u00edv alkalmazkod\u00f3-k\u00e9pess\u00e9ge t\u00e1rgyk\u00f6r\u00e9ben v\u00e9gzett kutat\u00f3 munk\u00e1t.<\/p>\n<p style=\"text-align: justify\">(F\u0151bb munk\u00e1i: \u00c9lettani gyakorlatok. Debrecen, 1929.; A gyomor mozg\u00e1sainak mechanizmusa. Bp., 1930.; A szervezet koordin\u00e1l\u00f3 m\u0171k\u00f6d\u00e9sei. Bp., 1934.; \u00c9lettani gyakorlatok. Bp., 1936.; Orvosi \u00e9lettan I-II. Bp., 1938-41.; A mell\u00e9kvese k\u00f3r\u00e9lettana. Bp., 1938., Debrecen, 1939.; A t\u00e1pl\u00e1lkoz\u00e1s-\u00e9lettan \u00fajabb eredm\u00e9nyeinek n\u00e9peg\u00e9szs\u00e9g\u00fcgyi vonatkoz\u00e1sai. Bp., 1938.; A vitaminok \u00e9s az idegrendszer. Bp., 1940.; Orvosi \u00e9lettan. Bp., 1941.; Az edz\u00e9s \u00e9lettana. Bp., 1941.; \u00c9lelmianyagok \u00e9lettani \u00e9rt\u00e9km\u00e9r\u00e9se \/Cs\u00e1ky Tiham\u00e9rral\/. Bp., 1942.; K\u00fcl\u00f6nb\u00f6z\u0151 zs\u00edrok \u00e9s olajok t\u00e1pl\u00e1lkoz\u00e1s\u00e9lettani \u00e9rt\u00e9km\u00e9r\u00e9se feh\u00e9r patk\u00e1nnyal \/Bezn\u00e1k Alad\u00e1rn\u00e9 Hortob\u00e1gyi Margittal \u00e9s hajd\u00fa Istv\u00e1nnal\/. Bp., 1943.; A Study of the Mechanical Response of Striated Frog\u2019s Muscle in Relation to the Theory of Impulse Transmission by Acetylcholine \/G\u00e1sp\u00e1r-R\u00e1day Zsuzsann\u00e1val\/. Tihany, 1948.)<\/p>\n<p><a href=\"https:\/\/semmelweis.hu\/baratikor\/files\/2022\/07\/209_21.jpg\"><img loading=\"lazy\" decoding=\"async\" class=\"alignleft wp-image-908 size-full\" src=\"https:\/\/semmelweis.hu\/baratikor\/files\/2022\/07\/209_21.jpg\" alt=\"\" width=\"295\" height=\"370\" \/><\/a><a href=\"https:\/\/semmelweis.hu\/baratikor\/files\/2022\/07\/209_31.jpg\"><img loading=\"lazy\" decoding=\"async\" class=\"alignleft wp-image-909 size-full\" src=\"https:\/\/semmelweis.hu\/baratikor\/files\/2022\/07\/209_31.jpg\" alt=\"\" width=\"295\" height=\"370\" \/><\/a><\/p>\n","protected":false},"excerpt":{"rendered":"<p><a href=\"https:\/\/semmelweis.hu\/baratikor\/files\/2022\/07\/209_11.jpg\"><\/a> (Szatm\u00e1rn\u00e9meti, 1901. augusztus 31. &#8211; Montreal, 1959. j\u00falius 17.) D\u00e9k\u00e1n: 1944\/45 II. f\u00e9l\u00e9v Debrecenben szerzett orvosi diplom\u00e1t 1925-ben. M\u00e1r 1922-t\u0151l Verz\u00e1r Frigyes professzor mellett a debreceni \u00c9lettani Int\u00e9zet munkat\u00e1rsa volt eg\u00e9szen 1932-ig, mag\u00e1ntan\u00e1ri k\u00e9pes\u00edt\u00e9s\u00e9nek megszerz\u00e9s\u00e9ig. Docent\u00far\u00e1j\u00e1t az \u201eAnyagcsere \u00e9letvegytana\u201d t\u00e1rgyk\u00f6rben szerezte. 1922-t\u0151l \u00e9vente megfordult k\u00fclf\u00f6ld\u00f6n: \u00edgy Gustav Embdenn\u00e9l Frankfurtban (izombiok\u00e9mia), Max Bergmann\u00e1l Drezd\u00e1ban (organikus k\u00e9mia), &hellip;<\/p>\n","protected":false},"author":282,"featured_media":907,"parent":347,"menu_order":0,"comment_status":"closed","ping_status":"closed","template":"template-fullwidth.php","meta":{"_acf_changed":false,"footnotes":""},"categories":[6,20,77,81,14],"tags":[],"class_list":["post-906","page","type-page","status-publish","has-post-thumbnail","hentry","category-dekanok","category-dekanok-karok-szerint","category-kegyeleti-adattar","category-orvosi-kar-dekanjai","category-teljes-nevlista"],"acf":[],"_links":{"self":[{"href":"https:\/\/semmelweis.hu\/baratikor\/wp-json\/wp\/v2\/pages\/906","targetHints":{"allow":["GET"]}}],"collection":[{"href":"https:\/\/semmelweis.hu\/baratikor\/wp-json\/wp\/v2\/pages"}],"about":[{"href":"https:\/\/semmelweis.hu\/baratikor\/wp-json\/wp\/v2\/types\/page"}],"author":[{"embeddable":true,"href":"https:\/\/semmelweis.hu\/baratikor\/wp-json\/wp\/v2\/users\/282"}],"replies":[{"embeddable":true,"href":"https:\/\/semmelweis.hu\/baratikor\/wp-json\/wp\/v2\/comments?post=906"}],"version-history":[{"count":1,"href":"https:\/\/semmelweis.hu\/baratikor\/wp-json\/wp\/v2\/pages\/906\/revisions"}],"predecessor-version":[{"id":910,"href":"https:\/\/semmelweis.hu\/baratikor\/wp-json\/wp\/v2\/pages\/906\/revisions\/910"}],"up":[{"embeddable":true,"href":"https:\/\/semmelweis.hu\/baratikor\/wp-json\/wp\/v2\/pages\/347"}],"wp:featuredmedia":[{"embeddable":true,"href":"https:\/\/semmelweis.hu\/baratikor\/wp-json\/wp\/v2\/media\/907"}],"wp:attachment":[{"href":"https:\/\/semmelweis.hu\/baratikor\/wp-json\/wp\/v2\/media?parent=906"}],"wp:term":[{"taxonomy":"category","embeddable":true,"href":"https:\/\/semmelweis.hu\/baratikor\/wp-json\/wp\/v2\/categories?post=906"},{"taxonomy":"post_tag","embeddable":true,"href":"https:\/\/semmelweis.hu\/baratikor\/wp-json\/wp\/v2\/tags?post=906"}],"curies":[{"name":"wp","href":"https:\/\/api.w.org\/{rel}","templated":true}]}}