{"id":860,"date":"2022-07-13T08:43:59","date_gmt":"2022-07-13T06:43:59","guid":{"rendered":"https:\/\/semmelweis.hu\/baratikor\/?page_id=860"},"modified":"2023-01-09T11:18:30","modified_gmt":"2023-01-09T10:18:30","slug":"gomori-pal","status":"publish","type":"page","link":"https:\/\/semmelweis.hu\/baratikor\/galeria\/teljes-nevlista\/gomori-pal\/","title":{"rendered":"G\u00f6m\u00f6ri P\u00e1l"},"content":{"rendered":"<p style=\"text-align: justify\"><strong><a href=\"https:\/\/semmelweis.hu\/baratikor\/files\/2022\/07\/115_11.jpg\"><img loading=\"lazy\" decoding=\"async\" class=\"alignleft wp-image-861 size-full\" src=\"https:\/\/semmelweis.hu\/baratikor\/files\/2022\/07\/115_11.jpg\" alt=\"\" width=\"295\" height=\"370\" \/><\/a>(Budapest, 1905 &#8211; P\u00e9cs, 1973)<\/strong><\/p>\n<p style=\"text-align: justify\">Orvosi tanulm\u00e1nyait Budapesten v\u00e9gezte 1922 &#8211; 1930 k\u00f6z\u00f6tt. 1924-t\u0151l egy \u00e9ven \u00e1t a K\u00e9miai Int\u00e9zet, majd 1925-1930 k\u00f6z\u00f6tt az \u00c9lettani Int\u00e9zet munkat\u00e1rsa, ut\u00f3bbinak mint tan\u00e1rseg\u00e9d. 1930-t\u00f3l az I. sz. Belklinik\u00e1n folytatta m\u0171k\u00f6d\u00e9s\u00e9t. 1933\/34-ben \u00f6szt\u00f6nd\u00edjjal egy \u00e9vet t\u00f6lt\u00f6tt N\u00e9metorsz\u00e1gban (Berlin: Gy\u00f3gyszertani Int\u00e9zet, Bergmann &#8211; klinika, Frankfurt: Vollhardt &#8211; klinika, Lipcse: Moravitz &#8211; klinika). 1945-ben szerzett mag\u00e1ntan\u00e1ri habilit\u00e1ci\u00f3t a sz\u00edv- \u00e9s vesebetegs\u00e9gek t\u00e1rgyk\u00f6rb\u0151l, ekkort\u00f3l adjunktus. K\u00f6zben, 1944 kar\u00e1csony\u00e1t\u00f3l Ruszny\u00e1k professzor 1946. febru\u00e1ri kinevez\u00e9s\u00e9ig megb\u00edzottk\u00e9nt \u00f6n\u00e1ll\u00f3an vezette a klinik\u00e1t. 1950. november 1-j\u00e9n kapott megb\u00edz\u00e1st az 1936-ban megsz\u00fcntetett III. sz. Belgy\u00f3gy\u00e1szati Klinika \u00fajj\u00e1szervez\u00e9s\u00e9re. Ezzel egyid\u0151ben az Eln\u00f6ki Tan\u00e1cs rendk\u00edv\u00fcli tan\u00e1ri c\u00edmmel t\u00fcntette ki. Egyetemi tan\u00e1ri kinevez\u00e9se a klinika \u00e9l\u00e9re 1951. szeptember 15-\u00e9n kelt. P\u00e1rhuzamosan 1952 &#8211; 1959 k\u00f6z\u00f6tt ell\u00e1tta a Kolt\u00f3i Klinik\u00e1k \u00e9p\u00fcletigazgat\u00f3i feladatait is. 1959 \u00e1prilis\u00e1t\u00f3l hal\u00e1l\u00e1ig a II. sz. Belklinika igazgat\u00f3jak\u00e9nt dolgozott. 1950-t\u0151l az Akad\u00e9mia I. sz. Klinikai Bizotts\u00e1g\u00e1nak tagja, majd eln\u00f6ke 1967-ig. 1952-ben szerezte meg az orvostudom\u00e1nyok doktora fokozatot, 1954-t\u0151l az MTA levelez\u0151, 1965 \u00f3ta rendes tagja. Megalakul\u00e1sa \u00f3ta tagja az Eg\u00e9szs\u00e9g\u00fcgyi Tudom\u00e1nyos Tan\u00e1csnak, 1968-t\u00f3l eln\u00f6ks\u00e9gi tag. 1963-1967 k\u00f6z\u00f6tt tagja volt a Tudom\u00e1nyos Min\u0151s\u00edt\u0151 Bizotts\u00e1gnak. Az Eg\u00e9szs\u00e9g\u00fcgyi Miniszt\u00e9rium vezet\u0151 belgy\u00f3gy\u00e1sza, 1969. janu\u00e1r 1. \u00f3ta az Orsz\u00e1gos Belgy\u00f3gy\u00e1szati Int\u00e9zet igazgat\u00f3ja volt. Kit\u00fcntet\u00e9sei k\u00f6z\u00fcl megeml\u00edtend\u0151 az Orvosegyes\u00fclet Senger d\u00edja (1938) \u00e9s Tauszk d\u00edja (1948), a N\u00e9pk\u00f6zt\u00e1rsas\u00e1gi \u00c9rdem\u00e9rem arany fokozata (1950), a N\u00e9pk\u00f6zt\u00e1rsas\u00e1gi \u00c9rdemrend V. fokozata (1951), a Kossuth-d\u00edj III. fokozata (1957), a Munka \u00c9rdemrend (1961) \u00e9s a Haza Szolg\u00e1lat\u00e1\u00e9rt \u00e9rdem\u00e9rem arany fokozata (1968). Tudom\u00e1nyos munk\u00e1ss\u00e1ga els\u0151sorban a vese, a kering\u00e9si szervek \u00e9s az anyagcsere megbeteged\u00e9seire vonatkozott.<\/p>\n<p style=\"text-align: justify\">\/k\u00e9p lel\u0151helye: SOTE-lev\u00e9lt\u00e1r 49. fond\/<\/p>\n","protected":false},"excerpt":{"rendered":"<p><a href=\"https:\/\/semmelweis.hu\/baratikor\/files\/2022\/07\/115_11.jpg\"><\/a> (Budapest, 1905 &#8211; P\u00e9cs, 1973) Orvosi tanulm\u00e1nyait Budapesten v\u00e9gezte 1922 &#8211; 1930 k\u00f6z\u00f6tt. 1924-t\u0151l egy \u00e9ven \u00e1t a K\u00e9miai Int\u00e9zet, majd 1925-1930 k\u00f6z\u00f6tt az \u00c9lettani Int\u00e9zet munkat\u00e1rsa, ut\u00f3bbinak mint tan\u00e1rseg\u00e9d. 1930-t\u00f3l az I. sz. Belklinik\u00e1n folytatta m\u0171k\u00f6d\u00e9s\u00e9t. 1933\/34-ben \u00f6szt\u00f6nd\u00edjjal egy \u00e9vet t\u00f6lt\u00f6tt N\u00e9metorsz\u00e1gban (Berlin: Gy\u00f3gyszertani Int\u00e9zet, Bergmann &#8211; klinika, Frankfurt: Vollhardt &#8211; klinika, Lipcse: Moravitz &hellip;<\/p>\n","protected":false},"author":282,"featured_media":861,"parent":347,"menu_order":0,"comment_status":"closed","ping_status":"closed","template":"template-fullwidth.php","meta":{"_acf_changed":false,"footnotes":""},"categories":[77,16,14],"tags":[],"class_list":["post-860","page","type-page","status-publish","has-post-thumbnail","hentry","category-kegyeleti-adattar","category-tanszekvezetok","category-teljes-nevlista"],"acf":[],"_links":{"self":[{"href":"https:\/\/semmelweis.hu\/baratikor\/wp-json\/wp\/v2\/pages\/860","targetHints":{"allow":["GET"]}}],"collection":[{"href":"https:\/\/semmelweis.hu\/baratikor\/wp-json\/wp\/v2\/pages"}],"about":[{"href":"https:\/\/semmelweis.hu\/baratikor\/wp-json\/wp\/v2\/types\/page"}],"author":[{"embeddable":true,"href":"https:\/\/semmelweis.hu\/baratikor\/wp-json\/wp\/v2\/users\/282"}],"replies":[{"embeddable":true,"href":"https:\/\/semmelweis.hu\/baratikor\/wp-json\/wp\/v2\/comments?post=860"}],"version-history":[{"count":1,"href":"https:\/\/semmelweis.hu\/baratikor\/wp-json\/wp\/v2\/pages\/860\/revisions"}],"predecessor-version":[{"id":862,"href":"https:\/\/semmelweis.hu\/baratikor\/wp-json\/wp\/v2\/pages\/860\/revisions\/862"}],"up":[{"embeddable":true,"href":"https:\/\/semmelweis.hu\/baratikor\/wp-json\/wp\/v2\/pages\/347"}],"wp:featuredmedia":[{"embeddable":true,"href":"https:\/\/semmelweis.hu\/baratikor\/wp-json\/wp\/v2\/media\/861"}],"wp:attachment":[{"href":"https:\/\/semmelweis.hu\/baratikor\/wp-json\/wp\/v2\/media?parent=860"}],"wp:term":[{"taxonomy":"category","embeddable":true,"href":"https:\/\/semmelweis.hu\/baratikor\/wp-json\/wp\/v2\/categories?post=860"},{"taxonomy":"post_tag","embeddable":true,"href":"https:\/\/semmelweis.hu\/baratikor\/wp-json\/wp\/v2\/tags?post=860"}],"curies":[{"name":"wp","href":"https:\/\/api.w.org\/{rel}","templated":true}]}}