{"id":844,"date":"2022-06-24T12:05:50","date_gmt":"2022-06-24T10:05:50","guid":{"rendered":"https:\/\/semmelweis.hu\/baratikor\/?page_id=844"},"modified":"2023-07-11T08:55:54","modified_gmt":"2023-07-11T06:55:54","slug":"moldovanyi-istvan","status":"publish","type":"page","link":"https:\/\/semmelweis.hu\/baratikor\/galeria\/teljes-nevlista\/moldovanyi-istvan\/","title":{"rendered":"Moldov\u00e1nyi Istv\u00e1n"},"content":{"rendered":"<p><a href=\"https:\/\/semmelweis.hu\/baratikor\/files\/2022\/06\/122_11.jpg\"><img loading=\"lazy\" decoding=\"async\" class=\"alignleft wp-image-845 size-full\" src=\"https:\/\/semmelweis.hu\/baratikor\/files\/2022\/06\/122_11.jpg\" alt=\"\" width=\"295\" height=\"442\" srcset=\"https:\/\/semmelweis.hu\/baratikor\/files\/2022\/06\/122_11.jpg 295w, https:\/\/semmelweis.hu\/baratikor\/files\/2022\/06\/122_11-267x400.jpg 267w\" sizes=\"auto, (max-width: 295px) 100vw, 295px\" \/><\/a>Els\u0151 tansz\u00e9kvezet\u0151: Testnevel\u00e9si Tansz\u00e9k (1952)<\/p>\n","protected":false},"excerpt":{"rendered":"<p><a href=\"https:\/\/semmelweis.hu\/baratikor\/files\/2022\/06\/122_11.jpg\"><\/a>Els\u0151 tansz\u00e9kvezet\u0151: Testnevel\u00e9si Tansz\u00e9k (1952)<\/p>\n","protected":false},"author":282,"featured_media":4963,"parent":347,"menu_order":0,"comment_status":"closed","ping_status":"closed","template":"template-fullwidth.php","meta":{"_acf_changed":false,"footnotes":""},"categories":[77,16,14],"tags":[],"class_list":["post-844","page","type-page","status-publish","has-post-thumbnail","hentry","category-kegyeleti-adattar","category-tanszekvezetok","category-teljes-nevlista"],"acf":[],"_links":{"self":[{"href":"https:\/\/semmelweis.hu\/baratikor\/wp-json\/wp\/v2\/pages\/844","targetHints":{"allow":["GET"]}}],"collection":[{"href":"https:\/\/semmelweis.hu\/baratikor\/wp-json\/wp\/v2\/pages"}],"about":[{"href":"https:\/\/semmelweis.hu\/baratikor\/wp-json\/wp\/v2\/types\/page"}],"author":[{"embeddable":true,"href":"https:\/\/semmelweis.hu\/baratikor\/wp-json\/wp\/v2\/users\/282"}],"replies":[{"embeddable":true,"href":"https:\/\/semmelweis.hu\/baratikor\/wp-json\/wp\/v2\/comments?post=844"}],"version-history":[{"count":2,"href":"https:\/\/semmelweis.hu\/baratikor\/wp-json\/wp\/v2\/pages\/844\/revisions"}],"predecessor-version":[{"id":847,"href":"https:\/\/semmelweis.hu\/baratikor\/wp-json\/wp\/v2\/pages\/844\/revisions\/847"}],"up":[{"embeddable":true,"href":"https:\/\/semmelweis.hu\/baratikor\/wp-json\/wp\/v2\/pages\/347"}],"wp:featuredmedia":[{"embeddable":true,"href":"https:\/\/semmelweis.hu\/baratikor\/wp-json\/wp\/v2\/media\/4963"}],"wp:attachment":[{"href":"https:\/\/semmelweis.hu\/baratikor\/wp-json\/wp\/v2\/media?parent=844"}],"wp:term":[{"taxonomy":"category","embeddable":true,"href":"https:\/\/semmelweis.hu\/baratikor\/wp-json\/wp\/v2\/categories?post=844"},{"taxonomy":"post_tag","embeddable":true,"href":"https:\/\/semmelweis.hu\/baratikor\/wp-json\/wp\/v2\/tags?post=844"}],"curies":[{"name":"wp","href":"https:\/\/api.w.org\/{rel}","templated":true}]}}

Moldoványi István

<p><a href="https://semmelweis.hu/baratikor/files/2022/06/122_11.jpg"><img loading="lazy" decoding="async" class="alignleft wp-image-845 size-full" src="https://semmelweis.hu/baratikor/files/2022/06/122_11.jpg" alt="" width="295" height="442" srcset="https://semmelweis.hu/baratikor/files/2022/06/122_11.jpg 295w, https://semmelweis.hu/baratikor/files/2022/06/122_11-267x400.jpg 267w" sizes="auto, (max-width: 295px) 100vw, 295px" /></a>Első tanszékvezető: Testnevelési Tanszék (1952)</p>

<p><a href="https://semmelweis.hu/baratikor/files/2022/06/122_11.jpg"></a>Első tanszékvezető: Testnevelési Tanszék (1952)</p>
