{"id":835,"date":"2022-06-24T11:58:40","date_gmt":"2022-06-24T09:58:40","guid":{"rendered":"https:\/\/semmelweis.hu\/baratikor\/?page_id=835"},"modified":"2023-07-31T09:28:17","modified_gmt":"2023-07-31T07:28:17","slug":"gegesi-kiss-pal","status":"publish","type":"page","link":"https:\/\/semmelweis.hu\/baratikor\/galeria\/teljes-nevlista\/gegesi-kiss-pal\/","title":{"rendered":"Gegesi Kiss P\u00e1l"},"content":{"rendered":"<p style=\"text-align: justify\"><a href=\"https:\/\/semmelweis.hu\/baratikor\/files\/2022\/06\/049_11.jpg\"><img loading=\"lazy\" decoding=\"async\" class=\"alignleft wp-image-836 size-full\" src=\"https:\/\/semmelweis.hu\/baratikor\/files\/2022\/06\/049_11.jpg\" alt=\"\" width=\"295\" height=\"369\" \/><\/a><strong>(Nagysz\u0151ll\u0151s, 1900. november 2. &#8211; Budapest, 1993. \u00e1prilis 3.)<\/strong><\/p>\n<p style=\"text-align: justify\">D\u00e9k\u00e1n: 1950\/51 &#8211; 1954\/55<\/p>\n<p style=\"text-align: justify\">Orvosi tanulm\u00e1nyait Kolozsv\u00e1rott kezdte 1917-ben \u00e9s Budapesten fejezte be, oklevel\u00e9t 1923. j\u00fanius 28-\u00e1n kapta. 1924 \u00f3ta a Gyermekklinik\u00e1n m\u0171k\u00f6d\u00f6tt el\u0151bb tan\u00e1rseg\u00e9dk\u00e9nt, k\u00e9s\u0151bb adjunktus, majd 1942-t\u0151l klinikai f\u0151orvosi min\u0151s\u00e9gben. Mag\u00e1ntan\u00e1ri habilit\u00e1ci\u00f3t 1934-ben szerzett \u201eA gyermekkori sz\u00edvbetegs\u00e9gek k\u00f3rism\u00e9z\u00e9se \u00e9s kezel\u00e9se\u201d t\u00e1rgyk\u00f6rben. 1942-t\u0151l c\u00edmzetes rendk\u00edv\u00fcli tan\u00e1r, majd 1945. m\u00e1jus 17-t\u0151l a klinika megb\u00edzott vezet\u0151je. Ebben az \u00e9vben tagja volt az \u00f6ttag\u00fa budapesti Eg\u00e9szs\u00e9g\u00fcgyi Tan\u00e1csnak, mely az ostrom ut\u00e1ni f\u0151v\u00e1ros eg\u00e9szs\u00e9g\u00fcgy\u00e9t, j\u00e1rv\u00e1nyv\u00e9delm\u00e9t, a klinik\u00e1k \u00fajj\u00e1\u00e9p\u00edt\u00e9s\u00e9t szervezte. 1946. j\u00falius 12-\u00e9n egyetemi tan\u00e1ri \u00e9s klinikaigazgat\u00f3i kinevez\u00e9st kapott, melyet 1971-es nyug\u00e1llom\u00e1nyba vonul\u00e1s\u00e1ig megtartott. Ezut\u00e1n tudom\u00e1nyos tan\u00e1csad\u00f3k\u00e9nt vett r\u00e9szt a klinika munk\u00e1j\u00e1ban. P\u00e1ly\u00e1ja els\u0151 szakasz\u00e1ban f\u0151k\u00e9nt a k\u00f6zponti idegrendszer, az agy szervi betegs\u00e9geivel, a gyermekkori agydaganatokkal foglalkozott. K\u00e9s\u0151bb a velesz\u00fcletett cukorbetegs\u00e9get, valamint a sz\u00edvb\u00e1ntalmak, a kering\u00e9si rendelleness\u00e9gek \u00e9s a fert\u0151z\u00e9sek csecsem\u0151kori sorvad\u00e1shoz vezet\u0151 hat\u00e1smechanizmus\u00e1t tanulm\u00e1nyozta. Behat\u00f3an foglalkozott a reum\u00e1s l\u00e1z, dift\u00e9ria, skarl\u00e1t, t\u00edfusz \u00e9s t\u00fcd\u0151gyullad\u00e1s \u00e1ltal el\u0151id\u00e9zett gyermekkori sz\u00edvbetegs\u00e9gekkel, az elektrokardiogr\u00e1fi\u00e1val felt\u00e1rhat\u00f3 rendelleness\u00e9gekkel. Mindk\u00e9t akad\u00e9miai sz\u00e9kfoglal\u00f3ja gyermekgy\u00f3gy\u00e1szati t\u00e9m\u00e1ban hangzott el (Diphtheria miatti sz\u00edvhal\u00e1l k\u00f6zvetlen mechanizmus\u00e1r\u00f3l \u00e9s a hal\u00e1l elh\u00e1r\u00edt\u00e1s\u00e1nak lehet\u0151s\u00e9g\u00e9r\u0151l, 1950; A diabetes mellitus alatti coma \u00e9s kezel\u00e9se csecsem\u0151- \u00e9s gyermekkorban, 1954). Jelent\u0151s eredm\u00e9nyeket \u00e9rt el klinikai gyermekpszichol\u00f3giai kutat\u00e1saival is, t\u00f6bbek k\u00f6z\u00f6tt tanulm\u00e1nyozta a gyermekkori szem\u00e9lyis\u00e9gzavarokat. Az MTA-nak 1949. okt\u00f3ber 31-t\u0151l levelez\u0151, 1954. j\u00fanius 19-t\u0151l rendes tagja, s\u0151t hossz\u00fa id\u0151n \u00e1t (1958. november 28. \u2013 1973. m\u00e1jus 11.) eln\u00f6ks\u00e9gi tagja volt. Sz\u00e1mos kit\u00fcntet\u00e9se k\u00f6z\u00fcl megeml\u00edtend\u0151 a Magyar N\u00e9pk\u00f6zt\u00e1rsas\u00e1gi \u00c9rdemrend (1950, 1952), az 1953-ban kapott Kossuth-d\u00edj bronz fokozata, a Magyar Szabads\u00e1g \u00c9rdemrend (1957), az 1958-ban neki \u00edt\u00e9lt B\u00f3kay J\u00e1nos-eml\u00e9k\u00e9rem, a Munka \u00c9rdemrend (1960, 1961, 1969), az 1963-ban elnyert Semmelweis-eml\u00e9k\u00e9rem \u00e9s Kiv\u00e1l\u00f3 Orvos kit\u00fcntet\u00e9s, a Felszabadul\u00e1si Jubileumi Eml\u00e9k\u00e9rem (1970), a Munka V\u00f6r\u00f6s Z\u00e1szl\u00f3 \u00c9rdemrendje (1971),valamint az Akad\u00e9miai Arany\u00e9rem (1973) \u00e9s a Magyar N\u00e9pk\u00f6zt\u00e1rsas\u00e1g Z\u00e1szl\u00f3rendje (1980). Az Orvoskarnak az 1950\/51. tan\u00e9vt\u0151l volt d\u00e9k\u00e1nja, 1951. febru\u00e1r 1-j\u00e9t\u0151l, a kar \u00f6n\u00e1ll\u00f3s\u00edt\u00e1s\u00e1t\u00f3l kezdve gyakorlatilag rektori hat\u00e1sk\u00f6rrel. A rektor\u00e1tus 1955. augusztus 13-i fel\u00e1ll\u00edt\u00e1s\u00e1t\u00f3l kezdve 1961. szeptember 1-j\u00e9ig a Budapesti Orvostudom\u00e1nyi Egyetem rektora. 1982-ben a SOTE tiszteletbeli szen\u00e1tor\u00e1v\u00e1 v\u00e1lasztotta. Egyetemi oktat\u00f3i p\u00e1ly\u00e1ja mellett 1957 \u2013 1989 k\u00f6z\u00f6tt a Magyar V\u00f6r\u00f6skereszt eln\u00f6ki tiszt\u00e9t is bet\u00f6lt\u00f6tte. A Magyar Gyermekorvosok T\u00e1rsas\u00e1g\u00e1nak \u00f6r\u00f6k\u00f6s d\u00edszeln\u00f6ke, 1962-ben pedig az \u00fajj\u00e1szervezett Magyar Pszichol\u00f3giai T\u00e1rsas\u00e1g els\u0151 eln\u00f6ke lett. 1957-t\u0151l a szovjet, 1962-t\u0151l a lengyel, 1963-t\u00f3l a csehszlov\u00e1k \u00e9s az olasz, 1964-t\u0151l pedig a bolg\u00e1r gyermekgy\u00f3gy\u00e1szati t\u00e1rsas\u00e1g tiszteletbeli tagja volt. A Paediatria Danubiana, a Gyermekgy\u00f3gy\u00e1szat, \u00e9s az Acta Paediatrica szerkeszt\u0151bizotts\u00e1gi eln\u00f6ke, 1961-t\u0151l 1967-ig a Magyar Pszichol\u00f3giai Szemle f\u0151szerkeszt\u0151jek\u00e9nt m\u0171k\u00f6d\u00f6tt. Feles\u00e9ge, Forg\u00e1cs Hann Erzs\u00e9bet szobr\u00e1szn\u0151 r\u00e9v\u00e9n szorosan kapcsol\u00f3dott a m\u0171v\u00e9szeti \u00e9lethez, \u0151 maga is szenved\u00e9lyes m\u0171gy\u0171jt\u0151 volt.<\/p>\n<p style=\"text-align: justify\">(F\u0151bb munk\u00e1i: Diphtheria miatti sz\u00edvhal\u00e1l k\u00f6zvetlen mechanizmus\u00e1r\u00f3l \u00e9s a hal\u00e1l elh\u00e1r\u00edt\u00e1s\u00e1nak lehet\u0151s\u00e9g\u00e9r\u0151l,MTA Orvosi Tudom\u00e1nyok Oszt\u00e1ly\u00e1nak K\u00f6zlem\u00e9nyei, 1951.; Sz\u00edv- \u00e9s v\u00e9rkering\u00e9si betegs\u00e9gek csecsem\u0151- \u00e9s gyermekkorban. \/Szutr\u00e9ly Gyul\u00e1val\/ Bp. 1953, 1959.; A diabetes mellitus csecsem\u0151- \u00e9s gyermekkorban. \/Barta Lajossal\/ Bp. 1956, 1966, n\u00e9met\u00fcl 1957, oroszul 1967.; Sz\u00edv- \u00e9s v\u00e9rkering\u00e9si betegs\u00e9gek csecsem\u0151- \u00e9s gyermekkorban. 2. \u00e1td., b\u0151v. kiad. Bp., 1960, n\u00e9met\u00fcl 1960, oroszul 1962.; A betegs\u00e9g \u00e9s gy\u00f3gy\u00edt\u00e1s. Bp., 1961, n\u00e9met\u00fcl 1965.; Szem\u00e9lyis\u00e9gzavarok gyermekkorban. \/Liebermann Lucyvel\/ Bp., 1965, n\u00e9met\u00fcl 1969.; A klinikai pszichol\u00f3gia alapjair\u00f3l. Bp.1966.; Gyermekklinikai pszichol\u00f3gia. Bp., 1971, n\u00e9met\u00fcl 1976.)<\/p>\n","protected":false},"excerpt":{"rendered":"<p><a href=\"https:\/\/semmelweis.hu\/baratikor\/files\/2022\/06\/049_11.jpg\"><\/a> (Nagysz\u0151ll\u0151s, 1900. november 2. &#8211; Budapest, 1993. \u00e1prilis 3.) D\u00e9k\u00e1n: 1950\/51 &#8211; 1954\/55 Orvosi tanulm\u00e1nyait Kolozsv\u00e1rott kezdte 1917-ben \u00e9s Budapesten fejezte be, oklevel\u00e9t 1923. j\u00fanius 28-\u00e1n kapta. 1924 \u00f3ta a Gyermekklinik\u00e1n m\u0171k\u00f6d\u00f6tt el\u0151bb tan\u00e1rseg\u00e9dk\u00e9nt, k\u00e9s\u0151bb adjunktus, majd 1942-t\u0151l klinikai f\u0151orvosi min\u0151s\u00e9gben. Mag\u00e1ntan\u00e1ri habilit\u00e1ci\u00f3t 1934-ben szerzett \u201eA gyermekkori sz\u00edvbetegs\u00e9gek k\u00f3rism\u00e9z\u00e9se \u00e9s kezel\u00e9se\u201d t\u00e1rgyk\u00f6rben. 1942-t\u0151l c\u00edmzetes rendk\u00edv\u00fcli &hellip;<\/p>\n","protected":false},"author":282,"featured_media":836,"parent":347,"menu_order":0,"comment_status":"closed","ping_status":"closed","template":"template-fullwidth.php","meta":{"_acf_changed":false,"footnotes":""},"categories":[6,20,77,81,5,14],"tags":[],"class_list":["post-835","page","type-page","status-publish","has-post-thumbnail","hentry","category-dekanok","category-dekanok-karok-szerint","category-kegyeleti-adattar","category-orvosi-kar-dekanjai","category-rektorok","category-teljes-nevlista"],"acf":[],"_links":{"self":[{"href":"https:\/\/semmelweis.hu\/baratikor\/wp-json\/wp\/v2\/pages\/835","targetHints":{"allow":["GET"]}}],"collection":[{"href":"https:\/\/semmelweis.hu\/baratikor\/wp-json\/wp\/v2\/pages"}],"about":[{"href":"https:\/\/semmelweis.hu\/baratikor\/wp-json\/wp\/v2\/types\/page"}],"author":[{"embeddable":true,"href":"https:\/\/semmelweis.hu\/baratikor\/wp-json\/wp\/v2\/users\/282"}],"replies":[{"embeddable":true,"href":"https:\/\/semmelweis.hu\/baratikor\/wp-json\/wp\/v2\/comments?post=835"}],"version-history":[{"count":2,"href":"https:\/\/semmelweis.hu\/baratikor\/wp-json\/wp\/v2\/pages\/835\/revisions"}],"predecessor-version":[{"id":1665,"href":"https:\/\/semmelweis.hu\/baratikor\/wp-json\/wp\/v2\/pages\/835\/revisions\/1665"}],"up":[{"embeddable":true,"href":"https:\/\/semmelweis.hu\/baratikor\/wp-json\/wp\/v2\/pages\/347"}],"wp:featuredmedia":[{"embeddable":true,"href":"https:\/\/semmelweis.hu\/baratikor\/wp-json\/wp\/v2\/media\/836"}],"wp:attachment":[{"href":"https:\/\/semmelweis.hu\/baratikor\/wp-json\/wp\/v2\/media?parent=835"}],"wp:term":[{"taxonomy":"category","embeddable":true,"href":"https:\/\/semmelweis.hu\/baratikor\/wp-json\/wp\/v2\/categories?post=835"},{"taxonomy":"post_tag","embeddable":true,"href":"https:\/\/semmelweis.hu\/baratikor\/wp-json\/wp\/v2\/tags?post=835"}],"curies":[{"name":"wp","href":"https:\/\/api.w.org\/{rel}","templated":true}]}}