{"id":829,"date":"2022-06-24T11:50:05","date_gmt":"2022-06-24T09:50:05","guid":{"rendered":"https:\/\/semmelweis.hu\/baratikor\/?page_id=829"},"modified":"2023-01-09T11:18:31","modified_gmt":"2023-01-09T10:18:31","slug":"horanyi-hechst-bela","status":"publish","type":"page","link":"https:\/\/semmelweis.hu\/baratikor\/galeria\/teljes-nevlista\/horanyi-hechst-bela\/","title":{"rendered":"Hor\u00e1nyi (Hechst) B\u00e9la"},"content":{"rendered":"<p style=\"text-align: justify\"><strong><a href=\"https:\/\/semmelweis.hu\/baratikor\/files\/2022\/06\/061_11.jpg\"><img loading=\"lazy\" decoding=\"async\" class=\"alignleft wp-image-830 size-full\" src=\"https:\/\/semmelweis.hu\/baratikor\/files\/2022\/06\/061_11.jpg\" alt=\"\" width=\"295\" height=\"417\" srcset=\"https:\/\/semmelweis.hu\/baratikor\/files\/2022\/06\/061_11.jpg 295w, https:\/\/semmelweis.hu\/baratikor\/files\/2022\/06\/061_11-283x400.jpg 283w\" sizes=\"auto, (max-width: 295px) 100vw, 295px\" \/><\/a>(Budapest, 1904 &#8211; Budapest, 1975)<\/strong><\/p>\n<p style=\"text-align: justify\">Orvosi tanulm\u00e1nyait Budapesten v\u00e9gezte, oklevelet 1928-ban szerzett. B\u00e1r szigorlatait v\u00e9gig kit\u0171n\u0151 eredm\u00e9nnyel tette le, a \u0084sub auspicis gubernatoris\u0094 avat\u00e1st megtagadt\u00e1k t\u0151le. M\u00e9g szigorl\u00f3k\u00e9nt h\u00edvta meg Schaffer K\u00e1roly professzor munkat\u00e1rsnak az Agykutat\u00f3 Int\u00e9zetbe. 1928-t\u00f3l a Schaffer vezette Elme- \u00e9s Idegk\u00f3rtani Klinika agysz\u00f6vettani laborat\u00f3rium\u00e1ban dolgozott el\u0151bb d\u00edjtalan, majd d\u00edjas gyakornokk\u00e9nt. 1928-1929-ben csaknem k\u00e9t \u00e9ves tanulm\u00e1nyutat tett n\u00e9met egyetemek idegklinik\u00e1in. 1932-ben lett tan\u00e1rseg\u00e9d, 1938-ban adjunktus. 1934-ben mag\u00e1ntan\u00e1ri k\u00e9pes\u00edt\u00e9st szerzett az idegrendszer k\u00f3rsz\u00f6vettana t\u00e1rgyk\u00f6rben. 1938\/39-ben hosszabb agysz\u00f6vettani t\u00e1rgy\u00fa tanulm\u00e1nyutat tett Angli\u00e1ban. 1939-ben egyetemi rendk\u00edv\u00fcli tan\u00e1ri c\u00edmet nyert. 1944 \u0151sz\u00e9n, Benedek professzor k\u00fclf\u00f6ldre t\u00e1voz\u00e1sa ut\u00e1n a kar megb\u00edz\u00e1s\u00e1b\u00f3l \u00e1tvette a klinika vezet\u00e9s\u00e9t. 1946. \u00e1prilis\u00e1ban igazgat\u00f3i kinevez\u00e9st \u00e9s egyetemi tan\u00e1ri c\u00edmet kapott. 1951. febru\u00e1rj\u00e1ban koholt v\u00e1dak alapj\u00e1n megfosztott\u00e1k \u00e1ll\u00e1s\u00e1t\u00f3l, de tan\u00e1ri c\u00edm\u00e9t \u00e9s illetm\u00e9nyeit megtarthatta. \u00cdgy ker\u00fclt az Orsz\u00e1gos Ideg- \u00e9s Elmegy\u00f3gy\u00e1szati Int\u00e9zetbe, f\u0151orvosi beoszt\u00e1sba. 1956. okt\u00f3ber 1-j\u00e9n rehabilit\u00e1lt\u00e1k, \u00e9s visszanyerte \u00e1ll\u00e1s\u00e1t. 1957. janu\u00e1r 1-j\u00e9n az Elme- \u00e9s Idegk\u00f3rtani Klinika kett\u00e9oszt\u00e1s\u00e1val l\u00e9trej\u00f6tt Neurol\u00f3giai Klinika \u00e9l\u00e9re nevezt\u00e9k ki. 1967-ben a klinika neve I. sz. Neurol\u00f3giai \u00e9s Psychiatriai Klinik\u00e1ra v\u00e1ltozott. 1952-t\u0151l az orvostudom\u00e1nyok doktora. 1974-ben vonult nyugalomba. Munk\u00e1ss\u00e1g\u00e1ban jelent\u0151sek voltak a gliarostok szubmikroszk\u00f3pos szerkezet\u00e9re, a schizophrenia k\u00f3rsz\u00f6vettan\u00e1ra, a chromophob adenom\u00e1kra \u00e9s a senilis agyelv\u00e1ltoz\u00e1sokra vonatkoz\u00f3 kutat\u00e1sai. Tagja, illetve vezet\u0151s\u00e9gi tagja volt t\u00f6bb hazai \u00e9s k\u00e9t k\u00fclf\u00f6ldi szakmai egyes\u00fcletnek, t\u00e1rsas\u00e1gnak, \u00f6t hazai \u00e9s k\u00fclf\u00f6ldi foly\u00f3irat szerkeszt\u0151bizotts\u00e1g\u00e1nak. 1966-ban elnyerte az \u0084Oktat\u00e1s\u00fcgy Kiv\u00e1l\u00f3 Dolgoz\u00f3ja\u0094 c\u00edmet, 1969-ben pedig a \u0084Verdienst Medaille der DDR\u0094 kit\u00fcntet\u00e9st.<\/p>\n<p style=\"text-align: justify\">\/k\u00e9p lel\u0151helye: SOTE-lev\u00e9lt\u00e1r 49. fond\/<\/p>\n","protected":false},"excerpt":{"rendered":"<p><a href=\"https:\/\/semmelweis.hu\/baratikor\/files\/2022\/06\/061_11.jpg\"><\/a> (Budapest, 1904 &#8211; Budapest, 1975) Orvosi tanulm\u00e1nyait Budapesten v\u00e9gezte, oklevelet 1928-ban szerzett. B\u00e1r szigorlatait v\u00e9gig kit\u0171n\u0151 eredm\u00e9nnyel tette le, a \u0084sub auspicis gubernatoris\u0094 avat\u00e1st megtagadt\u00e1k t\u0151le. M\u00e9g szigorl\u00f3k\u00e9nt h\u00edvta meg Schaffer K\u00e1roly professzor munkat\u00e1rsnak az Agykutat\u00f3 Int\u00e9zetbe. 1928-t\u00f3l a Schaffer vezette Elme- \u00e9s Idegk\u00f3rtani Klinika agysz\u00f6vettani laborat\u00f3rium\u00e1ban dolgozott el\u0151bb d\u00edjtalan, majd d\u00edjas gyakornokk\u00e9nt. 1928-1929-ben csaknem &hellip;<\/p>\n","protected":false},"author":282,"featured_media":830,"parent":347,"menu_order":0,"comment_status":"closed","ping_status":"closed","template":"template-fullwidth.php","meta":{"_acf_changed":false,"footnotes":""},"categories":[77,16,14],"tags":[],"class_list":["post-829","page","type-page","status-publish","has-post-thumbnail","hentry","category-kegyeleti-adattar","category-tanszekvezetok","category-teljes-nevlista"],"acf":[],"_links":{"self":[{"href":"https:\/\/semmelweis.hu\/baratikor\/wp-json\/wp\/v2\/pages\/829","targetHints":{"allow":["GET"]}}],"collection":[{"href":"https:\/\/semmelweis.hu\/baratikor\/wp-json\/wp\/v2\/pages"}],"about":[{"href":"https:\/\/semmelweis.hu\/baratikor\/wp-json\/wp\/v2\/types\/page"}],"author":[{"embeddable":true,"href":"https:\/\/semmelweis.hu\/baratikor\/wp-json\/wp\/v2\/users\/282"}],"replies":[{"embeddable":true,"href":"https:\/\/semmelweis.hu\/baratikor\/wp-json\/wp\/v2\/comments?post=829"}],"version-history":[{"count":1,"href":"https:\/\/semmelweis.hu\/baratikor\/wp-json\/wp\/v2\/pages\/829\/revisions"}],"predecessor-version":[{"id":831,"href":"https:\/\/semmelweis.hu\/baratikor\/wp-json\/wp\/v2\/pages\/829\/revisions\/831"}],"up":[{"embeddable":true,"href":"https:\/\/semmelweis.hu\/baratikor\/wp-json\/wp\/v2\/pages\/347"}],"wp:featuredmedia":[{"embeddable":true,"href":"https:\/\/semmelweis.hu\/baratikor\/wp-json\/wp\/v2\/media\/830"}],"wp:attachment":[{"href":"https:\/\/semmelweis.hu\/baratikor\/wp-json\/wp\/v2\/media?parent=829"}],"wp:term":[{"taxonomy":"category","embeddable":true,"href":"https:\/\/semmelweis.hu\/baratikor\/wp-json\/wp\/v2\/categories?post=829"},{"taxonomy":"post_tag","embeddable":true,"href":"https:\/\/semmelweis.hu\/baratikor\/wp-json\/wp\/v2\/tags?post=829"}],"curies":[{"name":"wp","href":"https:\/\/api.w.org\/{rel}","templated":true}]}}

Horányi (Hechst) Béla

<p style="text-align: justify"><strong><a href="https://semmelweis.hu/baratikor/files/2022/06/061_11.jpg"><img loading="lazy" decoding="async" class="alignleft wp-image-830 size-full" src="https://semmelweis.hu/baratikor/files/2022/06/061_11.jpg" alt="" width="295" height="417" srcset="https://semmelweis.hu/baratikor/files/2022/06/061_11.jpg 295w, https://semmelweis.hu/baratikor/files/2022/06/061_11-283x400.jpg 283w" sizes="auto, (max-width: 295px) 100vw, 295px" /></a>(Budapest, 1904 &#8211; Budapest, 1975)</strong></p>
<p style="text-align: justify">Orvosi tanulmányait Budapesten végezte, oklevelet 1928-ban szerzett. Bár szigorlatait végig kitűnő eredménnyel tette le, a sub auspicis gubernatoris avatást megtagadták tőle. Még szigorlóként hívta meg Schaffer Károly professzor munkatársnak az Agykutató Intézetbe. 1928-tól a Schaffer vezette Elme- és Idegkórtani Klinika agyszövettani laboratóriumában dolgozott előbb díjtalan, majd díjas gyakornokként. 1928-1929-ben csaknem két éves tanulmányutat tett német egyetemek idegklinikáin. 1932-ben lett tanársegéd, 1938-ban adjunktus. 1934-ben magántanári képesítést szerzett az idegrendszer kórszövettana tárgykörben. 1938/39-ben hosszabb agyszövettani tárgyú tanulmányutat tett Angliában. 1939-ben egyetemi rendkívüli tanári címet nyert. 1944 őszén, Benedek professzor külföldre távozása után a kar megbízásából átvette a klinika vezetését. 1946. áprilisában igazgatói kinevezést és egyetemi tanári címet kapott. 1951. februárjában koholt vádak alapján megfosztották állásától, de tanári címét és illetményeit megtarthatta. Így került az Országos Ideg- és Elmegyógyászati Intézetbe, főorvosi beosztásba. 1956. október 1-jén rehabilitálták, és visszanyerte állását. 1957. január 1-jén az Elme- és Idegkórtani Klinika kettéosztásával létrejött Neurológiai Klinika élére nevezték ki. 1967-ben a klinika neve I. sz. Neurológiai és Psychiatriai Klinikára változott. 1952-től az orvostudományok doktora. 1974-ben vonult nyugalomba. Munkásságában jelentősek voltak a gliarostok szubmikroszkópos szerkezetére, a schizophrenia kórszövettanára, a chromophob adenomákra és a senilis agyelváltozásokra vonatkozó kutatásai. Tagja, illetve vezetőségi tagja volt több hazai és két külföldi szakmai egyesületnek, társaságnak, öt hazai és külföldi folyóirat szerkesztőbizottságának. 1966-ban elnyerte az Oktatásügy Kiváló Dolgozója címet, 1969-ben pedig a Verdienst Medaille der DDR kitüntetést.</p>
<p style="text-align: justify">/kép lelőhelye: SOTE-levéltár 49. fond/</p>

<p><a href="https://semmelweis.hu/baratikor/files/2022/06/061_11.jpg"></a> (Budapest, 1904 &#8211; Budapest, 1975) Orvosi tanulmányait Budapesten végezte, oklevelet 1928-ban szerzett. Bár szigorlatait végig kitűnő eredménnyel tette le, a sub auspicis gubernatoris avatást megtagadták tőle. Még szigorlóként hívta meg Schaffer Károly professzor munkatársnak az Agykutató Intézetbe. 1928-tól a Schaffer vezette Elme- és Idegkórtani Klinika agyszövettani laboratóriumában dolgozott előbb díjtalan, majd díjas gyakornokként. 1928-1929-ben csaknem &hellip;</p>
