{"id":817,"date":"2022-06-21T11:53:59","date_gmt":"2022-06-21T09:53:59","guid":{"rendered":"https:\/\/semmelweis.hu\/baratikor\/?page_id=817"},"modified":"2023-01-09T11:11:29","modified_gmt":"2023-01-09T10:11:29","slug":"boros-sandor","status":"publish","type":"page","link":"https:\/\/semmelweis.hu\/baratikor\/galeria\/teljes-nevlista\/boros-sandor\/","title":{"rendered":"Boros S\u00e1ndor"},"content":{"rendered":"<p><strong><a href=\"https:\/\/semmelweis.hu\/baratikor\/files\/2022\/06\/101_11.jpg\"><img loading=\"lazy\" decoding=\"async\" class=\"alignleft wp-image-818 size-full\" src=\"https:\/\/semmelweis.hu\/baratikor\/files\/2022\/06\/101_11.jpg\" alt=\"\" width=\"295\" height=\"370\" \/><\/a>(Kar\u00e1nsebes, 1907-Budapest, 1987)<\/strong><\/p>\n<p style=\"text-align: justify\">K\u00f6z\u00e9piskolai tanulm\u00e1nyait a budapesti evang\u00e9likus f\u0151gimn\u00e1ziumban v\u00e9gezte, majd a budapesti Orvoskarra iratkozott, ahol 1931. szeptember 26-\u00e1n kapott orvosi oklevelet. 1931 okt\u00f3ber\u00e9t\u0151l 1934. november v\u00e9g\u00e9ig a szegedi egyetem Anat\u00f3miai Int\u00e9zet\u00e9ben dolgozott, mint d\u00edjas gyakornok, majd fizet\u00e9stelen tan\u00e1rseg\u00e9d. Innen a budapesti II. sz. Anat\u00f3miai Int\u00e9zetbe ker\u00fclt ugyancsak gyakornoki, majd tan\u00e1rseg\u00e9di min\u0151s\u00e9gben. 1935 szeptember\u00e9t\u0151l egy \u00e9ven \u00e1t a Stomatol\u00f3giai Klinika szaktanfolyamos hallgat\u00f3ja. 1936 okt\u00f3ber\u00e9t\u0151l 1938. augusztus v\u00e9g\u00e9ig a szegedi Anat\u00f3miai Int\u00e9zet tan\u00e1rseg\u00e9dje, majd visszat\u00e9r Budapestre, ahol a Stomatol\u00f3giai Klinika gyakornoka, majd tan\u00e1rseg\u00e9dje 1949-ig. Az 1949\/50-es tan\u00e9vre a M\u0171vel\u0151d\u00e9si Miniszt\u00e9rium az Anat\u00f3miai Int\u00e9zetbe helyezte adjunktusi beoszt\u00e1sban. 1950. szeptember 1-j\u00e9n visszaker\u00fclt a Stomatol\u00f3giai Klinik\u00e1ra, ahol tan\u00e1rseg\u00e9d, adjunktus, majd docens lett. A Stomatol\u00f3giai Klinika 1959-ben t\u00f6rt\u00e9nt feloszt\u00e1s\u00e1val j\u00f6tt l\u00e9tre a Konzerv\u00e1l\u00f3 Fog\u00e1szati Klinika, melynek vezet\u00e9s\u00e9t 1960. m\u00e1rcius 18-\u00e1n Boros S\u00e1ndor docensre b\u00edzt\u00e1k, aki ezt a feladatk\u00f6rt 1973. j\u00fanius 30-i nyugd\u00edjba vonul\u00e1s\u00e1ig l\u00e1tta el. A Magyar Fogorvosok Egyes\u00fclet\u00e9nek vezet\u0151s\u00e9gi tagja volt. \/k\u00e9p lel\u0151helye: SOTE-lev\u00e9lt\u00e1r 49. fond\/<\/p>\n","protected":false},"excerpt":{"rendered":"<p><a href=\"https:\/\/semmelweis.hu\/baratikor\/files\/2022\/06\/101_11.jpg\"><\/a> (Kar\u00e1nsebes, 1907-Budapest, 1987) K\u00f6z\u00e9piskolai tanulm\u00e1nyait a budapesti evang\u00e9likus f\u0151gimn\u00e1ziumban v\u00e9gezte, majd a budapesti Orvoskarra iratkozott, ahol 1931. szeptember 26-\u00e1n kapott orvosi oklevelet. 1931 okt\u00f3ber\u00e9t\u0151l 1934. november v\u00e9g\u00e9ig a szegedi egyetem Anat\u00f3miai Int\u00e9zet\u00e9ben dolgozott, mint d\u00edjas gyakornok, majd fizet\u00e9stelen tan\u00e1rseg\u00e9d. Innen a budapesti II. sz. Anat\u00f3miai Int\u00e9zetbe ker\u00fclt ugyancsak gyakornoki, majd tan\u00e1rseg\u00e9di min\u0151s\u00e9gben. 1935 szeptember\u00e9t\u0151l egy &hellip;<\/p>\n","protected":false},"author":282,"featured_media":818,"parent":347,"menu_order":0,"comment_status":"closed","ping_status":"closed","template":"template-fullwidth.php","meta":{"_acf_changed":false,"footnotes":""},"categories":[77,16,14],"tags":[],"class_list":["post-817","page","type-page","status-publish","has-post-thumbnail","hentry","category-kegyeleti-adattar","category-tanszekvezetok","category-teljes-nevlista"],"acf":[],"_links":{"self":[{"href":"https:\/\/semmelweis.hu\/baratikor\/wp-json\/wp\/v2\/pages\/817","targetHints":{"allow":["GET"]}}],"collection":[{"href":"https:\/\/semmelweis.hu\/baratikor\/wp-json\/wp\/v2\/pages"}],"about":[{"href":"https:\/\/semmelweis.hu\/baratikor\/wp-json\/wp\/v2\/types\/page"}],"author":[{"embeddable":true,"href":"https:\/\/semmelweis.hu\/baratikor\/wp-json\/wp\/v2\/users\/282"}],"replies":[{"embeddable":true,"href":"https:\/\/semmelweis.hu\/baratikor\/wp-json\/wp\/v2\/comments?post=817"}],"version-history":[{"count":1,"href":"https:\/\/semmelweis.hu\/baratikor\/wp-json\/wp\/v2\/pages\/817\/revisions"}],"predecessor-version":[{"id":819,"href":"https:\/\/semmelweis.hu\/baratikor\/wp-json\/wp\/v2\/pages\/817\/revisions\/819"}],"up":[{"embeddable":true,"href":"https:\/\/semmelweis.hu\/baratikor\/wp-json\/wp\/v2\/pages\/347"}],"wp:featuredmedia":[{"embeddable":true,"href":"https:\/\/semmelweis.hu\/baratikor\/wp-json\/wp\/v2\/media\/818"}],"wp:attachment":[{"href":"https:\/\/semmelweis.hu\/baratikor\/wp-json\/wp\/v2\/media?parent=817"}],"wp:term":[{"taxonomy":"category","embeddable":true,"href":"https:\/\/semmelweis.hu\/baratikor\/wp-json\/wp\/v2\/categories?post=817"},{"taxonomy":"post_tag","embeddable":true,"href":"https:\/\/semmelweis.hu\/baratikor\/wp-json\/wp\/v2\/tags?post=817"}],"curies":[{"name":"wp","href":"https:\/\/api.w.org\/{rel}","templated":true}]}}