{"id":784,"date":"2022-06-22T11:42:35","date_gmt":"2022-06-22T09:42:35","guid":{"rendered":"https:\/\/semmelweis.hu\/baratikor\/?page_id=784"},"modified":"2023-07-31T09:44:25","modified_gmt":"2023-07-31T07:44:25","slug":"vegh-antal","status":"publish","type":"page","link":"https:\/\/semmelweis.hu\/baratikor\/galeria\/teljes-nevlista\/vegh-antal\/","title":{"rendered":"V\u00e9gh Antal"},"content":{"rendered":"<p style=\"text-align: justify\"><strong><a href=\"https:\/\/semmelweis.hu\/baratikor\/files\/2022\/06\/132_11.jpg\"><img loading=\"lazy\" decoding=\"async\" class=\"alignleft wp-image-785 size-full\" src=\"https:\/\/semmelweis.hu\/baratikor\/files\/2022\/06\/132_11.jpg\" alt=\"\" width=\"295\" height=\"370\" \/><\/a>(Fegyvernek, 1903 &#8211; Budapest, 1995)<\/strong><\/p>\n<p style=\"text-align: justify\">Gy\u00f3gyszer\u00e9sz csal\u00e1db\u00f3l sz\u00e1rmazott, de csak 1923-ban l\u00e9pett gy\u00f3gyszer\u00e9szi p\u00e1ly\u00e1ra. El\u0151tte, 1921-1923 k\u00f6z\u00f6tt az Innsbrucki Egyetemen teol\u00f3gi\u00e1t hallgatott. Tanulm\u00e1nyait a budapesti m. kir. P\u00e1zm\u00e1ny P\u00e9ter Tudom\u00e1nyegyetemen v\u00e9gezte, 1927-ben kapott gy\u00f3gyszer\u00e9szi oklevelet. 1929-t\u0151l gyakornok az I. sz. Chemiai Int\u00e9zetben, melyet k\u00e9s\u0151bb Analitikai \u00e9s Gy\u00f3gyszer\u00e9szi K\u00e9miai Int\u00e9zetnek, majd Szerves K\u00e9miai \u00e9s Gy\u00f3gyszer\u00e9szi K\u00e9miai Int\u00e9zetnek neveztek. 1932-ben megszerezte a gy\u00f3gyszer\u00e9szi doktor\u00e1tust. Ekkort\u00f3l tan\u00e1rseg\u00e9d, 1940-t\u0151l adjunktus, majd 1946-t\u00f3l int\u00e9zeti tan\u00e1r. 1949-ben megb\u00edzt\u00e1k az Orvostudom\u00e1nyi Karon fel\u00e1ll\u00edtott Gy\u00f3gyszer\u00e9szi K\u00e9miai Int\u00e9zet vezet\u00e9s\u00e9vel. Az Orvoskar \u00f6n\u00e1ll\u00f3sul\u00e1sa ut\u00e1n, 1952. nov. 1-t\u0151l tansz\u00e9kvezet\u0151 egyetemi docens, majd 1956. febr. 1-t\u0151l 1974-ben t\u00f6rt\u00e9nt nyugd\u00edjba vonul\u00e1s\u00e1ig tansz\u00e9kvezet\u0151 egyetemi tan\u00e1r. Tev\u00e9keny szerepet v\u00e1llalt a szakmai szervez\u0151d\u00e9sekben. 1945 \u00e1prilis\u00e1t\u00f3l el\u0151bb a Pedag\u00f3gus, majd az Orvos-Eg\u00e9szs\u00e9g\u00fcgyi Dolgoz\u00f3k Szakszervezet\u00e9nek tagja, 1947-t\u0151l a Gy\u00f3gyszer\u00e9sztudom\u00e1nyi T\u00e1rsas\u00e1g f\u0151titk\u00e1ra. Ennek szakszervezetbe val\u00f3 k\u00e9nyszer\u0171 betagol\u00e1sa ut\u00e1n (1949) szakszervezeti vonalon dolgozott tov\u00e1bb. 1951 m\u00e1jus\u00e1t\u00f3l az Orvos-Eg\u00e9szs\u00e9g\u00fcgyi Dolgoz\u00f3k Szakszervezet\u00e9n bel\u00fcl a Gy\u00f3gyszer\u00e9sz Szakcsoport f\u0151titk\u00e1ra, majd 1953-t\u00f3l 1968-ig eln\u00f6ke. E szakcsoport k\u00e9s\u0151bb Magyar Gy\u00f3gyszer\u00e9szeti T\u00e1rsas\u00e1gk\u00e9nt alakult \u00fajj\u00e1. 1958-t\u00f3l tagja, majd aleln\u00f6ke a szakszervezet K\u00f6zponti Vezet\u0151s\u00e9g\u00e9nek \u00e9s Eln\u00f6ks\u00e9g\u00e9nek. 1952-ben megszerezte a k\u00e9miai tudom\u00e1nyok kandid\u00e1tusa fokozatot, 1955 \u00f3ta tagja az MTA VII. oszt\u00e1ly\u00e1n alakult gy\u00f3gyszer\u00e9sz komplex bizotts\u00e1gnak, majd k\u00e9s\u0151bb a K\u00e9miai Oszt\u00e1ly Analitikai Bizotts\u00e1g\u00e1nak, eln\u00f6ke a TMB Szervesk\u00e9miai Szakbizotts\u00e1g\u00e1nak. Titk\u00e1rk\u00e9nt m\u0171k\u00f6d\u00f6tt k\u00f6zre a Magyar Gy\u00f3gyszerk\u00f6nyv (V. kiad\u00e1s) szerkeszt\u00e9s\u00e9ben 1948-1953 k\u00f6z\u00f6tt. 1958-t\u00f3l a VI. kiad\u00e1s szerkeszt\u00e9s\u00e9ben eln\u00f6khelyettesk\u00e9nt, majd 1964-t\u0151l eln\u00f6kk\u00e9nt vett r\u00e9szt a m\u0171 1967-es megjelen\u00e9s\u00e9ig. 1962-1972 k\u00f6z\u00f6tt az egyetem Gy\u00f3gyszer\u00e9sztudom\u00e1nyi Kar\u00e1nak d\u00e9k\u00e1nja volt. Jelent\u0151sebb kit\u00fcntet\u00e9sei a Szocialista Munk\u00e1\u00e9rt \u00c9rdem\u00e9rem (1954), a Munka \u00c9rdemrend arany fokozata (1963, 1974), a Szakszervezeti Munk\u00e1\u00e9rt arany fokozata (1966, 1973), a Winkler Lajos eml\u00e9k\u00e9rem (1972) \u00e9s a Szocialista Magyarorsz\u00e1g\u00e9rt (1983).<\/p>\n<p style=\"text-align: justify\">\/k\u00e9p lel\u0151helye: dr. Sz\u00e9kely S\u00e1ndor (szerk.): A Semmelweis Orvostudom\u00e1nyi Egyetem klinik\u00e1inak \u00e9s int\u00e9zeteinek t\u00f6rt\u00e9nete 1945-1975. Bp. 1976.\/<\/p>\n","protected":false},"excerpt":{"rendered":"<p><a href=\"https:\/\/semmelweis.hu\/baratikor\/files\/2022\/06\/132_11.jpg\"><\/a> (Fegyvernek, 1903 &#8211; Budapest, 1995) Gy\u00f3gyszer\u00e9sz csal\u00e1db\u00f3l sz\u00e1rmazott, de csak 1923-ban l\u00e9pett gy\u00f3gyszer\u00e9szi p\u00e1ly\u00e1ra. El\u0151tte, 1921-1923 k\u00f6z\u00f6tt az Innsbrucki Egyetemen teol\u00f3gi\u00e1t hallgatott. Tanulm\u00e1nyait a budapesti m. kir. P\u00e1zm\u00e1ny P\u00e9ter Tudom\u00e1nyegyetemen v\u00e9gezte, 1927-ben kapott gy\u00f3gyszer\u00e9szi oklevelet. 1929-t\u0151l gyakornok az I. sz. Chemiai Int\u00e9zetben, melyet k\u00e9s\u0151bb Analitikai \u00e9s Gy\u00f3gyszer\u00e9szi K\u00e9miai Int\u00e9zetnek, majd Szerves K\u00e9miai \u00e9s Gy\u00f3gyszer\u00e9szi K\u00e9miai &hellip;<\/p>\n","protected":false},"author":282,"featured_media":785,"parent":347,"menu_order":0,"comment_status":"closed","ping_status":"closed","template":"template-fullwidth.php","meta":{"_acf_changed":false,"footnotes":""},"categories":[6,20,83,77,16,14],"tags":[],"class_list":["post-784","page","type-page","status-publish","has-post-thumbnail","hentry","category-dekanok","category-dekanok-karok-szerint","category-gytk-dekanjai","category-kegyeleti-adattar","category-tanszekvezetok","category-teljes-nevlista"],"acf":[],"_links":{"self":[{"href":"https:\/\/semmelweis.hu\/baratikor\/wp-json\/wp\/v2\/pages\/784","targetHints":{"allow":["GET"]}}],"collection":[{"href":"https:\/\/semmelweis.hu\/baratikor\/wp-json\/wp\/v2\/pages"}],"about":[{"href":"https:\/\/semmelweis.hu\/baratikor\/wp-json\/wp\/v2\/types\/page"}],"author":[{"embeddable":true,"href":"https:\/\/semmelweis.hu\/baratikor\/wp-json\/wp\/v2\/users\/282"}],"replies":[{"embeddable":true,"href":"https:\/\/semmelweis.hu\/baratikor\/wp-json\/wp\/v2\/comments?post=784"}],"version-history":[{"count":1,"href":"https:\/\/semmelweis.hu\/baratikor\/wp-json\/wp\/v2\/pages\/784\/revisions"}],"predecessor-version":[{"id":786,"href":"https:\/\/semmelweis.hu\/baratikor\/wp-json\/wp\/v2\/pages\/784\/revisions\/786"}],"up":[{"embeddable":true,"href":"https:\/\/semmelweis.hu\/baratikor\/wp-json\/wp\/v2\/pages\/347"}],"wp:featuredmedia":[{"embeddable":true,"href":"https:\/\/semmelweis.hu\/baratikor\/wp-json\/wp\/v2\/media\/785"}],"wp:attachment":[{"href":"https:\/\/semmelweis.hu\/baratikor\/wp-json\/wp\/v2\/media?parent=784"}],"wp:term":[{"taxonomy":"category","embeddable":true,"href":"https:\/\/semmelweis.hu\/baratikor\/wp-json\/wp\/v2\/categories?post=784"},{"taxonomy":"post_tag","embeddable":true,"href":"https:\/\/semmelweis.hu\/baratikor\/wp-json\/wp\/v2\/tags?post=784"}],"curies":[{"name":"wp","href":"https:\/\/api.w.org\/{rel}","templated":true}]}}