{"id":760,"date":"2022-06-21T10:02:57","date_gmt":"2022-06-21T08:02:57","guid":{"rendered":"https:\/\/semmelweis.hu\/baratikor\/?page_id=760"},"modified":"2023-01-09T11:34:30","modified_gmt":"2023-01-09T10:34:30","slug":"stefanics-janos","status":"publish","type":"page","link":"https:\/\/semmelweis.hu\/baratikor\/galeria\/teljes-nevlista\/stefanics-janos\/","title":{"rendered":"Stefanics J\u00e1nos"},"content":{"rendered":"<p style=\"text-align: justify\"><strong><a href=\"https:\/\/semmelweis.hu\/baratikor\/files\/2022\/06\/192_11.jpg\"><img loading=\"lazy\" decoding=\"async\" class=\"alignleft wp-image-761 size-full\" src=\"https:\/\/semmelweis.hu\/baratikor\/files\/2022\/06\/192_11.jpg\" alt=\"\" width=\"295\" height=\"370\" \/><\/a>(Ny\u00e1gova \/M\u00e1ramaros\/, 1914. szeptember 11. &#8211; Budapest, 1982. november 19.)<\/strong><\/p>\n<p style=\"text-align: justify\">D\u00e9k\u00e1n: 1970\/71 &#8211; 1972\/73<\/p>\n<p style=\"text-align: justify\">1932-ben iratkozott be a debreceni gr\u00f3f Tisza Istv\u00e1n Tudom\u00e1nyegyetem Orvoskar\u00e1ra, majd 2 \u00e9vfolyam lehallgat\u00e1sa ut\u00e1n \u00e1tiratkozott a budapesti Orvoskarra, ahol 1938. szeptember 24-\u00e9n avatt\u00e1k orvoss\u00e1. Orvostanhallgat\u00f3k\u00e9nt 1935-t\u0151l az Anat\u00f3miai \u00e9s T\u00e1jbonctani Int\u00e9zetben dolgozott d\u00edjtalan demonstr\u00e1tork\u00e9nt. Avat\u00e1sa ut\u00e1n ugyanitt d\u00edjtalan gyakornok 1939. szeptember 1-ig, amikor a Bakay Lajos vezette II. sz. Seb\u00e9szeti Klinik\u00e1ra ker\u00fclt d\u00edjtalan m\u0171t\u0151n\u00f6vend\u00e9kk\u00e9nt. 1941-ben tett m\u0171t\u0151vizsg\u00e1t, majd d\u00edjtalan m\u0171t\u0151orvosi kinevez\u00e9st kapott. Dolgozott az \u00e1ltal\u00e1nos seb\u00e9szet, az ortop\u00e9dia \u00e9s traumatol\u00f3gia, valamint az agyseb\u00e9szet ter\u00fclet\u00e9n. 1935-t\u0151l t\u00f6bb alkalommal is beh\u00edvt\u00e1k katonai szolg\u00e1latra. 1941 \u00e1prilis\u00e1t\u00f3l decemberig, majd 1942. j\u00faliust\u00f3l a h\u00e1bor\u00fa v\u00e9g\u00e9ig a keleti fronton, hadm\u0171veleti ter\u00fcleten teljes\u00edtett szolg\u00e1latot. 1945 szeptember\u00e9ben tan\u00e1rseg\u00e9di kinevez\u00e9st kapott el\u0151bb d\u00edjtalan, majd 1949-t\u0151l d\u00edjas min\u0151s\u00edt\u00e9sben. Sebesty\u00e9n Gyula professzor hal\u00e1la ut\u00e1n 1954. j\u00falius 28 &#8211; november 13. k\u00f6z\u00f6tt helyettesk\u00e9nt vezette a klinik\u00e1t. Ezut\u00e1n a III. sz. Seb\u00e9szeti Klinik\u00e1t vezette helyettesk\u00e9nt Kud\u00e1sz J\u00f3zsef professzor kinevez\u00e9s\u00e9ig, 1955. szeptember 21-ig. K\u00f6zben 1955. j\u00falius 1-j\u00e9n adjunktuss\u00e1 nevezt\u00e9k ki. 1956 december\u00e9ben megp\u00e1ly\u00e1zta a Mosonmagyar\u00f3v\u00e1ri V\u00e1rosi Tan\u00e1cs K\u00f3rh\u00e1za seb\u00e9sz f\u0151orvosi \u00e1ll\u00e1s\u00e1t, \u00edgy 1957 elej\u00e9t\u0151l 1958. febru\u00e1r 1-j\u00e9ig itt teljes\u00edtett szolg\u00e1latot. Innen a II. sz. Seb\u00e9szeti Klinik\u00e1ra kapott adjunktusi, majd aug. 1-j\u00e9n docensi kinevez\u00e9st. Klimk\u00f3 Dezs\u0151 professzor nyugd\u00edjaz\u00e1sa ut\u00e1n megb\u00edzottk\u00e9nt vezette a klinik\u00e1t 1959. szeptember 1 &#8211; 1961. szeptember 1. k\u00f6z\u00f6tt. Ekkor ugyancsak megb\u00edzott tansz\u00e9kvezet\u0151k\u00e9nt a III. sz. Seb\u00e9szeti Klinika \u00e9l\u00e9re \u00e1llt, ahol 1964. szeptember 1-j\u00e9n kapott tansz\u00e9kvezet\u0151 egyetemi tan\u00e1ri kinevez\u00e9st. K\u00f6zben 1963. j\u00fanius 6-\u00e1n kandid\u00e1tusi fokozatot szerzett. 1974. j\u00falius 1-j\u00e9t\u0151l ism\u00e9t a II. sz. Seb\u00e9szeti Klinik\u00e1t igazgatta 1982-ben bek\u00f6vetkezett hal\u00e1l\u00e1ig.<\/p>\n<p style=\"text-align: justify\">1967 \u2013 1970 k\u00f6z\u00f6tt az egyetem \u00c1ltal\u00e1nos Orvostudom\u00e1nyi Kar\u00e1nak d\u00e9k\u00e1nhelyettese, majd 1973-ig d\u00e9k\u00e1nja. Alapvet\u0151 klinikai tanulm\u00e1nyokat k\u00f6z\u00f6lt a fek\u00e9lybetegs\u00e9g, valamint a t\u00e1pcsatorna k\u00fcl\u00f6nb\u00f6z\u0151 betegs\u00e9geinek seb\u00e9szet\u00e9r\u0151l. 1975-1979 k\u00f6z\u00f6tt a Magyar Seb\u00e9sz T\u00e1rsas\u00e1g eln\u00f6ke volt, sz\u00e1mos k\u00fclf\u00f6ldi t\u00e1rsas\u00e1g is tagj\u00e1v\u00e1 v\u00e1lasztotta. F\u0151bb kit\u00fcntet\u00e9sei: \u00c9rdemes Orvos (1955), Kiv\u00e1l\u00f3 Orvos (1960), Fels\u0151oktat\u00e1s\u00fcgy Kiv\u00e1l\u00f3 Dolgoz\u00f3ja (1968).<\/p>\n<p style=\"text-align: justify\">(F\u0151bb munk\u00e1i: Experimental angiographic studies after damaging the veins or arteries of the inferior extremity \/m\u00e1sokkal\/. Bp. 1956.; A ductus cysticus csonk megbeteged\u00e9s\u00e9b\u0151l ered\u0151 panaszok cholecystektomia ut\u00e1n \/G\u00f6rg\u0151 P\u00e1llal \u00e9s Papp S\u00e1ndorral\/. Bp. 1958.; Id\u0151s korban v\u00e9gzett epem\u0171t\u00e9tek \/Vida \u00d6d\u00f6nnel\/. Bp. 1959.; A gyomor- \u00e9s nyomb\u00e9lfek\u00e9ly m\u0171t\u00e9te ut\u00e1ni k\u00e9s\u0151i panaszok k\u00f3roktana \u00e9s seb\u00e9szi elemz\u00e9se \/Klimk\u00f3 Dezs\u0151vel \u00e9s Egri Gy\u00f6rggyel\/ Bp: 1961.; A Mondor-betegs\u00e9g \/m\u00e1sokkal\/. Bp. 1961.; A v\u00e9kony-, vastag- \u00e9s v\u00e9gb\u00e9l nem daganatos seb\u00e9szi betegs\u00e9gei. Bp. 1962.; R\u00e9szletes seb\u00e9szet 1. \/szerk.\/ Bp. 1969.; R\u00e9szletes seb\u00e9szet \u00e9s traumatol\u00f3gia 2. \/szerk.\/ Bp. 1970.; Adatok az epem\u0171t\u00e9teket k\u00f6vet\u0151 panaszok k\u00f3roktan\u00e1hoz \u00e9s seb\u00e9szi kezel\u00e9s\u00e9hez. Kand. \u00e9rt. Bp. 1962.; Seb\u00e9szet. Bp. 1977., 2. \u00e1tdolg. 1984.; Seb\u00e9szet \/Kocsis L\u00e1szl\u00f3val\/. Bp. 1982.)<\/p>\n","protected":false},"excerpt":{"rendered":"<p><a href=\"https:\/\/semmelweis.hu\/baratikor\/files\/2022\/06\/192_11.jpg\"><\/a> (Ny\u00e1gova \/M\u00e1ramaros\/, 1914. szeptember 11. &#8211; Budapest, 1982. november 19.) D\u00e9k\u00e1n: 1970\/71 &#8211; 1972\/73 1932-ben iratkozott be a debreceni gr\u00f3f Tisza Istv\u00e1n Tudom\u00e1nyegyetem Orvoskar\u00e1ra, majd 2 \u00e9vfolyam lehallgat\u00e1sa ut\u00e1n \u00e1tiratkozott a budapesti Orvoskarra, ahol 1938. szeptember 24-\u00e9n avatt\u00e1k orvoss\u00e1. Orvostanhallgat\u00f3k\u00e9nt 1935-t\u0151l az Anat\u00f3miai \u00e9s T\u00e1jbonctani Int\u00e9zetben dolgozott d\u00edjtalan demonstr\u00e1tork\u00e9nt. Avat\u00e1sa ut\u00e1n ugyanitt d\u00edjtalan gyakornok 1939. &hellip;<\/p>\n","protected":false},"author":282,"featured_media":761,"parent":347,"menu_order":0,"comment_status":"closed","ping_status":"closed","template":"template-fullwidth.php","meta":{"_acf_changed":false,"footnotes":""},"categories":[80,6,20,77,14],"tags":[],"class_list":["post-760","page","type-page","status-publish","has-post-thumbnail","hentry","category-aok-dekanjai","category-dekanok","category-dekanok-karok-szerint","category-kegyeleti-adattar","category-teljes-nevlista"],"acf":[],"_links":{"self":[{"href":"https:\/\/semmelweis.hu\/baratikor\/wp-json\/wp\/v2\/pages\/760","targetHints":{"allow":["GET"]}}],"collection":[{"href":"https:\/\/semmelweis.hu\/baratikor\/wp-json\/wp\/v2\/pages"}],"about":[{"href":"https:\/\/semmelweis.hu\/baratikor\/wp-json\/wp\/v2\/types\/page"}],"author":[{"embeddable":true,"href":"https:\/\/semmelweis.hu\/baratikor\/wp-json\/wp\/v2\/users\/282"}],"replies":[{"embeddable":true,"href":"https:\/\/semmelweis.hu\/baratikor\/wp-json\/wp\/v2\/comments?post=760"}],"version-history":[{"count":1,"href":"https:\/\/semmelweis.hu\/baratikor\/wp-json\/wp\/v2\/pages\/760\/revisions"}],"predecessor-version":[{"id":762,"href":"https:\/\/semmelweis.hu\/baratikor\/wp-json\/wp\/v2\/pages\/760\/revisions\/762"}],"up":[{"embeddable":true,"href":"https:\/\/semmelweis.hu\/baratikor\/wp-json\/wp\/v2\/pages\/347"}],"wp:featuredmedia":[{"embeddable":true,"href":"https:\/\/semmelweis.hu\/baratikor\/wp-json\/wp\/v2\/media\/761"}],"wp:attachment":[{"href":"https:\/\/semmelweis.hu\/baratikor\/wp-json\/wp\/v2\/media?parent=760"}],"wp:term":[{"taxonomy":"category","embeddable":true,"href":"https:\/\/semmelweis.hu\/baratikor\/wp-json\/wp\/v2\/categories?post=760"},{"taxonomy":"post_tag","embeddable":true,"href":"https:\/\/semmelweis.hu\/baratikor\/wp-json\/wp\/v2\/tags?post=760"}],"curies":[{"name":"wp","href":"https:\/\/api.w.org\/{rel}","templated":true}]}}

Stefanics János

<p style="text-align: justify"><strong><a href="https://semmelweis.hu/baratikor/files/2022/06/192_11.jpg"><img loading="lazy" decoding="async" class="alignleft wp-image-761 size-full" src="https://semmelweis.hu/baratikor/files/2022/06/192_11.jpg" alt="" width="295" height="370" /></a>(Nyágova /Máramaros/, 1914. szeptember 11. &#8211; Budapest, 1982. november 19.)</strong></p>
<p style="text-align: justify">Dékán: 1970/71 &#8211; 1972/73</p>
<p style="text-align: justify">1932-ben iratkozott be a debreceni gróf Tisza István Tudományegyetem Orvoskarára, majd 2 évfolyam lehallgatása után átiratkozott a budapesti Orvoskarra, ahol 1938. szeptember 24-én avatták orvossá. Orvostanhallgatóként 1935-től az Anatómiai és Tájbonctani Intézetben dolgozott díjtalan demonstrátorként. Avatása után ugyanitt díjtalan gyakornok 1939. szeptember 1-ig, amikor a Bakay Lajos vezette II. sz. Sebészeti Klinikára került díjtalan műtőnövendékként. 1941-ben tett műtővizsgát, majd díjtalan műtőorvosi kinevezést kapott. Dolgozott az általános sebészet, az ortopédia és traumatológia, valamint az agysebészet területén. 1935-től több alkalommal is behívták katonai szolgálatra. 1941 áprilisától decemberig, majd 1942. júliustól a háború végéig a keleti fronton, hadműveleti területen teljesített szolgálatot. 1945 szeptemberében tanársegédi kinevezést kapott előbb díjtalan, majd 1949-től díjas minősítésben. Sebestyén Gyula professzor halála után 1954. július 28 &#8211; november 13. között helyettesként vezette a klinikát. Ezután a III. sz. Sebészeti Klinikát vezette helyettesként Kudász József professzor kinevezéséig, 1955. szeptember 21-ig. Közben 1955. július 1-jén adjunktussá nevezték ki. 1956 decemberében megpályázta a Mosonmagyaróvári Városi Tanács Kórháza sebész főorvosi állását, így 1957 elejétől 1958. február 1-jéig itt teljesített szolgálatot. Innen a II. sz. Sebészeti Klinikára kapott adjunktusi, majd aug. 1-jén docensi kinevezést. Klimkó Dezső professzor nyugdíjazása után megbízottként vezette a klinikát 1959. szeptember 1 &#8211; 1961. szeptember 1. között. Ekkor ugyancsak megbízott tanszékvezetőként a III. sz. Sebészeti Klinika élére állt, ahol 1964. szeptember 1-jén kapott tanszékvezető egyetemi tanári kinevezést. Közben 1963. június 6-án kandidátusi fokozatot szerzett. 1974. július 1-jétől ismét a II. sz. Sebészeti Klinikát igazgatta 1982-ben bekövetkezett haláláig.</p>
<p style="text-align: justify">1967 – 1970 között az egyetem Általános Orvostudományi Karának dékánhelyettese, majd 1973-ig dékánja. Alapvető klinikai tanulmányokat közölt a fekélybetegség, valamint a tápcsatorna különböző betegségeinek sebészetéről. 1975-1979 között a Magyar Sebész Társaság elnöke volt, számos külföldi társaság is tagjává választotta. Főbb kitüntetései: Érdemes Orvos (1955), Kiváló Orvos (1960), Felsőoktatásügy Kiváló Dolgozója (1968).</p>
<p style="text-align: justify">(Főbb munkái: Experimental angiographic studies after damaging the veins or arteries of the inferior extremity /másokkal/. Bp. 1956.; A ductus cysticus csonk megbetegedéséből eredő panaszok cholecystektomia után /Görgő Pállal és Papp Sándorral/. Bp. 1958.; Idős korban végzett epeműtétek /Vida Ödönnel/. Bp. 1959.; A gyomor- és nyombélfekély műtéte utáni késői panaszok kóroktana és sebészi elemzése /Klimkó Dezsővel és Egri Györggyel/ Bp: 1961.; A Mondor-betegség /másokkal/. Bp. 1961.; A vékony-, vastag- és végbél nem daganatos sebészi betegségei. Bp. 1962.; Részletes sebészet 1. /szerk./ Bp. 1969.; Részletes sebészet és traumatológia 2. /szerk./ Bp. 1970.; Adatok az epeműtéteket követő panaszok kóroktanához és sebészi kezeléséhez. Kand. ért. Bp. 1962.; Sebészet. Bp. 1977., 2. átdolg. 1984.; Sebészet /Kocsis Lászlóval/. Bp. 1982.)</p>

<p><a href="https://semmelweis.hu/baratikor/files/2022/06/192_11.jpg"></a> (Nyágova /Máramaros/, 1914. szeptember 11. &#8211; Budapest, 1982. november 19.) Dékán: 1970/71 &#8211; 1972/73 1932-ben iratkozott be a debreceni gróf Tisza István Tudományegyetem Orvoskarára, majd 2 évfolyam lehallgatása után átiratkozott a budapesti Orvoskarra, ahol 1938. szeptember 24-én avatták orvossá. Orvostanhallgatóként 1935-től az Anatómiai és Tájbonctani Intézetben dolgozott díjtalan demonstrátorként. Avatása után ugyanitt díjtalan gyakornok 1939. &hellip;</p>
