{"id":756,"date":"2022-06-21T08:30:08","date_gmt":"2022-06-21T06:30:08","guid":{"rendered":"https:\/\/semmelweis.hu\/baratikor\/?page_id=756"},"modified":"2022-06-21T08:30:17","modified_gmt":"2022-06-21T06:30:17","slug":"csaba-gyorgy","status":"publish","type":"page","link":"https:\/\/semmelweis.hu\/baratikor\/galeria\/teljes-nevlista\/csaba-gyorgy\/","title":{"rendered":"Csaba Gy\u00f6rgy"},"content":{"rendered":"<p style=\"text-align: justify\"><strong><a href=\"https:\/\/semmelweis.hu\/baratikor\/files\/2022\/06\/110_11.jpg\"><img loading=\"lazy\" decoding=\"async\" class=\"alignleft wp-image-757 size-full\" src=\"https:\/\/semmelweis.hu\/baratikor\/files\/2022\/06\/110_11.jpg\" alt=\"\" width=\"295\" height=\"370\" \/><\/a>(T\u00f6r\u00f6kszentmikl\u00f3s, 1929-)<\/strong><\/p>\n<p style=\"text-align: justify\">Orvosi diplom\u00e1j\u00e1t 1953-ban egyetem\u00fcnk\u00f6n szerezte meg, de m\u00e1r 1949-t\u0151l d\u00edjas demonstr\u00e1tork\u00e9nt dolgozott a II. sz. Anat\u00f3miai (k\u00e9s\u0151bbi nev\u00e9n Sz\u00f6vet \u00e9s Fejl\u0151d\u00e9stani) Int\u00e9zetben. 1953-1956-ig aspir\u00e1ns T\u00f6r\u0151 Imre professzor mellett, majd 1959-t\u0151l adjunktus, 1963-t\u00f3l docens. 1970. j\u00falius 1-j\u00e9t\u0151l egyetemi tan\u00e1r. 1957-ben szerzi meg az orvostudom\u00e1nyok kandid\u00e1tusa, 1969-ben az orvostudom\u00e1nyok doktora fokozatot. 1971-t\u0151l1994-ig az \u00fajonnan alakult Biol\u00f3giai Int\u00e9zet els\u0151 tansz\u00e9kvezet\u0151je, 2000-t\u0151l emeritus professora. Orvosi Biol\u00f3gia c. tank\u00f6nyve 4 kiad\u00e1st \u00e9rt meg \u00e9s 20 \u00e9vig haszn\u00e1lt\u00e1k a hallgat\u00f3k. Tudom\u00e1nyos \u00e9rdekl\u0151d\u00e9si ter\u00fclete mindig a sejtbiol\u00f3gia \u00e9s fejl\u0151d\u00e9sbiol\u00f3gia hat\u00e1rter\u00fclet\u00e9n volt, ahol is kezdetben a h\u00edz\u00f3sejtk\u00e9pz\u0151d\u00e9s szab\u00e1lyoz\u00e1s\u00e1t, a tobozmirigy \u00e9s az immunrendszer kapcsolat\u00e1t tanulm\u00e1nyozta, majd els\u0151k\u00e9nt ismerte fel, hogy a hormon\u00e1lis szab\u00e1lyoz\u00e1s \u00e9s szign\u00e1l transzdukci\u00f3 m\u00e1r az egysejt\u0171ek szintj\u00e9n jelen van. Le\u00edrta a hormon\u00e1lis (k\u00e9miai) imprinting jelens\u00e9g\u00e9t \u00e9s ennek evol\u00faci\u00f3s valamint klinikai jelent\u0151s\u00e9g\u00e9t. \u00d6sszesen 4 tudom\u00e1nyos k\u00f6nyve (angol nyelven), 13 szakk\u00f6nyve \u00e9s ismeretterjeszt\u0151 k\u00f6nyve jelent meg. Ez ut\u00f3bbiak eset\u00e9ben k\u00fcl\u00f6n\u00f6sen foglalkoztatta az ember (ezen bel\u00fcl kiemelten a n\u0151k) biol\u00f3gikuma \u00e9s t\u00e1rsadalmi szerepv\u00e1llal\u00e1sa, valamint a technikai fejl\u0151d\u00e9s k\u00f6z\u00f6tti \u00fctk\u00f6z\u00e9sek problematik\u00e1ja. Tudom\u00e1nyos dolgozatainak sz\u00e1ma 1954 \u00e9s 2004 k\u00f6z\u00f6tt 770. Nagy s\u00falyt helyezett a biol\u00f3giai tudom\u00e1ny propag\u00e1l\u00e1s\u00e1ra, \u00e9s mint ilyen, nagy mennyis\u00e9g\u0171 cikket \u00edrt n\u00e9pszer\u0171s\u00edt\u0151 foly\u00f3iratokba. T\u00f6bb nemzetk\u00f6zi foly\u00f3irat szerkeszt\u0151bizotts\u00e1g\u00e1nak tagja, a Biol\u00f3gia c. foly\u00f3irat szerkeszt\u0151je (10 \u00e9vig), a Medicina K\u00f6nyvkiad\u00f3 szerkeszt\u0151s\u00e9gi tan\u00e1cs\u00e1nak tagja (25 \u00e9vig), az ETT k\u00f6nyvbizotts\u00e1g\u00e1nak eln\u00f6ke (10 \u00e9vig), a Semmelweis Kiad\u00f3 tan\u00e1cs\u00e1nak eln\u00f6ke (10 \u00e9vig). A Term\u00e9szet Vil\u00e1ga szerkeszt\u0151bizotts\u00e1g\u00e1nak tagja 1969 \u00f3ta. Kit\u00fcntet\u00e9sei k\u00f6z\u00f6tt szerepel a Kiv\u00e1l\u00f3 Oktat\u00f3; a Kiv\u00e1l\u00f3 Munk\u00e1\u00e9rt (a hallgat\u00f3s\u00e1gt\u00f3l); Huzella-d\u00edj; Huzella Eml\u00e9k\u00e9rem; J\u00f3zsef Attila Szabadegyetem eml\u00e9k\u00e9rme, Bug\u00e1t P\u00e1l eml\u00e9k\u00e9rem, Magyar Fels\u0151oktat\u00e1s\u00e9rt plakett \u00e9s a Khwarizmi International Award, valamint az Egyetem arany pecs\u00e9tgy\u0171r\u0171je. \u00d6t k\u00f6nyv\u00e9\u00e9rt kapott n\u00edv\u00f3d\u00edjat \u00e9s a Term\u00e9szet Vil\u00e1ga n\u00edv\u00f3d\u00edj\u00e1t is elnyerte. \/k\u00e9p lel\u0151helye: SOTE-lev\u00e9lt\u00e1r 49. fond\/<\/p>\n<p><a href=\"https:\/\/semmelweis.hu\/baratikor\/files\/2022\/06\/110_21.jpg\"><img loading=\"lazy\" decoding=\"async\" class=\"alignleft wp-image-758 size-full\" src=\"https:\/\/semmelweis.hu\/baratikor\/files\/2022\/06\/110_21.jpg\" alt=\"\" width=\"295\" height=\"370\" \/><\/a><\/p>\n","protected":false},"excerpt":{"rendered":"<p><a href=\"https:\/\/semmelweis.hu\/baratikor\/files\/2022\/06\/110_11.jpg\"><\/a> (T\u00f6r\u00f6kszentmikl\u00f3s, 1929-) Orvosi diplom\u00e1j\u00e1t 1953-ban egyetem\u00fcnk\u00f6n szerezte meg, de m\u00e1r 1949-t\u0151l d\u00edjas demonstr\u00e1tork\u00e9nt dolgozott a II. sz. Anat\u00f3miai (k\u00e9s\u0151bbi nev\u00e9n Sz\u00f6vet \u00e9s Fejl\u0151d\u00e9stani) Int\u00e9zetben. 1953-1956-ig aspir\u00e1ns T\u00f6r\u0151 Imre professzor mellett, majd 1959-t\u0151l adjunktus, 1963-t\u00f3l docens. 1970. j\u00falius 1-j\u00e9t\u0151l egyetemi tan\u00e1r. 1957-ben szerzi meg az orvostudom\u00e1nyok kandid\u00e1tusa, 1969-ben az orvostudom\u00e1nyok doktora fokozatot. 1971-t\u0151l1994-ig az \u00fajonnan alakult &hellip;<\/p>\n","protected":false},"author":282,"featured_media":757,"parent":347,"menu_order":0,"comment_status":"closed","ping_status":"closed","template":"template-fullwidth.php","meta":{"_acf_changed":false,"footnotes":""},"categories":[16,14],"tags":[],"class_list":["post-756","page","type-page","status-publish","has-post-thumbnail","hentry","category-tanszekvezetok","category-teljes-nevlista"],"acf":[],"_links":{"self":[{"href":"https:\/\/semmelweis.hu\/baratikor\/wp-json\/wp\/v2\/pages\/756","targetHints":{"allow":["GET"]}}],"collection":[{"href":"https:\/\/semmelweis.hu\/baratikor\/wp-json\/wp\/v2\/pages"}],"about":[{"href":"https:\/\/semmelweis.hu\/baratikor\/wp-json\/wp\/v2\/types\/page"}],"author":[{"embeddable":true,"href":"https:\/\/semmelweis.hu\/baratikor\/wp-json\/wp\/v2\/users\/282"}],"replies":[{"embeddable":true,"href":"https:\/\/semmelweis.hu\/baratikor\/wp-json\/wp\/v2\/comments?post=756"}],"version-history":[{"count":1,"href":"https:\/\/semmelweis.hu\/baratikor\/wp-json\/wp\/v2\/pages\/756\/revisions"}],"predecessor-version":[{"id":759,"href":"https:\/\/semmelweis.hu\/baratikor\/wp-json\/wp\/v2\/pages\/756\/revisions\/759"}],"up":[{"embeddable":true,"href":"https:\/\/semmelweis.hu\/baratikor\/wp-json\/wp\/v2\/pages\/347"}],"wp:featuredmedia":[{"embeddable":true,"href":"https:\/\/semmelweis.hu\/baratikor\/wp-json\/wp\/v2\/media\/757"}],"wp:attachment":[{"href":"https:\/\/semmelweis.hu\/baratikor\/wp-json\/wp\/v2\/media?parent=756"}],"wp:term":[{"taxonomy":"category","embeddable":true,"href":"https:\/\/semmelweis.hu\/baratikor\/wp-json\/wp\/v2\/categories?post=756"},{"taxonomy":"post_tag","embeddable":true,"href":"https:\/\/semmelweis.hu\/baratikor\/wp-json\/wp\/v2\/tags?post=756"}],"curies":[{"name":"wp","href":"https:\/\/api.w.org\/{rel}","templated":true}]}}