{"id":752,"date":"2022-06-21T08:28:18","date_gmt":"2022-06-21T06:28:18","guid":{"rendered":"https:\/\/semmelweis.hu\/baratikor\/?page_id=752"},"modified":"2023-01-06T14:24:13","modified_gmt":"2023-01-06T13:24:13","slug":"szasz-gyorgy","status":"publish","type":"page","link":"https:\/\/semmelweis.hu\/baratikor\/galeria\/teljes-nevlista\/szasz-gyorgy\/","title":{"rendered":"Sz\u00e1sz Gy\u00f6rgy"},"content":{"rendered":"<p style=\"text-align: justify\"><strong><a href=\"https:\/\/semmelweis.hu\/baratikor\/files\/2022\/06\/204_11.jpg\"><img loading=\"lazy\" decoding=\"async\" class=\"alignleft wp-image-753 size-full\" src=\"https:\/\/semmelweis.hu\/baratikor\/files\/2022\/06\/204_11.jpg\" alt=\"\" width=\"283\" height=\"402\" srcset=\"https:\/\/semmelweis.hu\/baratikor\/files\/2022\/06\/204_11.jpg 283w, https:\/\/semmelweis.hu\/baratikor\/files\/2022\/06\/204_11-282x400.jpg 282w\" sizes=\"auto, (max-width: 283px) 100vw, 283px\" \/><\/a>(Budapest, 1927 &#8211; Budapest, 2018)<\/strong><\/p>\n<p style=\"text-align: justify\">Gyermekkor\u00e1t T\u00e1pi\u00f3bicsk\u00e9n t\u00f6lt\u00f6tte, majd a budapesti K\u00f6lcsey Ferenc Gimn\u00e1ziumba j\u00e1rt. Gy\u00f3gyszer\u00e9szi tanulm\u00e1nyait a Budapesti Orvostudom\u00e1nyi Egyetemen v\u00e9gezte, mely tanulm\u00e1nyai kezdet\u00e9n, 1947-ben m\u00e9g a P\u00e1zm\u00e1ny P\u00e9ter Tudom\u00e1nyegyetem Orvostudom\u00e1nyi Karak\u00e9nt m\u0171k\u00f6d\u00f6tt, a gy\u00f3gyszer\u00e9szek k\u00e9pz\u00e9s\u00e9t pedig a B\u00f6lcs\u00e9szkarral k\u00f6z\u00f6sen folytatt\u00e1k. Oklevel\u00e9t 1952-ben kapta meg, majd a Gy\u00f3gyszer\u00e9szi K\u00e9miai Int\u00e9zetben kapott \u00e1ll\u00e1st, ahol V\u00e9gh Antal professzor megh\u00edv\u00e1s\u00e1ra m\u00e1r az \u00e9v m\u00e1rcius\u00e1t\u00f3l hallgat\u00f3k\u00e9nt is dolgozott. Kezdetben egyetemi gyakornok, majd 1955. m\u00e1rcius 1-j\u00e9t\u0151l tan\u00e1rseg\u00e9d, 1957. m\u00e1jus 1-j\u00e9t\u0151l adjunktus. 1961-ben gy\u00f3gyszer\u00e9szdoktori min\u0151s\u00edt\u00e9st szerzett, 1968-ban pedig a k\u00e9miai tudom\u00e1nyok kandid\u00e1tusa lett. Ugyanebben az \u00e9vben l\u00e9ptett\u00e9k el\u0151 docenss\u00e9. 1972-ben a Gy\u00f3gyszer\u00e9sztudom\u00e1nyi Kar d\u00e9k\u00e1nj\u00e1nak v\u00e1lasztotta, mely feladatk\u00f6rt a kar eddigi t\u00f6rt\u00e9net\u00e9ben egyed\u00fcl\u00e1ll\u00f3an hossz\u00fa ideig, 1984-ig l\u00e1tta el. 1974. szeptember 1-j\u00e9n vette \u00e1t a tansz\u00e9k vezet\u00e9s\u00e9t, egyben egyetemi tan\u00e1ri kinevez\u00e9s\u00e9t. 1980-ban nyerte el a k\u00e9miai tudom\u00e1nyok doktora min\u0151s\u00edt\u00e9st. 1994. j\u00fanius 30-\u00e1n nyugalomba vonult, de tov\u00e1bbra is r\u00e9szt vesz az int\u00e9zet munk\u00e1j\u00e1ban, 1997-t\u0151l professor emeritusk\u00e9nt. Kutat\u00e1si ter\u00fclete a gy\u00f3gyszerkutat\u00e1s (gy\u00f3gyszeranalitika). Szerkeszt\u0151je \u00e9s t\u00e1rsszerz\u0151je volt a \u201eGy\u00f3gyszer\u00e9szi k\u00e9mia\u201d c. egyetemi tank\u00f6nyvnek. Felel\u0151s szerkeszt\u0151je volt a \u201eGy\u00f3gyszer\u00e9szet\u201d, valamint az \u201eActa Pharmaceutica Hungarica\u201d c. szaklapoknak \u00e9s eln\u00f6ke a Magyar Gy\u00f3gyszer\u00e9szeti T\u00e1rsas\u00e1gnak. A N\u00e9met Gy\u00f3gyszer\u00e9szeti T\u00e1rsas\u00e1g tiszteletbeli tagj\u00e1v\u00e1 v\u00e1lasztotta. F\u0151bb kit\u00fcntet\u00e9sei: \u00c9rdemes Gy\u00f3gyszer\u00e9sz (1965), Munka \u00c9rdemrend arany fokozata (1975), Ap\u00e1czai Csere J\u00e1nos d\u00edj (1982), Magyar Fels\u0151oktat\u00e1s\u00e9rt eml\u00e9kplakett (1997), Batthy\u00e1ny-Strattmann L\u00e1szl\u00f3 d\u00edj (2002).<\/p>\n<p><a href=\"https:\/\/semmelweis.hu\/baratikor\/files\/2022\/06\/204_21.jpg\"><img loading=\"lazy\" decoding=\"async\" class=\"alignleft wp-image-754 size-full\" src=\"https:\/\/semmelweis.hu\/baratikor\/files\/2022\/06\/204_21.jpg\" alt=\"\" width=\"295\" height=\"370\" \/><\/a><\/p>\n","protected":false},"excerpt":{"rendered":"<p><a href=\"https:\/\/semmelweis.hu\/baratikor\/files\/2022\/06\/204_11.jpg\"><\/a> (Budapest, 1927 &#8211; Budapest, 2018) Gyermekkor\u00e1t T\u00e1pi\u00f3bicsk\u00e9n t\u00f6lt\u00f6tte, majd a budapesti K\u00f6lcsey Ferenc Gimn\u00e1ziumba j\u00e1rt. Gy\u00f3gyszer\u00e9szi tanulm\u00e1nyait a Budapesti Orvostudom\u00e1nyi Egyetemen v\u00e9gezte, mely tanulm\u00e1nyai kezdet\u00e9n, 1947-ben m\u00e9g a P\u00e1zm\u00e1ny P\u00e9ter Tudom\u00e1nyegyetem Orvostudom\u00e1nyi Karak\u00e9nt m\u0171k\u00f6d\u00f6tt, a gy\u00f3gyszer\u00e9szek k\u00e9pz\u00e9s\u00e9t pedig a B\u00f6lcs\u00e9szkarral k\u00f6z\u00f6sen folytatt\u00e1k. Oklevel\u00e9t 1952-ben kapta meg, majd a Gy\u00f3gyszer\u00e9szi K\u00e9miai Int\u00e9zetben kapott \u00e1ll\u00e1st, ahol V\u00e9gh &hellip;<\/p>\n","protected":false},"author":282,"featured_media":753,"parent":347,"menu_order":0,"comment_status":"closed","ping_status":"closed","template":"template-fullwidth.php","meta":{"_acf_changed":false,"footnotes":""},"categories":[6,20,83,14],"tags":[],"class_list":["post-752","page","type-page","status-publish","has-post-thumbnail","hentry","category-dekanok","category-dekanok-karok-szerint","category-gytk-dekanjai","category-teljes-nevlista"],"acf":[],"_links":{"self":[{"href":"https:\/\/semmelweis.hu\/baratikor\/wp-json\/wp\/v2\/pages\/752","targetHints":{"allow":["GET"]}}],"collection":[{"href":"https:\/\/semmelweis.hu\/baratikor\/wp-json\/wp\/v2\/pages"}],"about":[{"href":"https:\/\/semmelweis.hu\/baratikor\/wp-json\/wp\/v2\/types\/page"}],"author":[{"embeddable":true,"href":"https:\/\/semmelweis.hu\/baratikor\/wp-json\/wp\/v2\/users\/282"}],"replies":[{"embeddable":true,"href":"https:\/\/semmelweis.hu\/baratikor\/wp-json\/wp\/v2\/comments?post=752"}],"version-history":[{"count":1,"href":"https:\/\/semmelweis.hu\/baratikor\/wp-json\/wp\/v2\/pages\/752\/revisions"}],"predecessor-version":[{"id":755,"href":"https:\/\/semmelweis.hu\/baratikor\/wp-json\/wp\/v2\/pages\/752\/revisions\/755"}],"up":[{"embeddable":true,"href":"https:\/\/semmelweis.hu\/baratikor\/wp-json\/wp\/v2\/pages\/347"}],"wp:featuredmedia":[{"embeddable":true,"href":"https:\/\/semmelweis.hu\/baratikor\/wp-json\/wp\/v2\/media\/753"}],"wp:attachment":[{"href":"https:\/\/semmelweis.hu\/baratikor\/wp-json\/wp\/v2\/media?parent=752"}],"wp:term":[{"taxonomy":"category","embeddable":true,"href":"https:\/\/semmelweis.hu\/baratikor\/wp-json\/wp\/v2\/categories?post=752"},{"taxonomy":"post_tag","embeddable":true,"href":"https:\/\/semmelweis.hu\/baratikor\/wp-json\/wp\/v2\/tags?post=752"}],"curies":[{"name":"wp","href":"https:\/\/api.w.org\/{rel}","templated":true}]}}

Szász György

<p style="text-align: justify"><strong><a href="https://semmelweis.hu/baratikor/files/2022/06/204_11.jpg"><img loading="lazy" decoding="async" class="alignleft wp-image-753 size-full" src="https://semmelweis.hu/baratikor/files/2022/06/204_11.jpg" alt="" width="283" height="402" srcset="https://semmelweis.hu/baratikor/files/2022/06/204_11.jpg 283w, https://semmelweis.hu/baratikor/files/2022/06/204_11-282x400.jpg 282w" sizes="auto, (max-width: 283px) 100vw, 283px" /></a>(Budapest, 1927 &#8211; Budapest, 2018)</strong></p>
<p style="text-align: justify">Gyermekkorát Tápióbicskén töltötte, majd a budapesti Kölcsey Ferenc Gimnáziumba járt. Gyógyszerészi tanulmányait a Budapesti Orvostudományi Egyetemen végezte, mely tanulmányai kezdetén, 1947-ben még a Pázmány Péter Tudományegyetem Orvostudományi Karaként működött, a gyógyszerészek képzését pedig a Bölcsészkarral közösen folytatták. Oklevelét 1952-ben kapta meg, majd a Gyógyszerészi Kémiai Intézetben kapott állást, ahol Végh Antal professzor meghívására már az év márciusától hallgatóként is dolgozott. Kezdetben egyetemi gyakornok, majd 1955. március 1-jétől tanársegéd, 1957. május 1-jétől adjunktus. 1961-ben gyógyszerészdoktori minősítést szerzett, 1968-ban pedig a kémiai tudományok kandidátusa lett. Ugyanebben az évben léptették elő docenssé. 1972-ben a Gyógyszerésztudományi Kar dékánjának választotta, mely feladatkört a kar eddigi történetében egyedülállóan hosszú ideig, 1984-ig látta el. 1974. szeptember 1-jén vette át a tanszék vezetését, egyben egyetemi tanári kinevezését. 1980-ban nyerte el a kémiai tudományok doktora minősítést. 1994. június 30-án nyugalomba vonult, de továbbra is részt vesz az intézet munkájában, 1997-től professor emeritusként. Kutatási területe a gyógyszerkutatás (gyógyszeranalitika). Szerkesztője és társszerzője volt a „Gyógyszerészi kémia” c. egyetemi tankönyvnek. Felelős szerkesztője volt a „Gyógyszerészet”, valamint az „Acta Pharmaceutica Hungarica” c. szaklapoknak és elnöke a Magyar Gyógyszerészeti Társaságnak. A Német Gyógyszerészeti Társaság tiszteletbeli tagjává választotta. Főbb kitüntetései: Érdemes Gyógyszerész (1965), Munka Érdemrend arany fokozata (1975), Apáczai Csere János díj (1982), Magyar Felsőoktatásért emlékplakett (1997), Batthyány-Strattmann László díj (2002).</p>
<p><a href="https://semmelweis.hu/baratikor/files/2022/06/204_21.jpg"><img loading="lazy" decoding="async" class="alignleft wp-image-754 size-full" src="https://semmelweis.hu/baratikor/files/2022/06/204_21.jpg" alt="" width="295" height="370" /></a></p>

<p><a href="https://semmelweis.hu/baratikor/files/2022/06/204_11.jpg"></a> (Budapest, 1927 &#8211; Budapest, 2018) Gyermekkorát Tápióbicskén töltötte, majd a budapesti Kölcsey Ferenc Gimnáziumba járt. Gyógyszerészi tanulmányait a Budapesti Orvostudományi Egyetemen végezte, mely tanulmányai kezdetén, 1947-ben még a Pázmány Péter Tudományegyetem Orvostudományi Karaként működött, a gyógyszerészek képzését pedig a Bölcsészkarral közösen folytatták. Oklevelét 1952-ben kapta meg, majd a Gyógyszerészi Kémiai Intézetben kapott állást, ahol Végh &hellip;</p>
