{"id":737,"date":"2022-06-21T08:15:56","date_gmt":"2022-06-21T06:15:56","guid":{"rendered":"https:\/\/semmelweis.hu\/baratikor\/?page_id=737"},"modified":"2023-01-09T11:34:31","modified_gmt":"2023-01-09T10:34:31","slug":"szabo-zoltan","status":"publish","type":"page","link":"https:\/\/semmelweis.hu\/baratikor\/galeria\/teljes-nevlista\/szabo-zoltan\/","title":{"rendered":"Szab\u00f3 Zolt\u00e1n"},"content":{"rendered":"<p><strong><a href=\"https:\/\/semmelweis.hu\/baratikor\/files\/2022\/06\/194_11.jpg\"><img loading=\"lazy\" decoding=\"async\" class=\"wp-image-738 size-full alignleft\" src=\"https:\/\/semmelweis.hu\/baratikor\/files\/2022\/06\/194_11.jpg\" alt=\"\" width=\"283\" height=\"454\" srcset=\"https:\/\/semmelweis.hu\/baratikor\/files\/2022\/06\/194_11.jpg 283w, https:\/\/semmelweis.hu\/baratikor\/files\/2022\/06\/194_11-249x400.jpg 249w\" sizes=\"auto, (max-width: 283px) 100vw, 283px\" \/><\/a>(P\u00e9cs, 1929 &#8211; )<\/strong><\/p>\n<p style=\"text-align: justify\">Orvosi oklevel\u00e9t 1954-ben szerezte a P\u00e9csi Orvostudom\u00e1nyi Egyetemen, de m\u00e1r 1951-t\u0151l r\u00e9szt vett a Romh\u00e1nyi professzor vezette K\u00f3rbonctani Int\u00e9zet munk\u00e1j\u00e1ban demonstr\u00e1tork\u00e9nt. 1954 nyar\u00e1n ker\u00fclt a POTE II. sz. Seb\u00e9szeti Klinik\u00e1j\u00e1ra, Kud\u00e1sz J\u00f3zsef professzor mell\u00e9 tan\u00e1rseg\u00e9dnek, ahol 1956 v\u00e9g\u00e9ig dolgozott. Kud\u00e1sz professzor Budapestre helyez\u00e9sekor, 1957. janu\u00e1r 1-j\u00e9n k\u00f6vette \u0151t a Budapesti Orvostudom\u00e1nyi Egyetem III. sz., majd m\u00e1rciusban a IV. sz. Seb\u00e9szeti Klinik\u00e1j\u00e1ra. Ett\u0151l kezdve nyugalomba vonul\u00e1s\u00e1ig itt m\u0171k\u00f6d\u00f6tt, mik\u00f6zben a klinika elnevez\u00e9se 1975-ben \u00c9rseb\u00e9szeti Int\u00e9zetre, majd k\u00e9s\u0151bb \u00c9r- \u00e9s Sz\u00edvseb\u00e9szeti Klinik\u00e1ra v\u00e1ltozott. 1957-ben seb\u00e9sz, 1979-ben sz\u00edvseb\u00e9sz szakk\u00e9pes\u00edt\u00e9st szerzett. Sz\u00edvseb\u00e9szettel 1955 \u00f3ta foglalkozott. 1959-t\u0151l dolgozott a klinika sz\u00edvseb\u00e9szeti oszt\u00e1ly\u00e1n, melynek vezet\u00e9s\u00e9t 1973-ban, adjunktusi kinevez\u00e9s\u00e9vel (okt. 1.) egy id\u0151ben vette \u00e1t. 1969-ben v\u00e9dte meg a \u201ePacemaker ther\u00e1pi\u00e1r\u00f3l\u201d \u00edrt kandid\u00e1tusi \u00e9rtekez\u00e9s\u00e9t. 1975. j\u00falius 1-j\u00e9n docensi, 1978. j\u00falius 1-j\u00e9n egyetemi tan\u00e1ri kinevez\u00e9st kapott. 1981. febru\u00e1r 16-\u00e1n vette \u00e1t a klinika vezet\u00e9s\u00e9t, el\u0151bb megb\u00edzott, majd 1982. janu\u00e1r 1-t\u0151l kinevezett igazgat\u00f3k\u00e9nt. Ezzel egy\u00fctt kapott megb\u00edz\u00e1st az Orsz\u00e1gos \u00c9rseb\u00e9szeti Int\u00e9zet igazgat\u00f3i, illetve az Int\u00e9zet Szakmai Koll\u00e9gium\u00e1nak eln\u00f6ki teend\u0151inek ell\u00e1t\u00e1s\u00e1ra. Munk\u00e1ss\u00e1ga sor\u00e1n r\u00e9szt vett a hazai nyitott sz\u00edvm\u0171t\u00e9tek megind\u00edt\u00e1s\u00e1ban \u00e9s a pacemaker therapia, a cardioplegia korszer\u0171s\u00edt\u00e9s\u00e9ben, a sz\u00edv\u00e1t\u00fcltet\u00e9s hazai bevezet\u00e9s\u00e9nek megszervez\u00e9s\u00e9ben. 1967-ben magyar pacemakert k\u00e9sz\u00edtett, 1992-ben Magyarorsz\u00e1gon \u0151 v\u00e9gzett el\u0151sz\u00f6r sz\u00edv\u00e1t\u00fcltet\u00e9st. 1979 \u00e9s 1985 k\u00f6z\u00f6tt h\u00e1rom tan\u00e9ven \u00e1t viselte az \u00c1ltal\u00e1nos Orvostudom\u00e1nyi Kar d\u00e9k\u00e1ni m\u00e9lt\u00f3s\u00e1g\u00e1t, majd 1985-1988 k\u00f6z\u00f6tt az egyetem klinikai rektorhelyettese volt. 1992. j\u00falius 1-j\u00e9n nyug\u00e1llom\u00e1nyba vonult, 1995-t\u0151l az egyetem professor emeritusa. Sz\u00e1mos k\u00fclf\u00f6ldi \u00e9s hazai tudom\u00e1nyos t\u00e1rsas\u00e1g, \u00edgy az Eur\u00f3pai Pacemaker T\u00e1rsas\u00e1g, a Nemzetk\u00f6zi Seb\u00e9sz T\u00e1rsas\u00e1g, a Magyar Kardiol\u00f3gus \u00e9s a Magyar Seb\u00e9sz T\u00e1rsas\u00e1g tagja, illetve vezet\u0151s\u00e9gi tagja. 1980-t\u00f3l volt tagja az MTA Klinikai \u00e9s Cardiovascularis Bizotts\u00e1g\u00e1nak. Kit\u00fcntet\u00e9sei k\u00f6z\u00fcl megeml\u00edtend\u0151 a Jendrassik eml\u00e9k\u00e9rem (1974), a Kiv\u00e1l\u00f3 orvos (1984), a Haza Szolg\u00e1lat\u00e1\u00e9rt (1986), a Magyar K\u00f6zt\u00e1rsas\u00e1gi \u00c9rdemrend K\u00f6z\u00e9pkeresztje a Csillaggal (1992), a Semmelweis eml\u00e9k\u00e9rem (1992), a Sz\u00e9chenyi d\u00edj (1997) \u00e9s a Batthy\u00e1ny &#8211; Strattmann L\u00e1szl\u00f3 d\u00edj (1999).<\/p>\n<p><a href=\"https:\/\/semmelweis.hu\/baratikor\/files\/2022\/06\/194_21.jpg\"><img loading=\"lazy\" decoding=\"async\" class=\"alignleft wp-image-739 size-full\" src=\"https:\/\/semmelweis.hu\/baratikor\/files\/2022\/06\/194_21.jpg\" alt=\"\" width=\"295\" height=\"370\" \/><\/a><\/p>\n","protected":false},"excerpt":{"rendered":"<p><a href=\"https:\/\/semmelweis.hu\/baratikor\/files\/2022\/06\/194_11.jpg\"><\/a> (P\u00e9cs, 1929 &#8211; ) Orvosi oklevel\u00e9t 1954-ben szerezte a P\u00e9csi Orvostudom\u00e1nyi Egyetemen, de m\u00e1r 1951-t\u0151l r\u00e9szt vett a Romh\u00e1nyi professzor vezette K\u00f3rbonctani Int\u00e9zet munk\u00e1j\u00e1ban demonstr\u00e1tork\u00e9nt. 1954 nyar\u00e1n ker\u00fclt a POTE II. sz. Seb\u00e9szeti Klinik\u00e1j\u00e1ra, Kud\u00e1sz J\u00f3zsef professzor mell\u00e9 tan\u00e1rseg\u00e9dnek, ahol 1956 v\u00e9g\u00e9ig dolgozott. Kud\u00e1sz professzor Budapestre helyez\u00e9sekor, 1957. janu\u00e1r 1-j\u00e9n k\u00f6vette \u0151t a Budapesti Orvostudom\u00e1nyi &hellip;<\/p>\n","protected":false},"author":282,"featured_media":738,"parent":347,"menu_order":0,"comment_status":"closed","ping_status":"closed","template":"template-fullwidth.php","meta":{"_acf_changed":false,"footnotes":""},"categories":[80,6,20,77,14],"tags":[],"class_list":["post-737","page","type-page","status-publish","has-post-thumbnail","hentry","category-aok-dekanjai","category-dekanok","category-dekanok-karok-szerint","category-kegyeleti-adattar","category-teljes-nevlista"],"acf":[],"_links":{"self":[{"href":"https:\/\/semmelweis.hu\/baratikor\/wp-json\/wp\/v2\/pages\/737","targetHints":{"allow":["GET"]}}],"collection":[{"href":"https:\/\/semmelweis.hu\/baratikor\/wp-json\/wp\/v2\/pages"}],"about":[{"href":"https:\/\/semmelweis.hu\/baratikor\/wp-json\/wp\/v2\/types\/page"}],"author":[{"embeddable":true,"href":"https:\/\/semmelweis.hu\/baratikor\/wp-json\/wp\/v2\/users\/282"}],"replies":[{"embeddable":true,"href":"https:\/\/semmelweis.hu\/baratikor\/wp-json\/wp\/v2\/comments?post=737"}],"version-history":[{"count":3,"href":"https:\/\/semmelweis.hu\/baratikor\/wp-json\/wp\/v2\/pages\/737\/revisions"}],"predecessor-version":[{"id":742,"href":"https:\/\/semmelweis.hu\/baratikor\/wp-json\/wp\/v2\/pages\/737\/revisions\/742"}],"up":[{"embeddable":true,"href":"https:\/\/semmelweis.hu\/baratikor\/wp-json\/wp\/v2\/pages\/347"}],"wp:featuredmedia":[{"embeddable":true,"href":"https:\/\/semmelweis.hu\/baratikor\/wp-json\/wp\/v2\/media\/738"}],"wp:attachment":[{"href":"https:\/\/semmelweis.hu\/baratikor\/wp-json\/wp\/v2\/media?parent=737"}],"wp:term":[{"taxonomy":"category","embeddable":true,"href":"https:\/\/semmelweis.hu\/baratikor\/wp-json\/wp\/v2\/categories?post=737"},{"taxonomy":"post_tag","embeddable":true,"href":"https:\/\/semmelweis.hu\/baratikor\/wp-json\/wp\/v2\/tags?post=737"}],"curies":[{"name":"wp","href":"https:\/\/api.w.org\/{rel}","templated":true}]}}