{"id":689,"date":"2022-06-20T15:27:12","date_gmt":"2022-06-20T13:27:12","guid":{"rendered":"https:\/\/semmelweis.hu\/baratikor\/?page_id=689"},"modified":"2023-10-12T15:27:33","modified_gmt":"2023-10-12T13:27:33","slug":"racz-istvan","status":"publish","type":"page","link":"https:\/\/semmelweis.hu\/baratikor\/galeria\/teljes-nevlista\/racz-istvan\/","title":{"rendered":"R\u00e1cz Istv\u00e1n"},"content":{"rendered":"<p style=\"text-align: justify\"><a href=\"https:\/\/semmelweis.hu\/baratikor\/files\/2023\/07\/Racz-Istvan_.jpg\"><img loading=\"lazy\" decoding=\"async\" class=\"alignleft size-medium wp-image-4923\" src=\"https:\/\/semmelweis.hu\/baratikor\/files\/2023\/07\/Racz-Istvan_-319x400.jpg\" alt=\"\" width=\"319\" height=\"400\" srcset=\"https:\/\/semmelweis.hu\/baratikor\/files\/2023\/07\/Racz-Istvan_-319x400.jpg 319w, https:\/\/semmelweis.hu\/baratikor\/files\/2023\/07\/Racz-Istvan_-768x962.jpg 768w, https:\/\/semmelweis.hu\/baratikor\/files\/2023\/07\/Racz-Istvan_-753x944.jpg 753w, https:\/\/semmelweis.hu\/baratikor\/files\/2023\/07\/Racz-Istvan_.jpg 798w\" sizes=\"auto, (max-width: 319px) 100vw, 319px\" \/><\/a><strong>(Budapest, 1933. szeptember 15. \u2013 Budapest, 2006. okt\u00f3ber 27.)<\/strong><\/p>\n<p style=\"text-align: justify\"><strong>Tansz\u00e9k: <\/strong>Gy\u00f3gyszer\u00e9szeti Int\u00e9zet 1980 (mb.), 1981-1998.<\/p>\n<p style=\"text-align: justify\"><strong>Viselt egyetemi m\u00e9lt\u00f3s\u00e1g: <\/strong>GYOK d\u00e9k\u00e1n 1990\/91 &#8211; 1995\/96.<\/p>\n<p style=\"text-align: justify\">Munk\u00e1s csal\u00e1db\u00f3l sz\u00e1rmazott, a m\u00e1ty\u00e1sf\u00f6ldi \u00c1llami Corvin M\u00e1ty\u00e1s Gimn\u00e1ziumban \u00e9retts\u00e9gizett 1951-ben. Gy\u00f3gyszer\u00e9sz diplom\u00e1j\u00e1t a Budapesti Orvostudom\u00e1nyi Egyetem Gy\u00f3gyszer\u00e9szi Kar\u00e1n szerezte 1956. febru\u00e1r 15-\u00e9n. Ezut\u00e1n Balassagyarmaton dolgozott beosztott gy\u00f3gyszer\u00e9szk\u00e9nt, mik\u00f6zben szakfel\u00fcgyel\u0151i laborat\u00f3riumban is tev\u00e9kenykedett. A DISZ-nek megalakul\u00e1s\u00e1t\u00f3l, a KISZ-nek 1959-t\u0151l volt tagja. 1956. j\u00falius 9-\u00e9n ker\u00fclt az egyetem Gy\u00f3gyszer\u00e9szeti Int\u00e9zet\u00e9nek k\u00e9miai laborat\u00f3rium\u00e1ba egyetemi gyakornok beoszt\u00e1sban. 1959. m\u00e1jus 1-j\u00e9n tan\u00e1rseg\u00e9dd\u00e9 nevezt\u00e9k ki. 1961 febru\u00e1rj\u00e1ban summa cum laude min\u0151s\u00edt\u00e9ssel szerzett doktori c\u00edmet. 1961-1971 k\u00f6z\u00f6tt vezette az int\u00e9zet \u00e9s a kar Tudom\u00e1nyos Di\u00e1kk\u00f6reit. 1962-t\u0151l k\u00e9pviselte a kart a Tudom\u00e1nyos Di\u00e1kk\u00f6ri Tan\u00e1csban. 1964\/65-ben, majd 1966-t\u00f3l vezette az int\u00e9zet K\u00e9miai Kutat\u00f3 \u00e9s Ellen\u0151rz\u0151 Oszt\u00e1ly\u00e1t. 1966-ban csatlakozott az MSZMP-hez. 1968. j\u00falius 1-j\u00e9n adjunktus lett, majd 1973. szeptember 17-\u00e9n gy\u00f3gyszertechnol\u00f3gus, szakgy\u00f3gyszer\u00e9szi vizsg\u00e1t tett. 1974. december 17-\u00e9n nyerte el a k\u00e9miai tudom\u00e1nyok kandid\u00e1tusa fokozatot. 1977. j\u00falius 1-j\u00e9n docensi kinevez\u00e9st kapott. 1980. szeptember 19-\u00e9n kapott megb\u00edz\u00e1st az int\u00e9zet vezet\u00e9s\u00e9re, majd 1981. j\u00falius 1-j\u00e9n egyetemi tan\u00e1ri, egyben int\u00e9zetigazgat\u00f3i kinevez\u00e9st. A gy\u00f3gyszer\u00e9szeti tudom\u00e1nyok doktora fokozatot 1989. j\u00falius 1-j\u00e9n nyerte el. Az int\u00e9zet vezet\u00e9se mellett 1990-t\u0151l k\u00e9t cikluson (hat \u00e9ven) \u00e1t a kar d\u00e9k\u00e1ni teend\u0151it is ell\u00e1tta. Tan\u00edtv\u00e1nyai k\u00f6z\u00fcl sokan szereztek elismerts\u00e9get a gy\u00f3gyszertechnol\u00f3gia ter\u00fclet\u00e9n \u00e9s nyertek el tudom\u00e1nyos fokozatot az \u00e1ltala megalapozott tud\u00e1sanyag \u00e9s felk\u00e9sz\u00edt\u00e9s hasznos\u00edt\u00e1s\u00e1val.<\/p>\n<p style=\"text-align: justify\">Munk\u00e1ss\u00e1ga sor\u00e1n tov\u00e1bbfejlesztette a klasszikus gy\u00f3gyszer-technol\u00f3gia tudom\u00e1nyter\u00fclet\u00e9t \u00e9s sz\u00e1mos \u00fajszer\u0171 elm\u00e9leti \u00e9s gyakorlati vonatkoz\u00e1st dolgozott ki a preformul\u00e1l\u00e1s, gy\u00f3gyszerstabilit\u00e1s, gy\u00f3gyszertervez\u00e9s vonatkoz\u00e1s\u00e1ban. T\u00f6bb sz\u00e1z tudom\u00e1nyos k\u00f6zlem\u00e9nye, sz\u00e1mos szabadalma, jegyzete, k\u00f6nyvfejezete jelent meg. T\u00f6bb kiad\u00e1st \u00e9rt meg a h\u00e1rom k\u00f6tetes, Selmeczi B\u00e9l\u00e1val k\u00f6z\u00f6sen \u00edrt Gy\u00f3gyszer-technol\u00f3gia c\u00edm\u0171 egyetemi tank\u00f6nyv. P\u00e1ly\u00e1zati tev\u00e9kenys\u00e9g\u00e9vel nagyban hozz\u00e1j\u00e1rult az int\u00e9zet m\u0171szerparkj\u00e1nak fejleszt\u00e9s\u00e9hez, mellyel megval\u00f3s\u00edthat\u00f3v\u00e1 v\u00e1lt modern technol\u00f3gi\u00e1k alkalmaz\u00e1sa a kutat\u00e1si \u00e9s oktat\u00e1si munk\u00e1ban. Az \u00f6t\u00e9ves gy\u00f3gyszer\u00e9szk\u00e9pz\u00e9s keret\u00e9ben jelent\u0151sen b\u0151v\u00edtette a k\u00f6telez\u0151en v\u00e1laszthat\u00f3 t\u00e1rgyak k\u00f6r\u00e9t, \u00edgy megalapozta a nagyipari gy\u00f3gyszerk\u00e9sz\u00edt\u00e9s, a gy\u00f3gyszerinnov\u00e1ci\u00f3 tant\u00e1rgyak oktat\u00e1s\u00e1t. Jelent\u0151sen moderniz\u00e1lta a biofarm\u00e1cia-farmakokinetika tant\u00e1rgy gradu\u00e1lis oktat\u00e1s\u00e1t, melynek keret\u00e9ben az orsz\u00e1gban els\u0151k\u00e9nt dolgozta ki munkat\u00e1rsaival az in vitro \u2013 in vivo biofarm\u00e1ciai gyakorlatokat. Az \u00fajrendszer\u0171 doktork\u00e9pz\u00e9sben (PhD k\u00e9pz\u00e9s) a Gy\u00f3gyszer\u00e9sz doktori iskola egyik programvezet\u0151jek\u00e9nt tev\u00e9kenykedett. A Magyar Tudom\u00e1nyos Akad\u00e9mi\u00e1n r\u00e9szt vett egy \u2013 a gy\u00f3gyszer\u00e9szettel foglalkoz\u00f3 &#8211; \u00f6n\u00e1ll\u00f3 oszt\u00e1lyk\u00f6zi, komplex bizotts\u00e1g l\u00e9trehoz\u00e1s\u00e1ban.<\/p>\n<p style=\"text-align: justify\">1965-1975 k\u00f6z\u00f6tt ell\u00e1tta a Magyar Gy\u00f3gyszer\u00e9szeti T\u00e1rsas\u00e1g Gy\u00f3gyszertechnol\u00f3giai Szakoszt\u00e1ly\u00e1nak titk\u00e1ri tiszts\u00e9g\u00e9t, majd 1976-t\u00f3l ugyanezen t\u00e1rsas\u00e1g Biofarm\u00e1ciai Szakcsoportj\u00e1nak eln\u00f6ke volt. Tagja volt az Akad\u00e9mia \u00e9s az Eg\u00e9szs\u00e9g\u00fcgyi Miniszt\u00e9rium k\u00f6z\u00f6s Gy\u00f3gyszerkutat\u00e1si Bizotts\u00e1g\u00e1nak, az ETT Gy\u00f3gyszeralkalmaz\u00e1si \u00e9s Klinikai Farmakol\u00f3giai Bizotts\u00e1g\u00e1nak valamint az egyetem Oktat\u00e1si-Nevel\u00e9si Bizotts\u00e1g\u00e1nak.<\/p>\n<p style=\"text-align: justify\">1963-t\u00f3l volt tagja a Gy\u00f3gyszer\u00e9szet, valamint a Gy\u00f3gyszer\u00e9szeti \u00e9s Gy\u00f3gyszerter\u00e1pi\u00e1s Dokument\u00e1ci\u00f3s Szemle c. foly\u00f3iratok szerkeszt\u0151bizotts\u00e1g\u00e1nak. Ezen k\u00edv\u00fcl r\u00e9szt vett az Acta Pharmaceutica Hungarica szerkeszt\u00e9s\u00e9ben is.<\/p>\n<p style=\"text-align: justify\">Kit\u00fcntet\u00e9sei: Miniszteri dics\u00e9ret (1970, 1975), Kiv\u00e1l\u00f3 Gy\u00f3gyszer\u00e9sz (1978), M\u0171vel\u0151d\u00e9si Miniszt\u00e9rium kiv\u00e1l\u00f3 munk\u00e1\u00e9rt (1986). \u00c9letm\u0171ve elismer\u00e9sek\u00e9nt 2003-ban a \u201eMagyar K\u00f6zt\u00e1rsas\u00e1gi \u00c9rdemrend tiszti keresztje\u201d fokozat\u00e1t kapta. Emeritus professzork\u00e9nt hal\u00e1l\u00e1ig az int\u00e9zet tagja maradt.<\/p>\n<p style=\"text-align: justify\"><strong>F\u0151bb munk\u00e1i:<\/strong> Gy\u00f3gyszerk\u00e9sz\u00edt\u00e9si gyakorlatok IV. \u00e9ves gy\u00f3gyszer\u00e9szhallgat\u00f3k r\u00e9sz\u00e9re (et al.). Bp., 1972, 1985, 1986, 1987, 1988, 1998.; Gy\u00f3gyszer\u00e9szk\u00e9pz\u00e9s a Semmelweis Orvostudom\u00e1nyi Egyetem Gy\u00f3gyszer\u00e9sztudom\u00e1nyi Kar\u00e1n 1955-1975 (szerk.). Bp., 1975.; Ipari gy\u00f3gyszertechnol\u00f3gia (Tak\u00e1cs G\u00e9z\u00e1val). Bp., 1983.; Gy\u00f3gyszerformul\u00e1l\u00e1s. Bp., 1984.; Gy\u00f3gyszertechnol\u00f3gia 1-3. (Selmeczi B\u00e9l\u00e1val). Bp., 1991, 1994, 1996, 2001.; Pharmaceutical technology (szerk.). Bp., 1993-94.<\/p>\n<p style=\"text-align: justify\"><strong>Nyughelye: <\/strong>Fiumei \u00fati temet\u0151 14\/D\/1\/67.<\/p>\n<p><a href=\"https:\/\/semmelweis.hu\/baratikor\/files\/2023\/07\/Racz-Istvan-Fiumei-ut.jpg\"><img loading=\"lazy\" decoding=\"async\" class=\"alignleft size-medium wp-image-4921\" src=\"https:\/\/semmelweis.hu\/baratikor\/files\/2023\/07\/Racz-Istvan-Fiumei-ut-268x400.jpg\" alt=\"\" width=\"268\" height=\"400\" srcset=\"https:\/\/semmelweis.hu\/baratikor\/files\/2023\/07\/Racz-Istvan-Fiumei-ut-268x400.jpg 268w, https:\/\/semmelweis.hu\/baratikor\/files\/2023\/07\/Racz-Istvan-Fiumei-ut.jpg 670w\" sizes=\"auto, (max-width: 268px) 100vw, 268px\" \/><\/a><a href=\"https:\/\/semmelweis.hu\/baratikor\/files\/2023\/07\/Racz-Istvan-sz.1933.jpg\"><img loading=\"lazy\" decoding=\"async\" class=\"alignleft size-medium wp-image-4922\" src=\"https:\/\/semmelweis.hu\/baratikor\/files\/2023\/07\/Racz-Istvan-sz.1933-382x400.jpg\" alt=\"\" width=\"382\" height=\"400\" srcset=\"https:\/\/semmelweis.hu\/baratikor\/files\/2023\/07\/Racz-Istvan-sz.1933-382x400.jpg 382w, https:\/\/semmelweis.hu\/baratikor\/files\/2023\/07\/Racz-Istvan-sz.1933-768x805.jpg 768w, https:\/\/semmelweis.hu\/baratikor\/files\/2023\/07\/Racz-Istvan-sz.1933-753x789.jpg 753w, https:\/\/semmelweis.hu\/baratikor\/files\/2023\/07\/Racz-Istvan-sz.1933.jpg 954w\" sizes=\"auto, (max-width: 382px) 100vw, 382px\" \/><\/a><a href=\"https:\/\/semmelweis.hu\/baratikor\/files\/2023\/07\/Racz-Istvan-1999-2004.jpg\"><img loading=\"lazy\" decoding=\"async\" class=\"alignleft size-medium wp-image-4920\" src=\"https:\/\/semmelweis.hu\/baratikor\/files\/2023\/07\/Racz-Istvan-1999-2004-260x400.jpg\" alt=\"\" width=\"260\" height=\"400\" srcset=\"https:\/\/semmelweis.hu\/baratikor\/files\/2023\/07\/Racz-Istvan-1999-2004-260x400.jpg 260w, https:\/\/semmelweis.hu\/baratikor\/files\/2023\/07\/Racz-Istvan-1999-2004.jpg 650w\" sizes=\"auto, (max-width: 260px) 100vw, 260px\" \/><\/a><\/p>\n","protected":false},"excerpt":{"rendered":"<p><a href=\"https:\/\/semmelweis.hu\/baratikor\/files\/2023\/07\/Racz-Istvan_.jpg\"><\/a> (Budapest, 1933. szeptember 15. \u2013 Budapest, 2006. okt\u00f3ber 27.) Tansz\u00e9k: Gy\u00f3gyszer\u00e9szeti Int\u00e9zet 1980 (mb.), 1981-1998. Viselt egyetemi m\u00e9lt\u00f3s\u00e1g: GYOK d\u00e9k\u00e1n 1990\/91 &#8211; 1995\/96. Munk\u00e1s csal\u00e1db\u00f3l sz\u00e1rmazott, a m\u00e1ty\u00e1sf\u00f6ldi \u00c1llami Corvin M\u00e1ty\u00e1s Gimn\u00e1ziumban \u00e9retts\u00e9gizett 1951-ben. Gy\u00f3gyszer\u00e9sz diplom\u00e1j\u00e1t a Budapesti Orvostudom\u00e1nyi Egyetem Gy\u00f3gyszer\u00e9szi Kar\u00e1n szerezte 1956. febru\u00e1r 15-\u00e9n. Ezut\u00e1n Balassagyarmaton dolgozott beosztott gy\u00f3gyszer\u00e9szk\u00e9nt, mik\u00f6zben szakfel\u00fcgyel\u0151i laborat\u00f3riumban is &hellip;<\/p>\n","protected":false},"author":282,"featured_media":5430,"parent":347,"menu_order":0,"comment_status":"closed","ping_status":"closed","template":"template-fullwidth.php","meta":{"_acf_changed":false,"footnotes":""},"categories":[6,20,83,77,14],"tags":[],"class_list":["post-689","page","type-page","status-publish","has-post-thumbnail","hentry","category-dekanok","category-dekanok-karok-szerint","category-gytk-dekanjai","category-kegyeleti-adattar","category-teljes-nevlista"],"acf":[],"_links":{"self":[{"href":"https:\/\/semmelweis.hu\/baratikor\/wp-json\/wp\/v2\/pages\/689","targetHints":{"allow":["GET"]}}],"collection":[{"href":"https:\/\/semmelweis.hu\/baratikor\/wp-json\/wp\/v2\/pages"}],"about":[{"href":"https:\/\/semmelweis.hu\/baratikor\/wp-json\/wp\/v2\/types\/page"}],"author":[{"embeddable":true,"href":"https:\/\/semmelweis.hu\/baratikor\/wp-json\/wp\/v2\/users\/282"}],"replies":[{"embeddable":true,"href":"https:\/\/semmelweis.hu\/baratikor\/wp-json\/wp\/v2\/comments?post=689"}],"version-history":[{"count":4,"href":"https:\/\/semmelweis.hu\/baratikor\/wp-json\/wp\/v2\/pages\/689\/revisions"}],"predecessor-version":[{"id":4924,"href":"https:\/\/semmelweis.hu\/baratikor\/wp-json\/wp\/v2\/pages\/689\/revisions\/4924"}],"up":[{"embeddable":true,"href":"https:\/\/semmelweis.hu\/baratikor\/wp-json\/wp\/v2\/pages\/347"}],"wp:featuredmedia":[{"embeddable":true,"href":"https:\/\/semmelweis.hu\/baratikor\/wp-json\/wp\/v2\/media\/5430"}],"wp:attachment":[{"href":"https:\/\/semmelweis.hu\/baratikor\/wp-json\/wp\/v2\/media?parent=689"}],"wp:term":[{"taxonomy":"category","embeddable":true,"href":"https:\/\/semmelweis.hu\/baratikor\/wp-json\/wp\/v2\/categories?post=689"},{"taxonomy":"post_tag","embeddable":true,"href":"https:\/\/semmelweis.hu\/baratikor\/wp-json\/wp\/v2\/tags?post=689"}],"curies":[{"name":"wp","href":"https:\/\/api.w.org\/{rel}","templated":true}]}}