{"id":684,"date":"2022-06-20T15:23:51","date_gmt":"2022-06-20T13:23:51","guid":{"rendered":"https:\/\/semmelweis.hu\/baratikor\/?page_id=684"},"modified":"2023-01-09T11:14:10","modified_gmt":"2023-01-09T10:14:10","slug":"de-chatel-rudolf","status":"publish","type":"page","link":"https:\/\/semmelweis.hu\/baratikor\/galeria\/teljes-nevlista\/de-chatel-rudolf\/","title":{"rendered":"de Ch\u00e2tel Rudolf"},"content":{"rendered":"<p style=\"text-align: justify\"><strong><a href=\"https:\/\/semmelweis.hu\/baratikor\/files\/2022\/06\/196_11.jpg\"><img loading=\"lazy\" decoding=\"async\" class=\"wp-image-685 size-full alignleft\" src=\"https:\/\/semmelweis.hu\/baratikor\/files\/2022\/06\/196_11.jpg\" alt=\"\" width=\"295\" height=\"397\" \/><\/a>(Budapest, 1938. j\u00falius 9. &#8211; )<\/strong><\/p>\n<p style=\"text-align: justify\">D\u00e9k\u00e1n: 1991\/92 &#8211; 1996\/97<\/p>\n<p style=\"text-align: justify\">Dr. de Ch\u00e2tel Rudolf 1962. szeptember 28-\u00e1n szerezte meg orvosdoktori diplom\u00e1j\u00e1t Budapesten; p\u00e1ly\u00e1j\u00e1t az Egyetem \u00c9lettani Int\u00e9zet\u00e9ben, B\u00e1lint P\u00e9ter professzor mellett kezdte el, majd l969-t\u0151l az I. sz. Belklinik\u00e1ra ker\u00fclt. Belgy\u00f3gy\u00e1szatb\u00f3l, majd nefrol\u00f3gi\u00e1b\u00f3l szerzett szakk\u00e9pes\u00edt\u00e9st, megszerezte az orvostudom\u00e1ny kandid\u00e1tusa fokozatot, majd l99l-ben az akad\u00e9miai doktori fokozatot. l99l-t\u0151l l997-ig a SOTE \u00c1ltal\u00e1nos Orvostudom\u00e1nyi Kar\u00e1nak d\u00e9k\u00e1nja volt. 1993-ban nevezt\u00e9k ki tansz\u00e9kvezet\u0151 egyetemi tan\u00e1rnak az I. sz. Belgy\u00f3gy\u00e1szati Klinik\u00e1ra. l993-t\u00f3l az MTA K\u00f6zgy\u0171l\u00e9s\u00e9nek tagja, 2004-ig az Orvosi Oszt\u00e1ly klinikai I. bizotts\u00e1g\u00e1nak tagja volt 2001-ig. l99l-t\u0151l 1999-ig a Belgy\u00f3gy\u00e1sz Szakmai Koll\u00e9gium eln\u00f6ke. 1999-t\u0151l 2003-ig az Eg\u00e9szs\u00e9g\u00fcgyi Tudom\u00e1nyos Szakk\u00e9pz\u00e9si Tan\u00e1cs (ETSZT) tagja volt. 1990-t\u0151l a Magyar Belgy\u00f3gy\u00e1sz T\u00e1rsas\u00e1g f\u0151titk\u00e1ra, 1994-t\u0151l 2002-ig eln\u00f6ke; l994-t\u0151l az International Society of Internal Medicine vezet\u0151s\u00e9g\u00e9nek tagja, l996-t\u00f3l l998-ig v\u00e1lasztott eln\u00f6ke, l998-2000-ig eln\u00f6ke volt. A rezidensk\u00e9pz\u00e9s bevezet\u00e9se \u00f3ta a Semmelweis Egyetemen professor emeritusk\u00e9nt a belgy\u00f3gy\u00e1szati szakmai gr\u00e9mium eln\u00f6ke. Sz\u00e1mos magyar \u00e9s nemzetk\u00f6zi t\u00e1rsas\u00e1g tagja, ill. vezet\u0151s\u00e9g\u00e9nek tagja; megalakul\u00e1sa \u00f3ta aleln\u00f6ke volt a Magyar Hypertonia T\u00e1rsas\u00e1gnak, 2001-ben megv\u00e1lasztott\u00e1k, majd 2005-ben \u00fajrav\u00e1lasztott\u00e1k a t\u00e1rsas\u00e1g eln\u00f6k\u00e9v\u00e9, mely tisztet 2010-ig t\u00f6lt\u00f6tte be. F\u0151bb szakmai \u00e9s kutat\u00e1si ter\u00fcletei a vesem\u0171k\u00f6d\u00e9s \u00e9let- \u00e9s k\u00f3rtana, a hypertonia patogenezise \u00e9s kezel\u00e9se, valamint a kering\u00e9sszab\u00e1lyoz\u00f3 peptid-hormonok elv\u00e1laszt\u00e1s\u00e1nak szab\u00e1lyoz\u00e1sa. Akad\u00e9miai kutat\u00f3csoportot vezetett \u00e9s PhD. Programvezet\u0151 volt 2003-ig. Tudom\u00e1nyos tev\u00e9kenys\u00e9g\u00e9t sz\u00e1mos k\u00f6nyv \u2013 k\u00f6zt\u00fck az l984-ben ill. l987-ben megjelent Hipert\u00f3nia c. monogr\u00e1fia k\u00e9t kiad\u00e1sa, \u2013 20 k\u00f6nyvfejezet, valamint k\u00e9tsz\u00e1zn\u00e1l t\u00f6bb \u2013 j\u00f3r\u00e9szt nemzetk\u00f6zi \u2013 publik\u00e1ci\u00f3 f\u00e9mjelzi, melyekre t\u00f6bb mint 500 hivatkoz\u00e1s t\u00f6rt\u00e9nt. 1994-ben Akad\u00e9miai D\u00edjat, 1997-ben Szent-Gy\u00f6rgyi Albert d\u00edjat kapott. G\u00f6m\u00f6ri P\u00e1l \u00e9s T\u00f6r\u00f6k Eszter eml\u00e9k\u00e9rmekkel is kit\u00fcntett\u00e9k. 2003-ban a Magyar K\u00f6ztr\u00e1sas\u00e1gi \u00c9rdemrend Lovagkeresztje (polg\u00e1ri tagozat) kit\u00fcntet\u00e9sben r\u00e9szes\u00fclt. Az Orvostov\u00e1bbk\u00e9pz\u0151 Szemle szerkeszt\u0151bizotts\u00e1g\u00e1nak eln\u00f6ke, t\u00f6bb m\u00e1s orvosi foly\u00f3irat szerkeszt\u0151bizotts\u00e1g\u00e1nak tagja. A Nemzetk\u00f6zi Belgy\u00f3gy\u00e1sz T\u00e1rsas\u00e1g (ISIM) \u00e9s az Eur\u00f3pai Belgy\u00f3gy\u00e1sz Sz\u00f6vets\u00e9g (EFIM) tiszteletbeli tagja, az American College of Physicians Honorary Fellow-ja.<\/p>\n<p style=\"text-align: justify\">(F\u0151bb munk\u00e1i: de Ch\u00e2tel, R., Weidmann, P., Flammer, J., Ziegler, W.H., Beretta-Piccoli, C., Vetter, W., Reubi, F.C.: Sodium, renin, aldosterone, catecholamines and blood pressure in diabetes mellitus. Kidney Int. 12: 412-421 (1978).<\/p>\n<p style=\"text-align: justify\">de Ch\u00e2tel, R.: Mechanism of carotid occlusion diuresis. Acta physiol. Acad. Sci. Hung. 52: 367-374 (1978).<\/p>\n<p style=\"text-align: justify\">de Ch\u00e2tel, R., T\u00f3th, M., Barna, I.: Exhangeable body sodium:its relationship with blood pressure and atrial natriuretic factor in normal man and in diabetic patients. J. Hypertension 4 (Suppl. 6): S526-S528 (1986).<\/p>\n<p style=\"text-align: justify\">Piuhola J., Szokodi I., Kinnunen P., Ilves M., de Ch\u00e2tel R., Vuolteenaho O., Ruskoaho H.: Endothelin-1 contributes to the frank-starling response in hypertrophic rat hearts. Hypertension: 41: 93-98 (2003).)<\/p>\n","protected":false},"excerpt":{"rendered":"<p><a href=\"https:\/\/semmelweis.hu\/baratikor\/files\/2022\/06\/196_11.jpg\"><\/a> (Budapest, 1938. j\u00falius 9. &#8211; ) D\u00e9k\u00e1n: 1991\/92 &#8211; 1996\/97 Dr. de Ch\u00e2tel Rudolf 1962. szeptember 28-\u00e1n szerezte meg orvosdoktori diplom\u00e1j\u00e1t Budapesten; p\u00e1ly\u00e1j\u00e1t az Egyetem \u00c9lettani Int\u00e9zet\u00e9ben, B\u00e1lint P\u00e9ter professzor mellett kezdte el, majd l969-t\u0151l az I. sz. Belklinik\u00e1ra ker\u00fclt. Belgy\u00f3gy\u00e1szatb\u00f3l, majd nefrol\u00f3gi\u00e1b\u00f3l szerzett szakk\u00e9pes\u00edt\u00e9st, megszerezte az orvostudom\u00e1ny kandid\u00e1tusa fokozatot, majd l99l-ben az akad\u00e9miai doktori &hellip;<\/p>\n","protected":false},"author":282,"featured_media":685,"parent":347,"menu_order":0,"comment_status":"closed","ping_status":"closed","template":"template-fullwidth.php","meta":{"_acf_changed":false,"footnotes":""},"categories":[80,6,20,77,14],"tags":[],"class_list":["post-684","page","type-page","status-publish","has-post-thumbnail","hentry","category-aok-dekanjai","category-dekanok","category-dekanok-karok-szerint","category-kegyeleti-adattar","category-teljes-nevlista"],"acf":[],"_links":{"self":[{"href":"https:\/\/semmelweis.hu\/baratikor\/wp-json\/wp\/v2\/pages\/684","targetHints":{"allow":["GET"]}}],"collection":[{"href":"https:\/\/semmelweis.hu\/baratikor\/wp-json\/wp\/v2\/pages"}],"about":[{"href":"https:\/\/semmelweis.hu\/baratikor\/wp-json\/wp\/v2\/types\/page"}],"author":[{"embeddable":true,"href":"https:\/\/semmelweis.hu\/baratikor\/wp-json\/wp\/v2\/users\/282"}],"replies":[{"embeddable":true,"href":"https:\/\/semmelweis.hu\/baratikor\/wp-json\/wp\/v2\/comments?post=684"}],"version-history":[{"count":1,"href":"https:\/\/semmelweis.hu\/baratikor\/wp-json\/wp\/v2\/pages\/684\/revisions"}],"predecessor-version":[{"id":686,"href":"https:\/\/semmelweis.hu\/baratikor\/wp-json\/wp\/v2\/pages\/684\/revisions\/686"}],"up":[{"embeddable":true,"href":"https:\/\/semmelweis.hu\/baratikor\/wp-json\/wp\/v2\/pages\/347"}],"wp:featuredmedia":[{"embeddable":true,"href":"https:\/\/semmelweis.hu\/baratikor\/wp-json\/wp\/v2\/media\/685"}],"wp:attachment":[{"href":"https:\/\/semmelweis.hu\/baratikor\/wp-json\/wp\/v2\/media?parent=684"}],"wp:term":[{"taxonomy":"category","embeddable":true,"href":"https:\/\/semmelweis.hu\/baratikor\/wp-json\/wp\/v2\/categories?post=684"},{"taxonomy":"post_tag","embeddable":true,"href":"https:\/\/semmelweis.hu\/baratikor\/wp-json\/wp\/v2\/tags?post=684"}],"curies":[{"name":"wp","href":"https:\/\/api.w.org\/{rel}","templated":true}]}}