{"id":671,"date":"2022-06-09T14:04:33","date_gmt":"2022-06-09T12:04:33","guid":{"rendered":"https:\/\/semmelweis.hu\/baratikor\/?page_id=671"},"modified":"2023-01-06T14:23:27","modified_gmt":"2023-01-06T13:23:27","slug":"fejerdy-pal","status":"publish","type":"page","link":"https:\/\/semmelweis.hu\/baratikor\/galeria\/teljes-nevlista\/fejerdy-pal\/","title":{"rendered":"Fej\u00e9rdy P\u00e1l"},"content":{"rendered":"<p style=\"text-align: justify\"><a href=\"https:\/\/semmelweis.hu\/baratikor\/files\/2022\/06\/201_11.jpg\"><img loading=\"lazy\" decoding=\"async\" class=\"alignleft wp-image-672 size-full\" src=\"https:\/\/semmelweis.hu\/baratikor\/files\/2022\/06\/201_11.jpg\" alt=\"\" width=\"283\" height=\"355\" \/><\/a><strong>(Budapest 1945. december 23. -)<\/strong><\/p>\n<p style=\"text-align: justify\">D\u00e9k\u00e1n: 1992\/93-1997\/98, 2010-<\/p>\n<p style=\"text-align: justify\">K\u00f6z\u00e9piskolai tanulm\u00e1nyait Budapesten a II. R\u00e1k\u00f3czi Ferenc Gimn\u00e1ziumban v\u00e9gezte. A Budapesti Orvostudom\u00e1nyi Egyetem Fogorvostudom\u00e1nyi Kar\u00e1n szerzett fogorvosi diplom\u00e1t 1969-ben summa cum laude eredm\u00e9nnyel. Az\u00f3ta a Fogorvostudom\u00e1nyi Kar Fogp\u00f3tl\u00e1stani Klinik\u00e1j\u00e1n dolgozik v\u00e9gigj\u00e1rva az akad\u00e9miai \u201egr\u00e1dicsokat\u201d: 1971-t\u0151l tan\u00e1rseg\u00e9d, 1981-t\u0151l egyetemi adjunktus, 1986-t\u00f3l egyetemi docens, majd 1989-t\u0151l egyetemi tan\u00e1r. 1986 &#8211; 1992 k\u00f6z\u00f6tt d\u00e9k\u00e1nhelyettes, majd 1992-t\u0151l 1998-ig a Fogorvostudom\u00e1nyi Kar d\u00e9k\u00e1nja. 1999-t\u0151l igazgat\u00f3 a Fogp\u00f3tl\u00e1stani Klinik\u00e1n. 2003-2009 a Semmelweis Egyetem oktat\u00e1si \u00e9s informatikai rektorhelyettese. 2005-t\u0151l az egyetem Tov\u00e1bbk\u00e9pz\u00e9si K\u00f6zpontj\u00e1nak igazgat\u00f3ja. 1971-ben tett szakvizsg\u00e1t a &#8222;Fog- \u00e9s sz\u00e1jbetegs\u00e9gek&#8221; t\u00e1rgyk\u00f6r\u00e9b\u0151l. 1978-ban \u00f6szt\u00f6nd\u00edjas aspir\u00e1ns, majd 1982-ben kandid\u00e1tusi fokozatot nyert. Tudom\u00e1nyos \u00e9rdekl\u0151d\u00e9si ter\u00fclete: gerostomatologia, fogp\u00f3tl\u00e1stani epidemiol\u00f3gia, prevent\u00edv fogp\u00f3tl\u00e1stan. 2004-ben \u201eKonzerv\u00e1l\u00f3 fog\u00e1szat \u00e9s fogp\u00f3tl\u00e1stan\u201d-b\u00f3l szerzett szakvizsg\u00e1t. 1970 \u00f3ta t\u00f6bb mint 170 dolgozat, tanulm\u00e1ny, k\u00f6nyv \u00e9s jegyzetr\u00e9sz \u00edr\u00e1s\u00e1ban, elektronikus alkot\u00e1sok l\u00e9trehoz\u00e1s\u00e1ban vett r\u00e9szt.<\/p>\n<p style=\"text-align: justify\">Szakmapolitikai tev\u00e9kenys\u00e9ge: a Fog- \u00e9s Sz\u00e1jbetegs\u00e9gek Szakmai Koll\u00e9gium eln\u00f6ke volt 2004-ig, 2011-t\u0151l Szakmai Koll\u00e9gium Fog- \u00e9s Sz\u00e1jbetegs\u00e9gek Tagozat\u00e1nak eln\u00f6ke, Tan\u00e1cs\u00e1nak tagja, a Magyar Fogorvosok Egyes\u00fclete vezet\u0151s\u00e9gi tagja \u00e9s a Magyar Fogp\u00f3tl\u00e1stani T\u00e1rsas\u00e1g eln\u00f6ke (2005-2010). A \u201eFogorvosi Szemle\u201d (2000-), valamint az \u201eOrvosk\u00e9pz\u00e9s\u201d (2005-2008) felel\u0151s szerkeszt\u0151je. A \u201eMagyar Fogorvos\u201d szerkeszt\u0151 bizotts\u00e1g\u00e1nak tagja.<\/p>\n<p style=\"text-align: justify\">Elismer\u00e9sei: K\u00f6rm\u00f6czi Zolt\u00e1n P\u00e1lyad\u00edj (1981) \u00e9s (1982), Ap\u00e1czai Csere J\u00e1nos-d\u00edj (1998), \u00c1rk\u00f6vy J\u00f3zsef Eml\u00e9k\u00e9rem \u00e9s Jutalomd\u00edj (1998), Sz\u00e9chenyi professzori \u00f6szt\u00f6nd\u00edj (1998), Magyar K\u00f6zt\u00e1rsas\u00e1gi \u00c9rdemrend Lovagkeresztje (2004), Semmelweis Egyetem Arany Pecs\u00e9tgy\u0171r\u0171je (2010), Semmelweis d\u00edj (2010).<\/p>\n<p><a href=\"https:\/\/semmelweis.hu\/baratikor\/files\/2022\/06\/201_21.jpg\"><img loading=\"lazy\" decoding=\"async\" class=\"alignnone wp-image-673 size-full\" src=\"https:\/\/semmelweis.hu\/baratikor\/files\/2022\/06\/201_21.jpg\" alt=\"\" width=\"283\" height=\"355\" \/><\/a><\/p>\n","protected":false},"excerpt":{"rendered":"<p><a href=\"https:\/\/semmelweis.hu\/baratikor\/files\/2022\/06\/201_11.jpg\"><\/a> (Budapest 1945. december 23. -) D\u00e9k\u00e1n: 1992\/93-1997\/98, 2010- K\u00f6z\u00e9piskolai tanulm\u00e1nyait Budapesten a II. R\u00e1k\u00f3czi Ferenc Gimn\u00e1ziumban v\u00e9gezte. A Budapesti Orvostudom\u00e1nyi Egyetem Fogorvostudom\u00e1nyi Kar\u00e1n szerzett fogorvosi diplom\u00e1t 1969-ben summa cum laude eredm\u00e9nnyel. Az\u00f3ta a Fogorvostudom\u00e1nyi Kar Fogp\u00f3tl\u00e1stani Klinik\u00e1j\u00e1n dolgozik v\u00e9gigj\u00e1rva az akad\u00e9miai \u201egr\u00e1dicsokat\u201d: 1971-t\u0151l tan\u00e1rseg\u00e9d, 1981-t\u0151l egyetemi adjunktus, 1986-t\u00f3l egyetemi docens, majd 1989-t\u0151l egyetemi tan\u00e1r. 1986 &hellip;<\/p>\n","protected":false},"author":282,"featured_media":672,"parent":347,"menu_order":0,"comment_status":"closed","ping_status":"closed","template":"template-fullwidth.php","meta":{"_acf_changed":false,"footnotes":""},"categories":[6,20,82,14],"tags":[],"class_list":["post-671","page","type-page","status-publish","has-post-thumbnail","hentry","category-dekanok","category-dekanok-karok-szerint","category-fok-dekanjai","category-teljes-nevlista"],"acf":[],"_links":{"self":[{"href":"https:\/\/semmelweis.hu\/baratikor\/wp-json\/wp\/v2\/pages\/671","targetHints":{"allow":["GET"]}}],"collection":[{"href":"https:\/\/semmelweis.hu\/baratikor\/wp-json\/wp\/v2\/pages"}],"about":[{"href":"https:\/\/semmelweis.hu\/baratikor\/wp-json\/wp\/v2\/types\/page"}],"author":[{"embeddable":true,"href":"https:\/\/semmelweis.hu\/baratikor\/wp-json\/wp\/v2\/users\/282"}],"replies":[{"embeddable":true,"href":"https:\/\/semmelweis.hu\/baratikor\/wp-json\/wp\/v2\/comments?post=671"}],"version-history":[{"count":2,"href":"https:\/\/semmelweis.hu\/baratikor\/wp-json\/wp\/v2\/pages\/671\/revisions"}],"predecessor-version":[{"id":1625,"href":"https:\/\/semmelweis.hu\/baratikor\/wp-json\/wp\/v2\/pages\/671\/revisions\/1625"}],"up":[{"embeddable":true,"href":"https:\/\/semmelweis.hu\/baratikor\/wp-json\/wp\/v2\/pages\/347"}],"wp:featuredmedia":[{"embeddable":true,"href":"https:\/\/semmelweis.hu\/baratikor\/wp-json\/wp\/v2\/media\/672"}],"wp:attachment":[{"href":"https:\/\/semmelweis.hu\/baratikor\/wp-json\/wp\/v2\/media?parent=671"}],"wp:term":[{"taxonomy":"category","embeddable":true,"href":"https:\/\/semmelweis.hu\/baratikor\/wp-json\/wp\/v2\/categories?post=671"},{"taxonomy":"post_tag","embeddable":true,"href":"https:\/\/semmelweis.hu\/baratikor\/wp-json\/wp\/v2\/tags?post=671"}],"curies":[{"name":"wp","href":"https:\/\/api.w.org\/{rel}","templated":true}]}}