{"id":632,"date":"2022-06-09T09:45:43","date_gmt":"2022-06-09T07:45:43","guid":{"rendered":"https:\/\/semmelweis.hu\/baratikor\/?page_id=632"},"modified":"2023-01-06T14:30:12","modified_gmt":"2023-01-06T13:30:12","slug":"tihanyi-jozsef-2","status":"publish","type":"page","link":"https:\/\/semmelweis.hu\/baratikor\/galeria\/teljes-nevlista\/tihanyi-jozsef-2\/","title":{"rendered":"Tihanyi J\u00f3zsef"},"content":{"rendered":"<p><a href=\"https:\/\/semmelweis.hu\/baratikor\/files\/2022\/06\/227_11.jpg\"><img loading=\"lazy\" decoding=\"async\" class=\"alignleft wp-image-633 size-full\" src=\"https:\/\/semmelweis.hu\/baratikor\/files\/2022\/06\/227_11.jpg\" alt=\"\" width=\"255\" height=\"386\" \/><\/a><strong>(Kaposv\u00e1r, 1946-)<\/strong><\/p>\n<p>D\u00e9k\u00e1n: 2007-2011<\/p>\n<p style=\"text-align: justify\">1970-ben kit\u00fcntet\u00e9ses oklev\u00e9llel szerzett k\u00f6z\u00e9piskolai testnevel\u0151 tan\u00e1ri diplom\u00e1t, majd 1973-ban szakedz\u0151i diplom\u00e1t. 1970-ban egyetemi tan\u00e1rseg\u00e9di kinevez\u00e9st kapott a Magyar Testnevel\u00e9si F\u0151iskola Atl\u00e9tika tansz\u00e9k\u00e9re. Az oktat\u00e1s mellett kutat\u00f3 munk\u00e1t v\u00e9gzett \u00e9s TDK hallgat\u00f3k munk\u00e1j\u00e1t is ir\u00e1ny\u00edtotta. 1977 \u00e9s 1980 k\u00f6z\u00f6tt aspir\u00e1ns k\u00eds\u00e9rleti biol\u00f3gia tudom\u00e1ny\u00e1gban. 1980-81-ben \u00f6szt\u00f6nd\u00edjask\u00e9nt a finnorsz\u00e1gi Jyv\u00e4skyl\u00e4 Egyetemen biomechanik\u00e1t tanult \u00e9s ezen a ter\u00fcleten kutatott. 1982-ban szerezte meg kandid\u00e1tusi fokozat\u00e1t. 1980-1987 k\u00f6z\u00f6tt tudom\u00e1nyos munkat\u00e1rs, majd f\u0151munkat\u00e1rs a Magyar Testnevel\u00e9si F\u0151iskola Kutat\u00f3 Int\u00e9zet\u00e9ben, az \u00c9lettani Oszt\u00e1lyon. 1987-t\u0151l a Magyar Testnevel\u00e9si Egyetem Biomechanika tansz\u00e9k\u00e9re ker\u00fcl, ahol biomechanik\u00e1t oktat. 1993-ben egyetemi tan\u00e1ri kinevez\u00e9st kapott. 2002-ben lett az MTA doktora. 1985 \u00e9s 1990 k\u00f6z\u00f6tt a Kuvaiti Egyetem Orvostudom\u00e1nyi Kar\u00e1n az \u00c9lettani Int\u00e9zetben tudom\u00e1nyos kutat\u00f3, sportklubban \u00e9s a v\u00e1logatottn\u00e1l atl\u00e9ta edz\u0151. F\u0151 kutat\u00e1si ter\u00fclete a mozgat\u00f3rendszer biomechanikai viselked\u00e9se, az er\u0151fejleszt\u00e9s \u00e9lettana \u00e9s biomechanik\u00e1ja, az er\u0151kifejt\u00e9s k\u00f6zponti idegrendszeri szab\u00e1lyoz\u00e1sa. 1993-ban beny\u00fajtott doktori programj\u00e1t az Orsz\u00e1gos Akkredit\u00e1ci\u00f3s Bizotts\u00e1g akkredit\u00e1lta, \u00e9s az\u00f3ta r\u00e9szt vesz a doktork\u00e9pz\u00e9sben. Kilenc hallgat\u00f3ja szerzett PhD fokozatot. H\u00e9t TDK hallgat\u00f3ja nyert els\u0151 helyez\u00e9st OTDK-n, k\u00e9t hallgat\u00f3ja Pro Sciencia arany\u00e9rmes. 2009-ben OTDT Mestertan\u00e1ri kit\u00fcntet\u00e9st kapott. A hum\u00e1nkineziol\u00f3gia szak \u00e9s a hum\u00e1nkineziol\u00f3giai laborat\u00f3riumi h\u00e1l\u00f3zat megalap\u00edt\u00e1sa f\u0171z\u0151dik nev\u00e9hez. Jelent\u0151s szerepet v\u00e1llalt a Magyar Testnevel\u00e9si Egyetem, majd a Semmelweis Egyetem Testnevel\u00e9si \u00e9s Sporttudom\u00e1nyi Kar k\u00e9pz\u00e9si szerkezet\u00e9nek \u00e1talak\u00edt\u00e1s\u00e1ban, valamint a Z\u00e1gr\u00e1bi Egyetem Kineziol\u00f3giai Kar\u00e1nak \u00e9s a Tor Vergata Egyetem Sporttudom\u00e1nyi Int\u00e9zet\u00e9nek gradu\u00e1lis \u00e9s doktori programj\u00e1nak kialak\u00edt\u00e1s\u00e1ban, amely egyetemeken vend\u00e9gprofesszori kinevez\u00e9st kapott 1995-ben, illetve 2001-ben. T\u00f6bb egyetem doktori k\u00e9pz\u00e9s\u00e9nek k\u00fcls\u0151s munkat\u00e1rsa. Rendszeres megh\u00edvottja k\u00fclf\u00f6ldi egyetemeknek, ahol biomechanik\u00e1t \u00e9s edz\u00e9selm\u00e9letet oktat. Rendszeres megh\u00edvott el\u0151ad\u00f3ja szakmai \u00e9s tudom\u00e1nyos konferenci\u00e1knak. Kilenc nemzetk\u00f6zi \u00e9s k\u00fclf\u00f6ldi tudom\u00e1nyos foly\u00f3irat szerkeszt\u0151s\u00e9gi tagja. H\u00e9t nemzetk\u00f6zi tudom\u00e1nyos foly\u00f3irat felk\u00e9rt b\u00edr\u00e1l\u00f3ja. 1991-1994 k\u00f6z\u00f6tt a Magyar Testnevel\u00e9si Egyetem (TF) tudom\u00e1nyos rektorhelyettese, 1994-2000 k\u00f6z\u00f6tt a TF rektora, 2000-2001 k\u00f6z\u00f6tt d\u00e9k\u00e1nja. 2000-2003 k\u00f6z\u00f6tt a Semmelweis Egyetem rektorhelyettese, 2007-2008 k\u00f6z\u00f6tt a TF megb\u00edzott, majd 2008-t\u00f3l 2011-ig kinevezett d\u00e9k\u00e1nja. 1993 \u00e9s 2011 k\u00f6z\u00f6tt a Biomechanika tansz\u00e9k vezet\u0151je. Sportol\u00f3k\u00e9nt h\u00e1romszoros magyar bajnok magasugr\u00f3, k\u00e9tszeres cs\u00facstart\u00f3, Eur\u00f3pa bajnoki hetedik helyezett h\u00e1romszor, a Magyar Olimpiai Csapat tagja M\u00fcnchenben (1972). 1970-1990 k\u00f6z\u00f6tt sikeres edz\u0151i tev\u00e9kenys\u00e9get is folytatott, amelyet 1985-ben mesteredz\u0151i c\u00edmmel ismertek el. Tan\u00edtv\u00e1nyai t\u00edzn\u00e9l t\u00f6bb magyar bajnoks\u00e1got nyertek \u00e9s \u00e1ll\u00edtottak fel magyar cs\u00facsot, kontinent\u00e1lis bajnoks\u00e1gok helyezettjei, cs\u00facstart\u00f3i voltak. Kit\u00fcntet\u00e9si: Hepp Ferenc D\u00edj (1996), Kem\u00e9ny Ferenc D\u00edj (1999), Meritorius Professor (2009 University Zagreb), E\u00f6tv\u00f6s J\u00f3zsef D\u00edj (2011).<\/p>\n","protected":false},"excerpt":{"rendered":"<p><a href=\"https:\/\/semmelweis.hu\/baratikor\/files\/2022\/06\/227_11.jpg\"><\/a> (Kaposv\u00e1r, 1946-) D\u00e9k\u00e1n: 2007-2011 1970-ben kit\u00fcntet\u00e9ses oklev\u00e9llel szerzett k\u00f6z\u00e9piskolai testnevel\u0151 tan\u00e1ri diplom\u00e1t, majd 1973-ban szakedz\u0151i diplom\u00e1t. 1970-ban egyetemi tan\u00e1rseg\u00e9di kinevez\u00e9st kapott a Magyar Testnevel\u00e9si F\u0151iskola Atl\u00e9tika tansz\u00e9k\u00e9re. Az oktat\u00e1s mellett kutat\u00f3 munk\u00e1t v\u00e9gzett \u00e9s TDK hallgat\u00f3k munk\u00e1j\u00e1t is ir\u00e1ny\u00edtotta. 1977 \u00e9s 1980 k\u00f6z\u00f6tt aspir\u00e1ns k\u00eds\u00e9rleti biol\u00f3gia tudom\u00e1ny\u00e1gban. 1980-81-ben \u00f6szt\u00f6nd\u00edjask\u00e9nt a finnorsz\u00e1gi Jyv\u00e4skyl\u00e4 Egyetemen biomechanik\u00e1t tanult &hellip;<\/p>\n","protected":false},"author":282,"featured_media":633,"parent":347,"menu_order":0,"comment_status":"closed","ping_status":"closed","template":"template-fullwidth.php","meta":{"_acf_changed":false,"footnotes":""},"categories":[6,20,14,87],"tags":[],"class_list":["post-632","page","type-page","status-publish","has-post-thumbnail","hentry","category-dekanok","category-dekanok-karok-szerint","category-teljes-nevlista","category-tsk-dekanjai"],"acf":[],"_links":{"self":[{"href":"https:\/\/semmelweis.hu\/baratikor\/wp-json\/wp\/v2\/pages\/632","targetHints":{"allow":["GET"]}}],"collection":[{"href":"https:\/\/semmelweis.hu\/baratikor\/wp-json\/wp\/v2\/pages"}],"about":[{"href":"https:\/\/semmelweis.hu\/baratikor\/wp-json\/wp\/v2\/types\/page"}],"author":[{"embeddable":true,"href":"https:\/\/semmelweis.hu\/baratikor\/wp-json\/wp\/v2\/users\/282"}],"replies":[{"embeddable":true,"href":"https:\/\/semmelweis.hu\/baratikor\/wp-json\/wp\/v2\/comments?post=632"}],"version-history":[{"count":2,"href":"https:\/\/semmelweis.hu\/baratikor\/wp-json\/wp\/v2\/pages\/632\/revisions"}],"predecessor-version":[{"id":635,"href":"https:\/\/semmelweis.hu\/baratikor\/wp-json\/wp\/v2\/pages\/632\/revisions\/635"}],"up":[{"embeddable":true,"href":"https:\/\/semmelweis.hu\/baratikor\/wp-json\/wp\/v2\/pages\/347"}],"wp:featuredmedia":[{"embeddable":true,"href":"https:\/\/semmelweis.hu\/baratikor\/wp-json\/wp\/v2\/media\/633"}],"wp:attachment":[{"href":"https:\/\/semmelweis.hu\/baratikor\/wp-json\/wp\/v2\/media?parent=632"}],"wp:term":[{"taxonomy":"category","embeddable":true,"href":"https:\/\/semmelweis.hu\/baratikor\/wp-json\/wp\/v2\/categories?post=632"},{"taxonomy":"post_tag","embeddable":true,"href":"https:\/\/semmelweis.hu\/baratikor\/wp-json\/wp\/v2\/tags?post=632"}],"curies":[{"name":"wp","href":"https:\/\/api.w.org\/{rel}","templated":true}]}}