{"id":582,"date":"2022-05-25T12:35:25","date_gmt":"2022-05-25T10:35:25","guid":{"rendered":"https:\/\/semmelweis.hu\/baratikor\/?page_id=582"},"modified":"2022-06-08T09:44:37","modified_gmt":"2022-06-08T07:44:37","slug":"weber-gyorgy","status":"publish","type":"page","link":"https:\/\/semmelweis.hu\/baratikor\/galeria\/teljes-nevlista\/weber-gyorgy\/","title":{"rendered":"W\u00e9ber Gy\u00f6rgy"},"content":{"rendered":"<p style=\"text-align: justify\"><a href=\"https:\/\/semmelweis.hu\/baratikor\/files\/2022\/06\/241_11.jpg\"><img loading=\"lazy\" decoding=\"async\" class=\"alignleft wp-image-583 size-medium\" src=\"https:\/\/semmelweis.hu\/baratikor\/files\/2022\/06\/241_11-291x400.jpg\" alt=\"\" width=\"291\" height=\"400\" srcset=\"https:\/\/semmelweis.hu\/baratikor\/files\/2022\/06\/241_11-291x400.jpg 291w, https:\/\/semmelweis.hu\/baratikor\/files\/2022\/06\/241_11.jpg 295w\" sizes=\"auto, (max-width: 291px) 100vw, 291px\" \/><\/a> <strong>(P\u00e9csudvard, 1953. november 3.)<\/strong><\/p>\n<p style=\"text-align: justify\">Els\u0151 tansz\u00e9kvezet\u0151: K\u00eds\u00e9rletes \u00e9s Seb\u00e9szeti M\u0171t\u00e9ttani Int\u00e9zet (2011)<\/p>\n<p style=\"text-align: justify\">A P\u00e9csi Orvostudom\u00e1nyi Egyetemen szerzett \u00e1ltal\u00e1nos orvosi diplom\u00e1t 1978-ban. 1982-ben seb\u00e9szeti, 1985-ben pedig \u00e9rseb\u00e9szeti szakvizsg\u00e1t tett, 1992-ben PhD fokozatot szerzett, majd 1997-ben habilit\u00e1lt. T\u00f6bb mint harminc \u00e9ves p\u00e9csi m\u0171k\u00f6d\u00e9s ut\u00e1n kapott megh\u00edv\u00e1st a budapesti Semmelweis Egyetemre, ahol munkat\u00e1rsaival egy\u00fctt 2011-ben l\u00e9trehozta a K\u00eds\u00e9rletes \u00e9s Seb\u00e9szeti M\u0171t\u00e9ttani Int\u00e9zetet, melynek jelenleg is igazgat\u00f3ja. Nev\u00e9hez f\u0171z\u0151dik az intraoperat\u00edv ballon kat\u00e9teres angioplasztika hazai bevezet\u00e9se, \u00e9s az ehhez sz\u00fcks\u00e9ges speci\u00e1lis ballon kat\u00e9ter kifejleszt\u00e9se. T\u00f6bb \u00e9vtizedes seb\u00e9szi tev\u00e9kenys\u00e9ge sor\u00e1n \u2013 sz\u00e1mos m\u0171t\u00e9ti priorit\u00e1s mellett &#8211; a vil\u00e1gon els\u0151k\u00e9nt v\u00e9gzett minilaparotomi\u00e1s aortoiliacalis rekonstrukci\u00f3t, haz\u00e1nkban pedig els\u0151k\u00e9nt k\u00e9zzel assziszt\u00e1lt laparoszk\u00f3pos aorto-bifemoralis bypass implant\u00e1ci\u00f3t. Az \u00faj technika oktat\u00e1s\u00e1ra t\u00f6bbsz\u00f6r kapott megh\u00edv\u00e1st a bostoni Harvard Egyetemre, megh\u00edvott el\u0151ad\u00f3ja volt New York-i Montefiore Medical Center tov\u00e1bbk\u00e9pz\u0151 tanfolyamainak \u00e9s rendszeresen tartott m\u0171t\u00e9ti demonstr\u00e1ci\u00f3t a n\u00e1polyi egyetemen. A Surgitrain (1995) megalap\u00edt\u00e1s\u00e1val \u00e9s nagysiker\u0171 k\u00e9pz\u00e9si programok szervez\u00e9s\u00e9vel kiemelked\u0151 szerepe volt a laparoszk\u00f3pia oktat\u00e1s\u00e1ban \u00e9s hazai elterjeszt\u00e9s\u00e9ben.<\/p>\n<p style=\"text-align: justify\">Tizen\u00f6t \u00e9ve multicentrikus vizsg\u00e1latot vezetett a l\u00e1gy\u00e9ks\u00e9rvek fesz\u00fcl\u00e9s mentes technik\u00e1val t\u00f6rt\u00e9n\u0151 kezel\u00e9se \u00e9rdek\u00e9ben. K\u00e9t \u00e9vvel k\u00e9s\u0151bb a hasfali s\u00e9rvek hat\u00e9konyabb kezel\u00e9se \u00e9rdek\u00e9ben \u00fajabb prospekt\u00edv, randomiz\u00e1lt tanulm\u00e1nyt szervezett. E k\u00e9t orsz\u00e1gos vizsg\u00e1lat hat\u00e1s\u00e1ra elterjedt a h\u00e1l\u00f3 haszn\u00e1lata \u00e9s h\u00e1tt\u00e9rbe szorult az elavult, fesz\u00fcl\u00e9s mellett t\u00f6rt\u00e9n\u0151 hasfal-rekonstrukci\u00f3: szeml\u00e9letv\u00e1lt\u00e1s k\u00f6vetkezett be a hazai s\u00e9rvseb\u00e9szetben.<\/p>\n<p style=\"text-align: justify\">Sz\u00e1mos hazai \u00e9s nemzetk\u00f6zi tudom\u00e1nyos t\u00e1rsas\u00e1g tagja. Jelenleg a \u201eEuropean Hernia Society\u201c munkabizotts\u00e1g\u00e1nak tagjak\u00e9nt a l\u00e1gy\u00e9ks\u00e9rv, illetve a \u201eEuropean Association for Endoscopic Surgery\u201d munkabizotts\u00e1g\u00e1nak tagjak\u00e9nt a hasfals\u00e9rv diagnosztikai \u00e9s kezel\u00e9si ir\u00e1nyelveinek \u00f6ssze\u00e1ll\u00edt\u00e1s\u00e1n illetve aktualiz\u00e1l\u00e1s\u00e1n dolgozik.<\/p>\n<p style=\"text-align: justify\">S\u00e9rvh\u00e1l\u00f3 fejleszt\u00e9s ter\u00e9n kifejtett munk\u00e1ja alapj\u00e1n 2009-ben elnyerte a D\u00e9l-Dun\u00e1nt\u00fali Region\u00e1lis Innov\u00e1ci\u00f3s D\u00edjat. 2015-ben Veres J\u00e1nos eml\u00e9kel\u0151ad\u00e1s \u00e9s eml\u00e9k\u00e9rmet, (Magyar Seb\u00e9sz T\u00e1rsas\u00e1g Seb\u00e9szeti Endoszk\u00f3pos Szekci\u00f3 \u00e9letm\u0171d\u00edja), 2017-ben pedig Balassa J\u00e1nos eml\u00e9kel\u0151ad\u00e1s \u00e9s eml\u00e9k\u00e9rmet kapott (Magyar Seb\u00e9sz T\u00e1rsas\u00e1g \u00e9letm\u0171d\u00edja).<\/p>\n<p style=\"text-align: justify\">Jelent\u0151sebb publik\u00e1ci\u00f3k:<\/p>\n<p style=\"text-align: justify\">1. W\u00e9ber Gy, Rozsos I: Intraluminal prosthesis: new conception in arterial reconstruction.<\/p>\n<p style=\"text-align: justify\">in Maurer PC, Becker HM, Hoffman G, Kriesmann A, M\u00fcller-Wiefel H, Pratorius C<\/p>\n<p style=\"text-align: justify\">(eds): What is new in Angiology<\/p>\n<p style=\"text-align: justify\">W. Zuckschwerdt Verlag M\u00fcnchen-Bern-Wien-M\u00fcnchen 1986, 128-129.<\/p>\n<p style=\"text-align: justify\">2. W\u00e9ber Gy, Strauss AL, Rieger H, Scheffler A, Eisenhoffer JS: Validation of Doppler measurement of pressure gradients across peripheral model artery stenosis.<\/p>\n<p style=\"text-align: justify\">J Vasc Surg 1992; 16: 10-16.<\/p>\n<p style=\"text-align: justify\">3. W\u00e9ber Gy, Strauss AL, Jako G: Videokontrollierte \u201eMinimal invasive\u201d Freilegung der Bauchaorta durch retroperitonealen Zugang f\u00fcr Aorto-Iliakale Rekonstruktion.<\/p>\n<p style=\"text-align: justify\">Chirurg 1995; 66: 146-150.<\/p>\n<p style=\"text-align: justify\">4. W\u00e9ber Gy Baracs J Horv\u00e1th \u00d6P Kedvez\u0151bb m\u0171t\u00e9ti eredm\u00e9nyek \u201eonlay\u201d h\u00e1l\u00f3val,mint \u201esublay\u201d helyzetben be\u00fcltetettel &#8211; Varrattal, illetve h\u00e1l\u00f3be\u00fcltet\u00e9ssel t\u00f6rt\u00e9n\u0151 hasfal-rekonstrukci\u00f3 prospekt\u00edv,randomiz\u00e1lt, multicentrikus vizsg\u00e1lata \u2013 \u00f6t\u00e9ves ut\u00e1nk\u00f6vet\u00e9s eredm\u00e9nyei<\/p>\n<p style=\"text-align: justify\">Magyar Seb\u00e9szet 2010;63(5):302-311.<\/p>\n<p style=\"text-align: justify\">5. Miserez M, Peeters E, Aufenacker T, Bouillot JL, Campanelli G, Conze J, Fortelny R, Heikkinen T, Jorgensen LN, Kukleta J, Morales-Conde S, Nordin P, Schumpelick V, Smedberg S, Smietanski M, Simons MP, Weber G: Update with level 1 studies of the European Hernia Society guidelines on the treatment of inguinal hernia in adult patients. Hernia 18:(2) pp. 151-163. (2014)<\/p>\n","protected":false},"excerpt":{"rendered":"<p><a href=\"https:\/\/semmelweis.hu\/baratikor\/files\/2022\/06\/241_11.jpg\"><\/a> (P\u00e9csudvard, 1953. november 3.) Els\u0151 tansz\u00e9kvezet\u0151: K\u00eds\u00e9rletes \u00e9s Seb\u00e9szeti M\u0171t\u00e9ttani Int\u00e9zet (2011) A P\u00e9csi Orvostudom\u00e1nyi Egyetemen szerzett \u00e1ltal\u00e1nos orvosi diplom\u00e1t 1978-ban. 1982-ben seb\u00e9szeti, 1985-ben pedig \u00e9rseb\u00e9szeti szakvizsg\u00e1t tett, 1992-ben PhD fokozatot szerzett, majd 1997-ben habilit\u00e1lt. T\u00f6bb mint harminc \u00e9ves p\u00e9csi m\u0171k\u00f6d\u00e9s ut\u00e1n kapott megh\u00edv\u00e1st a budapesti Semmelweis Egyetemre, ahol munkat\u00e1rsaival egy\u00fctt 2011-ben l\u00e9trehozta a K\u00eds\u00e9rletes &hellip;<\/p>\n","protected":false},"author":282,"featured_media":583,"parent":347,"menu_order":0,"comment_status":"closed","ping_status":"closed","template":"template-fullwidth.php","meta":{"_acf_changed":false,"footnotes":""},"categories":[16,14],"tags":[],"class_list":["post-582","page","type-page","status-publish","has-post-thumbnail","hentry","category-tanszekvezetok","category-teljes-nevlista"],"acf":[],"_links":{"self":[{"href":"https:\/\/semmelweis.hu\/baratikor\/wp-json\/wp\/v2\/pages\/582","targetHints":{"allow":["GET"]}}],"collection":[{"href":"https:\/\/semmelweis.hu\/baratikor\/wp-json\/wp\/v2\/pages"}],"about":[{"href":"https:\/\/semmelweis.hu\/baratikor\/wp-json\/wp\/v2\/types\/page"}],"author":[{"embeddable":true,"href":"https:\/\/semmelweis.hu\/baratikor\/wp-json\/wp\/v2\/users\/282"}],"replies":[{"embeddable":true,"href":"https:\/\/semmelweis.hu\/baratikor\/wp-json\/wp\/v2\/comments?post=582"}],"version-history":[{"count":1,"href":"https:\/\/semmelweis.hu\/baratikor\/wp-json\/wp\/v2\/pages\/582\/revisions"}],"predecessor-version":[{"id":584,"href":"https:\/\/semmelweis.hu\/baratikor\/wp-json\/wp\/v2\/pages\/582\/revisions\/584"}],"up":[{"embeddable":true,"href":"https:\/\/semmelweis.hu\/baratikor\/wp-json\/wp\/v2\/pages\/347"}],"wp:featuredmedia":[{"embeddable":true,"href":"https:\/\/semmelweis.hu\/baratikor\/wp-json\/wp\/v2\/media\/583"}],"wp:attachment":[{"href":"https:\/\/semmelweis.hu\/baratikor\/wp-json\/wp\/v2\/media?parent=582"}],"wp:term":[{"taxonomy":"category","embeddable":true,"href":"https:\/\/semmelweis.hu\/baratikor\/wp-json\/wp\/v2\/categories?post=582"},{"taxonomy":"post_tag","embeddable":true,"href":"https:\/\/semmelweis.hu\/baratikor\/wp-json\/wp\/v2\/tags?post=582"}],"curies":[{"name":"wp","href":"https:\/\/api.w.org\/{rel}","templated":true}]}}