{"id":51,"date":"2022-05-09T15:47:27","date_gmt":"2022-05-09T13:47:27","guid":{"rendered":"https:\/\/semmelweis.hu\/baratikor\/?page_id=51"},"modified":"2025-01-23T18:43:31","modified_gmt":"2025-01-23T17:43:31","slug":"vezetoseg","status":"publish","type":"page","link":"https:\/\/semmelweis.hu\/baratikor\/magunkrol\/vezetoseg\/","title":{"rendered":"Vezet\u0151s\u00e9g"},"content":{"rendered":"<h2>Semmelweis Egyetem Bar\u00e1ti K\u00f6r Eln\u00f6ks\u00e9ge:<\/h2>\n<h4><img loading=\"lazy\" decoding=\"async\" class=\"alignright\" src=\"https:\/\/semmelweis.hu\/baratikor\/files\/2023\/06\/rosivall_laszlo.jpg\" alt=\"\" width=\"90\" height=\"120\" \/><strong>Eln\u00f6k<\/strong><\/h4>\n<p style=\"text-align: left\"><b><\/b><b>Dr. Rosivall L\u00e1szl\u00f3<br \/>\n<\/b>professor emeritus<\/p>\n<hr \/>\n<h4><img loading=\"lazy\" decoding=\"async\" class=\"alignright\" src=\"https:\/\/semmelweis.hu\/baratikor\/files\/2023\/06\/sotonyi_peter.jpg\" alt=\"\" width=\"90\" height=\"120\" \/><b>Aleln\u00f6k<\/b><\/h4>\n<p style=\"text-align: left\"><b>Dr. S\u00f3tonyi P\u00e9ter<br \/>\n<\/b>rector emeritus, akad\u00e9mikus<\/p>\n<hr \/>\n<h4><img loading=\"lazy\" decoding=\"async\" class=\"alignright\" src=\"https:\/\/semmelweis.hu\/baratikor\/files\/2023\/06\/molnar_laszlo.jpg\" alt=\"\" width=\"90\" height=\"120\" \/><b><\/b><b>Titk\u00e1r<\/b><\/h4>\n<p><b>Dr. Moln\u00e1r L\u00e1szl\u00f3<br \/>\n<\/b>lev\u00e9lt\u00e1r igazgat\u00f3<\/p>\n<hr \/>\n<p><img loading=\"lazy\" decoding=\"async\" class=\"alignright\" src=\"https:\/\/semmelweis.hu\/baratikor\/files\/2023\/06\/boga_balint.jpg\" alt=\"\" width=\"90\" height=\"120\" \/><\/p>\n<h4 style=\"text-align: left\"><strong>\u00dcgyvezet\u0151 titk\u00e1r<\/strong><\/h4>\n<p style=\"text-align: left\"><strong>Dr. Boga B\u00e1lint<b><br \/>\n<\/b><\/strong>f\u0151orvos<\/p>\n<p>&nbsp;<\/p>\n<div align=\"center\">\n<div class=\"keretes w-100\">\n<h4 style=\"text-align: left\" align=\"center\"><strong>Vezet\u0151s\u00e9gi tagok<\/strong><\/h4>\n<p style=\"text-align: left\"><b>Dr. Farkas Julianna<\/b><br \/>\nny. f\u0151orvos<\/p>\n<p style=\"text-align: left\"><b>Dr. God\u00f3 Ferenc<\/b><br \/>\nigazgat\u00f3<\/p>\n<p style=\"text-align: left\"><b>Dr. Horv\u00e1th Csaba<\/b><br \/>\negyetemi tan\u00e1r<\/p>\n<p style=\"text-align: left\"><b>Dr. Kov\u00e1cs \u00c9va<\/b><br \/>\nnyelvtan\u00e1r<\/p>\n<p style=\"text-align: left\"><b>Dr. Nyir\u00e1dy P\u00e9ter<\/b><br \/>\negyetemi tan\u00e1r, klinikaigazgat\u00f3<\/p>\n<p style=\"text-align: left\"><b>Dr. Pataki Gergely<\/b><br \/>\nseb\u00e9sz \u00e9s plasztikai seb\u00e9sz szakorvos<\/p>\n<p style=\"text-align: left\"><b>Dr. Pavlik G\u00e1bor<\/b><br \/>\nprofessor emeritus<\/p>\n<p style=\"text-align: left\"><b>Dr. Polg\u00e1r Veronika<\/b><br \/>\nf\u0151iskolai docens<\/p>\n<p style=\"text-align: left\"><b>Dr. Sas Gy\u00f6rgy<\/b><br \/>\nplasztikai seb\u00e9sz f\u0151orvos<\/p>\n<p style=\"text-align: left\"><b>Dr. Schmidt P\u00e9ter<\/b><br \/>\negyetemi mag\u00e1ntan\u00e1r<\/p>\n<p style=\"text-align: left\"><b>Dr. Somfai G\u00e1bor M\u00e1rk<\/b><br \/>\nf\u0151orvos<\/p>\n<p style=\"text-align: left\"><b>Dr. Szomol\u00e1nyi Gy. Istv\u00e1n<\/b><br \/>\n\u00fcv. igazgat\u00f3, adjunktus,<br \/>\na BK Fogorvosi Tagozat eln\u00f6ke<\/p>\n<p style=\"text-align: left\"><b>V\u00e1rszegi Korn\u00e9lia<\/b><br \/>\nigazgat\u00f3<\/p>\n<\/div>\n<\/div>\n","protected":false},"excerpt":{"rendered":"<p>Semmelweis Egyetem Bar\u00e1ti K\u00f6r Eln\u00f6ks\u00e9ge: Eln\u00f6k Dr. Rosivall L\u00e1szl\u00f3 professor emeritus Aleln\u00f6k Dr. S\u00f3tonyi P\u00e9ter rector emeritus, akad\u00e9mikus Titk\u00e1r Dr. Moln\u00e1r L\u00e1szl\u00f3 lev\u00e9lt\u00e1r igazgat\u00f3 \u00dcgyvezet\u0151 titk\u00e1r Dr. Boga B\u00e1lint f\u0151orvos &nbsp; Vezet\u0151s\u00e9gi tagok Dr. Farkas Julianna ny. f\u0151orvos Dr. God\u00f3 Ferenc igazgat\u00f3 Dr. Horv\u00e1th Csaba egyetemi tan\u00e1r Dr. Kov\u00e1cs \u00c9va nyelvtan\u00e1r Dr. Nyir\u00e1dy P\u00e9ter egyetemi &hellip;<\/p>\n","protected":false},"author":282,"featured_media":0,"parent":2404,"menu_order":2,"comment_status":"closed","ping_status":"closed","template":"","meta":{"_acf_changed":false,"footnotes":""},"categories":[],"tags":[],"class_list":["post-51","page","type-page","status-publish","hentry"],"acf":[],"_links":{"self":[{"href":"https:\/\/semmelweis.hu\/baratikor\/wp-json\/wp\/v2\/pages\/51","targetHints":{"allow":["GET"]}}],"collection":[{"href":"https:\/\/semmelweis.hu\/baratikor\/wp-json\/wp\/v2\/pages"}],"about":[{"href":"https:\/\/semmelweis.hu\/baratikor\/wp-json\/wp\/v2\/types\/page"}],"author":[{"embeddable":true,"href":"https:\/\/semmelweis.hu\/baratikor\/wp-json\/wp\/v2\/users\/282"}],"replies":[{"embeddable":true,"href":"https:\/\/semmelweis.hu\/baratikor\/wp-json\/wp\/v2\/comments?post=51"}],"version-history":[{"count":11,"href":"https:\/\/semmelweis.hu\/baratikor\/wp-json\/wp\/v2\/pages\/51\/revisions"}],"predecessor-version":[{"id":5933,"href":"https:\/\/semmelweis.hu\/baratikor\/wp-json\/wp\/v2\/pages\/51\/revisions\/5933"}],"up":[{"embeddable":true,"href":"https:\/\/semmelweis.hu\/baratikor\/wp-json\/wp\/v2\/pages\/2404"}],"wp:attachment":[{"href":"https:\/\/semmelweis.hu\/baratikor\/wp-json\/wp\/v2\/media?parent=51"}],"wp:term":[{"taxonomy":"category","embeddable":true,"href":"https:\/\/semmelweis.hu\/baratikor\/wp-json\/wp\/v2\/categories?post=51"},{"taxonomy":"post_tag","embeddable":true,"href":"https:\/\/semmelweis.hu\/baratikor\/wp-json\/wp\/v2\/tags?post=51"}],"curies":[{"name":"wp","href":"https:\/\/api.w.org\/{rel}","templated":true}]}}