{"id":498,"date":"2022-05-25T11:54:03","date_gmt":"2022-05-25T09:54:03","guid":{"rendered":"https:\/\/semmelweis.hu\/baratikor\/?page_id=498"},"modified":"2023-01-06T14:23:28","modified_gmt":"2023-01-06T13:23:28","slug":"hermann-peter","status":"publish","type":"page","link":"https:\/\/semmelweis.hu\/baratikor\/galeria\/teljes-nevlista\/hermann-peter\/","title":{"rendered":"Hermann P\u00e9ter"},"content":{"rendered":"<p><strong><a href=\"https:\/\/semmelweis.hu\/baratikor\/files\/2022\/06\/233_11.jpg\"><img loading=\"lazy\" decoding=\"async\" class=\"wp-image-551 size-medium alignleft\" src=\"https:\/\/semmelweis.hu\/baratikor\/files\/2022\/06\/233_11-266x400.jpg\" alt=\"\" width=\"266\" height=\"400\" srcset=\"https:\/\/semmelweis.hu\/baratikor\/files\/2022\/06\/233_11-266x400.jpg 266w, https:\/\/semmelweis.hu\/baratikor\/files\/2022\/06\/233_11.jpg 295w\" sizes=\"auto, (max-width: 266px) 100vw, 266px\" \/><\/a>(Budapest, 1962. december 16. &#8211; )<\/strong><\/p>\n<p>D\u00e9k\u00e1n: 2013\/14 &#8211;<\/p>\n<p style=\"text-align: justify\">\u00c1ltal\u00e1nos \u00e9s k\u00f6z\u00e9piskolai tanulm\u00e1nyait az ELTE Radn\u00f3ti Mikl\u00f3s Gyakorl\u00f3 Iskol\u00e1ban v\u00e9gezte. 1982-ben nyert felv\u00e9telt a Semmelweis Orvostudom\u00e1nyi Egyetem Fogorvostudom\u00e1nyi Kar\u00e1ra. 1987-ben V. \u00e9ves hallgat\u00f3k\u00e9nt rektori p\u00e1lyamunk\u00e1val Madzsar J\u00f3zsef-d\u00edjat kapott. Ugyanebben az \u00e9vben diplom\u00e1zott summa cum laude eredm\u00e9nnyel, \u00e9s Kiv\u00e1l\u00f3 fogorvostanhallgat\u00f3 I. fokozat kit\u00fcntet\u00e9sben r\u00e9szes\u00fclt. Tanulm\u00e1nyai befejez\u00e9se \u00f3ta az egyetem Fogorvostudom\u00e1nyi Kar\u00e1nak Fogp\u00f3tl\u00e1stani Klinik\u00e1j\u00e1n dolgozik. 1987-ben els\u0151 szerz\u0151s k\u00f6zlem\u00e9ny\u00e9rt Varga Istv\u00e1n p\u00e1ly\u00e1zaton I. d\u00edjat, 1995-ben K\u00f6rm\u00f6czi-d\u00edjat kapott. 1989-ben jeles eredm\u00e9nnyel fog- \u00e9s sz\u00e1jbetegs\u00e9gek szakvizsg\u00e1t tett, majd tan\u00e1rseg\u00e9di kinevez\u00e9st kapott. 1994-ben a Tempus program keret\u00e9ben h\u00e1rom h\u00f3napot t\u00f6lt\u00f6tt a Leuven-i Egyetem Fogp\u00f3tl\u00e1stani Klinik\u00e1j\u00e1n. A k\u00f6vetkez\u0151 \u00e9vben a M\u00fcnster-i Egyetem Parodontol\u00f3giai Klinika Or\u00e1lis Mikrobiol\u00f3giai Csoportj\u00e1n\u00e1l t\u00f6lt\u00f6tt k\u00e9t hetet, ahol a periopatog\u00e9n bakt\u00e9riumok teny\u00e9szt\u00e9s\u00e9t tanulm\u00e1nyozta. 2000-ben adjunktuss\u00e1 l\u00e9pett el\u0151, majd 2001-t\u0151l oszt\u00e1lyvezet\u0151-helyettesi beoszt\u00e1sba ker\u00fclt. 2004-ben v\u00e9dte meg Ph.D. t\u00e9ziseit, \u201eImmunkompromitt\u00e1lt betegek oropharingealis candidiasisa\u201d t\u00e9mak\u00f6rben. Ugyanebben az \u00e9vben Konzerv\u00e1l\u00f3 fog\u00e1szat \u00e9s fogp\u00f3tl\u00e1stan, Parodontol\u00f3gia t\u00e1rgyakb\u00f3l kiv\u00e1l\u00f3an megfelelt eredm\u00e9nnyel szakvizsg\u00e1t tett. 2005-ben bevezette a kurrikulumba a Gnatol\u00f3gia c. tant\u00e1rgyat, melynek angol \u00e9s magyar nyelv\u0171 el\u0151ad\u00f3ja. Szint\u00e9n 2005 \u00f3ta a Semmelweis Egyetem Fogorvostudom\u00e1nyi Kar Tan\u00e1cs\u00e1nak tagja. 2005 \u00e9s 2007 k\u00f6z\u00f6tt rektori megb\u00edz\u00e1s alapj\u00e1n az Oktat\u00e1si Centrum orvostechnol\u00f3giai felel\u0151se volt. 2007-ben r\u00e9szt vett a Semmelweis Egyetem Eg\u00e9szs\u00e9g\u00fcgyi Menedzserk\u00e9pz\u0151 K\u00f6zpont Eg\u00e9szs\u00e9g\u00fcgyi Szakmenedzser Postgradualis programj\u00e1ban, illetve docensi kinevez\u00e9st kapott \u00e9s int\u00e9zetvezet\u0151-helyettesi beoszt\u00e1sba ker\u00fclt. 2007-2010 k\u00f6z\u00f6tt a Fogorvostudom\u00e1nyi Kar d\u00e9k\u00e1nhelyettesi feladatait l\u00e1tta el. 2006-2007 \u00e9s 2010-2011 k\u00f6z\u00f6tt a Nemzeti Bizotts\u00e1g a Magyar Fog\u00e1szat\u00e9rt eln\u00f6ke volt. 2009-t\u0151l tagja a Fog \u2013 \u00e9s Sz\u00e1jbetegs\u00e9gek Szakmai Koll\u00e9gium\u00e1nak. 2010-ben habilit\u00e1ci\u00f3s min\u0151s\u00edt\u00e9st szerzett, \u00e9s a Fogp\u00f3tl\u00e1stani Klinika igazgat\u00f3ja lett. 2011-ben kapott egyetemi tan\u00e1ri kinevez\u00e9st. 2013. j\u00falius 1-j\u00e9t\u0151l a Fogorvostudom\u00e1nyi Kar d\u00e9k\u00e1nja. 2013-ban M.Sc. fokozatot szerzett a Semmelweis Egyetem Eg\u00e9szs\u00e9g\u00fcgyi Menedzserk\u00e9pz\u0151 K\u00f6zpont Eg\u00e9szs\u00e9g\u00fcgyi Szakmenedzser Postgradualis programj\u00e1ban.<\/p>\n<p>1998-t\u00f3l a Magyar Orvosi Kamara Fogorvosi Tagozat\u00e1nak titk\u00e1rs\u00e1gvezet\u0151je, 2002-t\u0151l a Magyar Orvosi Kamara Fogorvosi Tagozat\u00e1nak aleln\u00f6ke, 2007-t\u0151l eln\u00f6ke. 2001-t\u0151l 2005-ig \u00e9s 2010-t\u0151l az MFE Fogp\u00f3tl\u00e1stani T\u00e1rsas\u00e1g vezet\u0151s\u00e9gi tagja.<\/p>\n<p>1994-t\u0151l a Magyar Orvosi Kamara Fogorvosi Tagozata lapj\u00e1nak a Magyar Fogorvosnak szerkeszt\u0151je, 2003-t\u00f3l a Dental H\u00edrek c\u00edm\u0171 \u00fajs\u00e1g vezet\u0151 szerkeszt\u0151je, 2005-t\u0151l a Fogorvosi Szemle szerkeszt\u0151je, 2008-t\u00f3l a Semmelweis Egyetem \u00dajs\u00e1g Szerkeszt\u0151 Bizotts\u00e1g tagja.<\/p>\n<p>(F\u0151bb munk\u00e1i:<\/p>\n<p>Hermann P, Forg\u00e1cs K, G\u00e1l E, Lenkey B, Nagy G, Rozgonyi F: Effects of alkali metal ions on some virulence traits of Candida albicans. In: FOLIA MICROBIOLOGICA 48:(2) pp. 173-176. (2003).<\/p>\n<p>M\u00e1rton K, Hermann P, Dank\u00f3 K, Fej\u00e9rdy P, Madl\u00e9na M, Nagy G: Evaluation of oral manifestations and masticatory force in patients with polymyositis and dermatomyositis. In: JOURNAL OF ORAL PATHOLOGY &amp; MEDICINE 34:(3) pp. 164-169. (2005).<\/p>\n<p>Madl\u00e9na M, Hermann P, J\u00e1hn M, Fej\u00e9rdy P: Caries prevalence and tooth loss in Hungarian adult population: Results of a national survey. In: BMC PUBLIC HEALTH 8: Paper 364. (2008).<\/p>\n<p>Hermann P, Gera I, Borb\u00e9ly J, Fej\u00e9rdy P, Madl\u00e9na M: Periodontal health of an adult population in Hungary: Findings of a national survey. In: JOURNAL OF CLINICAL PERIODONTOLOGY 36:(6) pp. 449-457. (2009).<\/p>\n<p>Kiraly M, Porcsalmy B, Pataki A, Kadar K, Jelitai M, Molnar B, Hermann P, Gera I, Grimm WD, Ganss B, Zsembery A, Varga G: Simultaneous pkc and camp activation induces differentiation of human dental pulp stem cells into functionally active neurons. In: NEUROCHEMISTRY INTERNATIONAL 55:(5) pp. 323-332. (2009).<\/p>\n<p>Krist\u00f3f K, Kocsis E, Szab\u00f3 D, Kardos S, Cser V, Nagy K, Hermann P, Rozgonyi F: Significance of methicillin-teicoplanin resistant Staphylococcus haemolyticus in bloodstream infections in patients of the Semmelweis University hospitals in Hungary. In:<\/p>\n<p>EUROPEAN JOURNAL OF CLINICAL MICROBIOLOGY AND INFECTIOUS DISEASES 30:(5) pp. 691-699. (2011).<\/p>\n<p>F\u00e1bi\u00e1n TK, Hermann P, Beck A, Fej\u00e9rdy P, F\u00e1bi\u00e1n G: Salivary Defense Proteins: Their Network and Role in Innate and Acquired Oral Immunity. In: INTERNATIONAL JOURNAL OF MOLECULAR SCIENCES 13:(4) pp. 4295-4320. (2012).<\/p>\n<p>\u00a0<a href=\"https:\/\/semmelweis.hu\/baratikor\/files\/2022\/06\/233_21.jpg\"><img loading=\"lazy\" decoding=\"async\" class=\"alignnone wp-image-552 size-medium\" src=\"https:\/\/semmelweis.hu\/baratikor\/files\/2022\/06\/233_21-267x400.jpg\" alt=\"\" width=\"267\" height=\"400\" srcset=\"https:\/\/semmelweis.hu\/baratikor\/files\/2022\/06\/233_21-267x400.jpg 267w, https:\/\/semmelweis.hu\/baratikor\/files\/2022\/06\/233_21.jpg 295w\" sizes=\"auto, (max-width: 267px) 100vw, 267px\" \/><\/a><\/p>\n","protected":false},"excerpt":{"rendered":"<p><a href=\"https:\/\/semmelweis.hu\/baratikor\/files\/2022\/06\/233_11.jpg\"><\/a> (Budapest, 1962. december 16. &#8211; ) D\u00e9k\u00e1n: 2013\/14 &#8211; \u00c1ltal\u00e1nos \u00e9s k\u00f6z\u00e9piskolai tanulm\u00e1nyait az ELTE Radn\u00f3ti Mikl\u00f3s Gyakorl\u00f3 Iskol\u00e1ban v\u00e9gezte. 1982-ben nyert felv\u00e9telt a Semmelweis Orvostudom\u00e1nyi Egyetem Fogorvostudom\u00e1nyi Kar\u00e1ra. 1987-ben V. \u00e9ves hallgat\u00f3k\u00e9nt rektori p\u00e1lyamunk\u00e1val Madzsar J\u00f3zsef-d\u00edjat kapott. Ugyanebben az \u00e9vben diplom\u00e1zott summa cum laude eredm\u00e9nnyel, \u00e9s Kiv\u00e1l\u00f3 fogorvostanhallgat\u00f3 I. fokozat kit\u00fcntet\u00e9sben r\u00e9szes\u00fclt. Tanulm\u00e1nyai befejez\u00e9se &hellip;<\/p>\n","protected":false},"author":282,"featured_media":552,"parent":347,"menu_order":0,"comment_status":"closed","ping_status":"closed","template":"template-fullwidth.php","meta":{"_acf_changed":false,"footnotes":""},"categories":[6,20,82,14],"tags":[],"class_list":["post-498","page","type-page","status-publish","has-post-thumbnail","hentry","category-dekanok","category-dekanok-karok-szerint","category-fok-dekanjai","category-teljes-nevlista"],"acf":[],"_links":{"self":[{"href":"https:\/\/semmelweis.hu\/baratikor\/wp-json\/wp\/v2\/pages\/498","targetHints":{"allow":["GET"]}}],"collection":[{"href":"https:\/\/semmelweis.hu\/baratikor\/wp-json\/wp\/v2\/pages"}],"about":[{"href":"https:\/\/semmelweis.hu\/baratikor\/wp-json\/wp\/v2\/types\/page"}],"author":[{"embeddable":true,"href":"https:\/\/semmelweis.hu\/baratikor\/wp-json\/wp\/v2\/users\/282"}],"replies":[{"embeddable":true,"href":"https:\/\/semmelweis.hu\/baratikor\/wp-json\/wp\/v2\/comments?post=498"}],"version-history":[{"count":3,"href":"https:\/\/semmelweis.hu\/baratikor\/wp-json\/wp\/v2\/pages\/498\/revisions"}],"predecessor-version":[{"id":554,"href":"https:\/\/semmelweis.hu\/baratikor\/wp-json\/wp\/v2\/pages\/498\/revisions\/554"}],"up":[{"embeddable":true,"href":"https:\/\/semmelweis.hu\/baratikor\/wp-json\/wp\/v2\/pages\/347"}],"wp:featuredmedia":[{"embeddable":true,"href":"https:\/\/semmelweis.hu\/baratikor\/wp-json\/wp\/v2\/media\/552"}],"wp:attachment":[{"href":"https:\/\/semmelweis.hu\/baratikor\/wp-json\/wp\/v2\/media?parent=498"}],"wp:term":[{"taxonomy":"category","embeddable":true,"href":"https:\/\/semmelweis.hu\/baratikor\/wp-json\/wp\/v2\/categories?post=498"},{"taxonomy":"post_tag","embeddable":true,"href":"https:\/\/semmelweis.hu\/baratikor\/wp-json\/wp\/v2\/tags?post=498"}],"curies":[{"name":"wp","href":"https:\/\/api.w.org\/{rel}","templated":true}]}}

Hermann Péter

<p><strong><a href="https://semmelweis.hu/baratikor/files/2022/06/233_11.jpg"><img loading="lazy" decoding="async" class="wp-image-551 size-medium alignleft" src="https://semmelweis.hu/baratikor/files/2022/06/233_11-266x400.jpg" alt="" width="266" height="400" srcset="https://semmelweis.hu/baratikor/files/2022/06/233_11-266x400.jpg 266w, https://semmelweis.hu/baratikor/files/2022/06/233_11.jpg 295w" sizes="auto, (max-width: 266px) 100vw, 266px" /></a>(Budapest, 1962. december 16. &#8211; )</strong></p>
<p>Dékán: 2013/14 &#8211;</p>
<p style="text-align: justify">Általános és középiskolai tanulmányait az ELTE Radnóti Miklós Gyakorló Iskolában végezte. 1982-ben nyert felvételt a Semmelweis Orvostudományi Egyetem Fogorvostudományi Karára. 1987-ben V. éves hallgatóként rektori pályamunkával Madzsar József-díjat kapott. Ugyanebben az évben diplomázott summa cum laude eredménnyel, és Kiváló fogorvostanhallgató I. fokozat kitüntetésben részesült. Tanulmányai befejezése óta az egyetem Fogorvostudományi Karának Fogpótlástani Klinikáján dolgozik. 1987-ben első szerzős közleményért Varga István pályázaton I. díjat, 1995-ben Körmöczi-díjat kapott. 1989-ben jeles eredménnyel fog- és szájbetegségek szakvizsgát tett, majd tanársegédi kinevezést kapott. 1994-ben a Tempus program keretében három hónapot töltött a Leuven-i Egyetem Fogpótlástani Klinikáján. A következő évben a Münster-i Egyetem Parodontológiai Klinika Orális Mikrobiológiai Csoportjánál töltött két hetet, ahol a periopatogén baktériumok tenyésztését tanulmányozta. 2000-ben adjunktussá lépett elő, majd 2001-től osztályvezető-helyettesi beosztásba került. 2004-ben védte meg Ph.D. téziseit, „Immunkompromittált betegek oropharingealis candidiasisa” témakörben. Ugyanebben az évben Konzerváló fogászat és fogpótlástan, Parodontológia tárgyakból kiválóan megfelelt eredménnyel szakvizsgát tett. 2005-ben bevezette a kurrikulumba a Gnatológia c. tantárgyat, melynek angol és magyar nyelvű előadója. Szintén 2005 óta a Semmelweis Egyetem Fogorvostudományi Kar Tanácsának tagja. 2005 és 2007 között rektori megbízás alapján az Oktatási Centrum orvostechnológiai felelőse volt. 2007-ben részt vett a Semmelweis Egyetem Egészségügyi Menedzserképző Központ Egészségügyi Szakmenedzser Postgradualis programjában, illetve docensi kinevezést kapott és intézetvezető-helyettesi beosztásba került. 2007-2010 között a Fogorvostudományi Kar dékánhelyettesi feladatait látta el. 2006-2007 és 2010-2011 között a Nemzeti Bizottság a Magyar Fogászatért elnöke volt. 2009-től tagja a Fog – és Szájbetegségek Szakmai Kollégiumának. 2010-ben habilitációs minősítést szerzett, és a Fogpótlástani Klinika igazgatója lett. 2011-ben kapott egyetemi tanári kinevezést. 2013. július 1-jétől a Fogorvostudományi Kar dékánja. 2013-ban M.Sc. fokozatot szerzett a Semmelweis Egyetem Egészségügyi Menedzserképző Központ Egészségügyi Szakmenedzser Postgradualis programjában.</p>
<p>1998-tól a Magyar Orvosi Kamara Fogorvosi Tagozatának titkárságvezetője, 2002-től a Magyar Orvosi Kamara Fogorvosi Tagozatának alelnöke, 2007-től elnöke. 2001-től 2005-ig és 2010-től az MFE Fogpótlástani Társaság vezetőségi tagja.</p>
<p>1994-től a Magyar Orvosi Kamara Fogorvosi Tagozata lapjának a Magyar Fogorvosnak szerkesztője, 2003-tól a Dental Hírek című újság vezető szerkesztője, 2005-től a Fogorvosi Szemle szerkesztője, 2008-tól a Semmelweis Egyetem Újság Szerkesztő Bizottság tagja.</p>
<p>(Főbb munkái:</p>
<p>Hermann P, Forgács K, Gál E, Lenkey B, Nagy G, Rozgonyi F: Effects of alkali metal ions on some virulence traits of Candida albicans. In: FOLIA MICROBIOLOGICA 48:(2) pp. 173-176. (2003).</p>
<p>Márton K, Hermann P, Dankó K, Fejérdy P, Madléna M, Nagy G: Evaluation of oral manifestations and masticatory force in patients with polymyositis and dermatomyositis. In: JOURNAL OF ORAL PATHOLOGY &amp; MEDICINE 34:(3) pp. 164-169. (2005).</p>
<p>Madléna M, Hermann P, Jáhn M, Fejérdy P: Caries prevalence and tooth loss in Hungarian adult population: Results of a national survey. In: BMC PUBLIC HEALTH 8: Paper 364. (2008).</p>
<p>Hermann P, Gera I, Borbély J, Fejérdy P, Madléna M: Periodontal health of an adult population in Hungary: Findings of a national survey. In: JOURNAL OF CLINICAL PERIODONTOLOGY 36:(6) pp. 449-457. (2009).</p>
<p>Kiraly M, Porcsalmy B, Pataki A, Kadar K, Jelitai M, Molnar B, Hermann P, Gera I, Grimm WD, Ganss B, Zsembery A, Varga G: Simultaneous pkc and camp activation induces differentiation of human dental pulp stem cells into functionally active neurons. In: NEUROCHEMISTRY INTERNATIONAL 55:(5) pp. 323-332. (2009).</p>
<p>Kristóf K, Kocsis E, Szabó D, Kardos S, Cser V, Nagy K, Hermann P, Rozgonyi F: Significance of methicillin-teicoplanin resistant Staphylococcus haemolyticus in bloodstream infections in patients of the Semmelweis University hospitals in Hungary. In:</p>
<p>EUROPEAN JOURNAL OF CLINICAL MICROBIOLOGY AND INFECTIOUS DISEASES 30:(5) pp. 691-699. (2011).</p>
<p>Fábián TK, Hermann P, Beck A, Fejérdy P, Fábián G: Salivary Defense Proteins: Their Network and Role in Innate and Acquired Oral Immunity. In: INTERNATIONAL JOURNAL OF MOLECULAR SCIENCES 13:(4) pp. 4295-4320. (2012).</p>
<p> <a href="https://semmelweis.hu/baratikor/files/2022/06/233_21.jpg"><img loading="lazy" decoding="async" class="alignnone wp-image-552 size-medium" src="https://semmelweis.hu/baratikor/files/2022/06/233_21-267x400.jpg" alt="" width="267" height="400" srcset="https://semmelweis.hu/baratikor/files/2022/06/233_21-267x400.jpg 267w, https://semmelweis.hu/baratikor/files/2022/06/233_21.jpg 295w" sizes="auto, (max-width: 267px) 100vw, 267px" /></a></p>

<p><a href="https://semmelweis.hu/baratikor/files/2022/06/233_11.jpg"></a> (Budapest, 1962. december 16. &#8211; ) Dékán: 2013/14 &#8211; Általános és középiskolai tanulmányait az ELTE Radnóti Miklós Gyakorló Iskolában végezte. 1982-ben nyert felvételt a Semmelweis Orvostudományi Egyetem Fogorvostudományi Karára. 1987-ben V. éves hallgatóként rektori pályamunkával Madzsar József-díjat kapott. Ugyanebben az évben diplomázott summa cum laude eredménnyel, és Kiváló fogorvostanhallgató I. fokozat kitüntetésben részesült. Tanulmányai befejezése &hellip;</p>
