{"id":240,"date":"2022-08-10T10:47:17","date_gmt":"2022-08-10T08:47:17","guid":{"rendered":"https:\/\/semmelweis.hu\/baratikor\/?p=240"},"modified":"2023-10-12T15:31:05","modified_gmt":"2023-10-12T13:31:05","slug":"reczey-imre","status":"publish","type":"page","link":"https:\/\/semmelweis.hu\/baratikor\/galeria\/teljes-nevlista\/reczey-imre\/","title":{"rendered":"R\u00e9czey Imre"},"content":{"rendered":"<p style=\"text-align: justify\"><a href=\"https:\/\/semmelweis.hu\/baratikor\/files\/2022\/06\/031_11.jpg\"><img loading=\"lazy\" decoding=\"async\" class=\"alignleft wp-image-666 size-full\" src=\"https:\/\/semmelweis.hu\/baratikor\/files\/2022\/06\/031_11.jpg\" alt=\"\" width=\"295\" height=\"472\" srcset=\"https:\/\/semmelweis.hu\/baratikor\/files\/2022\/06\/031_11.jpg 295w, https:\/\/semmelweis.hu\/baratikor\/files\/2022\/06\/031_11-250x400.jpg 250w\" sizes=\"auto, (max-width: 295px) 100vw, 295px\" \/><\/a><strong>(Pest, 1848 &#8211; Budapest, 1913)<\/strong><\/p>\n<p style=\"text-align: justify\">Orvoscsal\u00e1db\u00f3l sz\u00e1rmazik, tanulm\u00e1nyait a pesti egyetemen v\u00e9gezte. 1871-ben orvosdoktori, egy \u00e9v m\u00falva seb\u00e9szdoktori \u00e9s sz\u00fcl\u00e9szmesteri oklevelet szerzett. P\u00e1ly\u00e1ja kezdet\u00e9n az egyetem seb\u00e9szeti klinik\u00e1j\u00e1n (1871-1876), illetve k\u00fcl\u00f6nb\u00f6z\u0151 f\u0151v\u00e1rosi k\u00f3rh\u00e1zakban (Szent R\u00f3kus, barakk-k\u00f3rh\u00e1z, \u00dcll\u0151i \u00fati k\u00f6zk\u00f3rh\u00e1z) m\u0171k\u00f6d\u00f6tt. 1876 szeptember\u00e9ben a budapesti Orvoskaron mag\u00e1ntan\u00e1ri k\u00e9pes\u00edt\u00e9st szerzett (A csontok \u00e9s iz\u00fcletek seb\u00e9szeti b\u00e1ntalmair\u00f3l sz\u00f3l\u00f3 tan). 1884. aug. 1-j\u00e9n nyilv\u00e1nos rendk\u00edv\u00fcli, 1892. szept. 1-j\u00e9n nyilv\u00e1nos rendes tan\u00e1ri c\u00edmet nyert. Az ut\u00f3bbival egyid\u0151ben a II. sz. Seb\u00e9szeti klinik\u00e1ra kapott kinevez\u00e9st. \u00c9l\u00e9nken r\u00e9szt v\u00e1llalt a szakmai szervezetek munk\u00e1j\u00e1ban, sz\u00e1mos egyes\u00fclet, bizotts\u00e1g tagja, illetve tiszts\u00e9gvisel\u0151je volt. Az 1910\/11. tan\u00e9vben az egyetem rektor\u00e1v\u00e1 v\u00e1lasztott\u00e1k, de megromlott eg\u00e9szs\u00e9gi \u00e1llapota miatt novemberben k\u00e9nytelen volt lemondani megb\u00edzat\u00e1s\u00e1r\u00f3l. \/k\u00e9pek lel\u0151helye: SOTE-lev\u00e9lt\u00e1r 318. fond\/<\/p>\n<p>&nbsp;<\/p>\n<p>&nbsp;<\/p>\n<p>&nbsp;<\/p>\n<p><a href=\"https:\/\/semmelweis.hu\/baratikor\/files\/2022\/06\/031_21.jpg\"><img loading=\"lazy\" decoding=\"async\" class=\"alignleft wp-image-668 size-medium\" src=\"https:\/\/semmelweis.hu\/baratikor\/files\/2022\/06\/031_21-294x400.jpg\" alt=\"\" width=\"294\" height=\"400\" srcset=\"https:\/\/semmelweis.hu\/baratikor\/files\/2022\/06\/031_21-294x400.jpg 294w, https:\/\/semmelweis.hu\/baratikor\/files\/2022\/06\/031_21.jpg 295w\" sizes=\"auto, (max-width: 294px) 100vw, 294px\" \/><\/a><\/p>\n","protected":false},"excerpt":{"rendered":"<p><a href=\"https:\/\/semmelweis.hu\/baratikor\/files\/2022\/06\/031_11.jpg\"><\/a> (Pest, 1848 &#8211; Budapest, 1913) Orvoscsal\u00e1db\u00f3l sz\u00e1rmazik, tanulm\u00e1nyait a pesti egyetemen v\u00e9gezte. 1871-ben orvosdoktori, egy \u00e9v m\u00falva seb\u00e9szdoktori \u00e9s sz\u00fcl\u00e9szmesteri oklevelet szerzett. P\u00e1ly\u00e1ja kezdet\u00e9n az egyetem seb\u00e9szeti klinik\u00e1j\u00e1n (1871-1876), illetve k\u00fcl\u00f6nb\u00f6z\u0151 f\u0151v\u00e1rosi k\u00f3rh\u00e1zakban (Szent R\u00f3kus, barakk-k\u00f3rh\u00e1z, \u00dcll\u0151i \u00fati k\u00f6zk\u00f3rh\u00e1z) m\u0171k\u00f6d\u00f6tt. 1876 szeptember\u00e9ben a budapesti Orvoskaron mag\u00e1ntan\u00e1ri k\u00e9pes\u00edt\u00e9st szerzett (A csontok \u00e9s iz\u00fcletek seb\u00e9szeti b\u00e1ntalmair\u00f3l sz\u00f3l\u00f3 &hellip;<\/p>\n","protected":false},"author":282,"featured_media":5432,"parent":347,"menu_order":0,"comment_status":"closed","ping_status":"closed","template":"template-fullwidth.php","meta":{"_acf_changed":false,"footnotes":""},"categories":[77,5,14],"tags":[],"class_list":["post-240","page","type-page","status-publish","has-post-thumbnail","hentry","category-kegyeleti-adattar","category-rektorok","category-teljes-nevlista"],"acf":[],"_links":{"self":[{"href":"https:\/\/semmelweis.hu\/baratikor\/wp-json\/wp\/v2\/pages\/240","targetHints":{"allow":["GET"]}}],"collection":[{"href":"https:\/\/semmelweis.hu\/baratikor\/wp-json\/wp\/v2\/pages"}],"about":[{"href":"https:\/\/semmelweis.hu\/baratikor\/wp-json\/wp\/v2\/types\/page"}],"author":[{"embeddable":true,"href":"https:\/\/semmelweis.hu\/baratikor\/wp-json\/wp\/v2\/users\/282"}],"replies":[{"embeddable":true,"href":"https:\/\/semmelweis.hu\/baratikor\/wp-json\/wp\/v2\/comments?post=240"}],"version-history":[{"count":6,"href":"https:\/\/semmelweis.hu\/baratikor\/wp-json\/wp\/v2\/pages\/240\/revisions"}],"predecessor-version":[{"id":2123,"href":"https:\/\/semmelweis.hu\/baratikor\/wp-json\/wp\/v2\/pages\/240\/revisions\/2123"}],"up":[{"embeddable":true,"href":"https:\/\/semmelweis.hu\/baratikor\/wp-json\/wp\/v2\/pages\/347"}],"wp:featuredmedia":[{"embeddable":true,"href":"https:\/\/semmelweis.hu\/baratikor\/wp-json\/wp\/v2\/media\/5432"}],"wp:attachment":[{"href":"https:\/\/semmelweis.hu\/baratikor\/wp-json\/wp\/v2\/media?parent=240"}],"wp:term":[{"taxonomy":"category","embeddable":true,"href":"https:\/\/semmelweis.hu\/baratikor\/wp-json\/wp\/v2\/categories?post=240"},{"taxonomy":"post_tag","embeddable":true,"href":"https:\/\/semmelweis.hu\/baratikor\/wp-json\/wp\/v2\/tags?post=240"}],"curies":[{"name":"wp","href":"https:\/\/api.w.org\/{rel}","templated":true}]}}