{"id":2364,"date":"2023-01-06T08:44:44","date_gmt":"2023-01-06T07:44:44","guid":{"rendered":"https:\/\/semmelweis.hu\/baratikor\/?page_id=2364"},"modified":"2023-07-03T12:02:18","modified_gmt":"2023-07-03T10:02:18","slug":"semmelweis-egyetem-mikrobiologiai-muzeum-es-archivum","status":"publish","type":"page","link":"https:\/\/semmelweis.hu\/baratikor\/semmelweis-egyetem-muzeumok\/semmelweis-egyetem-mikrobiologiai-muzeum-es-archivum\/","title":{"rendered":"Semmelweis Egyetem Mikrobiol\u00f3giai M\u00fazeum \u00e9s Arch\u00edvum"},"content":{"rendered":"<p>Alap\u00edt\u00e1s: 1948, elhelyez\u00e9s: H\u0151gyes Endre u. 7-9, a volt Pasteur Int\u00e9zet II. emelet\u00e9n<br \/>\nMikrobiol\u00f3giai M\u00fazeum \u00e9s Arch\u00edvum<br \/>\n\u00d6ssze\u00e1ll\u00edtotta: Dr. N\u00e1sz Istv\u00e1n<\/p>\n<h3>Az Int\u00e9zet r\u00f6vid t\u00f6rt\u00e9nete<\/h3>\n<p>A Bakteriol\u00f3gia oktat\u00e1s\u00e1t H\u0151gyes Endre ind\u00edtotta el az Egyetemen 1883-ban a k\u00f3rtannal k\u00f6z\u00f6s tant\u00e1rgy \u00e9s int\u00e9zet keret\u00e9ben.<br \/>\nAz Int\u00e9zet igazgat\u00f3i: H\u0151gyes Endre (1883-1906), Preisz Hug\u00f3 (1907-1931), Bel\u00e1k S\u00e1ndor (1932-1947), Farag\u00f3 Ferenc (1948-1950), Alf\u00f6ldy Zolt\u00e1n (1950-1974), N\u00e1sz Istv\u00e1n (1974-1994), \u00c1d\u00e1m \u00c9va (1994-1995), Anderlik Piroska (1995-1996), Rozgonyi Ferenc (1996-2003), Nagy K\u00e1roly (2004-).<br \/>\nA P\u00e1zm\u00e1ny P\u00e9ter Tudom\u00e1nyegyetem Orvosi Kar\u00e1nak \u00c1ltal\u00e1nos K\u00f3rtani \u00e9s Bakteriol\u00f3giai Int\u00e9zet\u00e9t 1947-ben v\u00e1lasztott\u00e1k kett\u00e9 k\u00fcl\u00f6n, \u00f6n\u00e1ll\u00f3 K\u00f3rtani \u00e9s Bakteriol\u00f3giai Int\u00e9zetre. Ekkor hirdett\u00e9k meg a Bakteriol\u00f3gia \u00f6n\u00e1ll\u00f3 oktat\u00e1s\u00e1t, mint arr\u00f3l az Egyetem 1947 els\u0151 f\u00e9l\u00e9v\u00e9re kiadott tanrendje tan\u00faskodik (l\u00e1sd k\u00e9p). Az \u00f6n\u00e1ll\u00f3 Int\u00e9zet els\u0151 igazgat\u00f3j\u00e1v\u00e1 Farag\u00f3 Ferencet nevezt\u00e9k ki 1948. j\u00fanius 7-\u00e9n. Ett\u0151l az id\u0151pontt\u00f3l kezdve az Int\u00e9zet szervezetileg is elk\u00fcl\u00f6n\u00fclt a K\u00f3rtani Int\u00e9zett\u0151l \u00e9s r\u00f6videsen felvette a Bakteriol\u00f3giai \u00e9s Immunit\u00e1stani Int\u00e9zet, majd pedig 1950-ben a Mikrobiol\u00f3giai Int\u00e9zet nevet. 2001-t\u0151l kezd\u0151d\u0151en az Orvosi Mikrobiol\u00f3giai Int\u00e9zet elnevez\u00e9st kapta. A H\u0151gyes Endre utc\u00e1b\u00f3l az Int\u00e9zet 1978-ban k\u00f6lt\u00f6z\u00f6tt a NET IX-X-XI. emelet\u00e9re<\/p>\n<p><figure style=\"width: 600px\" class=\"wp-caption aligncenter\"><a href=\"https:\/\/semmelweis.hu\/baratikor\/files\/2023\/07\/02-1.jpg\"><img loading=\"lazy\" decoding=\"async\" src=\"https:\/\/semmelweis.hu\/baratikor\/files\/2023\/07\/02-1.jpg\" alt=\"\" width=\"600\" height=\"319\" \/><\/a><figcaption class=\"wp-caption-text\">Az Int\u00e9zet igazgat\u00f3inak arck\u00e9pe<\/figcaption><\/figure> <figure style=\"width: 600px\" class=\"wp-caption aligncenter\"><img loading=\"lazy\" decoding=\"async\" src=\"https:\/\/semmelweis.hu\/baratikor\/files\/2023\/07\/03-1.jpg\" alt=\"\" width=\"600\" height=\"380\" \/><figcaption class=\"wp-caption-text\">32 oldalas, szabad k\u00e9zzel \u00edrott dolgozat, sz\u00e1mos mikroszk\u00f3pos k\u00e9ppel, sz\u00ednes \u00e1br\u00e1kkal 1899-b\u0151l a bakt\u00e9rium sp\u00f3rafejl\u0151d\u00e9s menet\u00e9r\u0151l (a szerz\u0151 ismeretlen)<\/figcaption><\/figure> <figure style=\"width: 600px\" class=\"wp-caption aligncenter\"><img loading=\"lazy\" decoding=\"async\" src=\"https:\/\/semmelweis.hu\/baratikor\/files\/2023\/07\/04-1.jpg\" alt=\"\" width=\"600\" height=\"717\" \/><figcaption class=\"wp-caption-text\">10 oldalas szabad k\u00e9zzel \u00edrott tanulm\u00e1ny 13 nagym\u00e9ret\u0171 t\u00e1bl\u00e1zattal a veszetts\u00e9g fert\u0151z\u0151 anyag\u00e1nak terjed\u00e9si m\u00f3dj\u00e1r\u00f3l, az 1890-es \u00e9vekb\u0151l. (a szerz\u0151 ismeretlen).<\/figcaption><\/figure> <figure style=\"width: 600px\" class=\"wp-caption aligncenter\"><img loading=\"lazy\" decoding=\"async\" src=\"https:\/\/semmelweis.hu\/baratikor\/files\/2023\/07\/05-1.jpg\" alt=\"\" width=\"600\" height=\"837\" \/><figcaption class=\"wp-caption-text\">Alf\u00f6ldy Zolt\u00e1n \u00e9s S\u00f3s J\u00f3zsef professzorok k\u00f6nyve: H\u0151gyes Endre \u00e9lete \u00e9s munk\u00e1ss\u00e1ga (1962).<\/figcaption><\/figure> <figure style=\"width: 450px\" class=\"wp-caption aligncenter\"><img loading=\"lazy\" decoding=\"async\" src=\"https:\/\/semmelweis.hu\/baratikor\/files\/2023\/07\/06-1.jpg\" alt=\"\" width=\"450\" height=\"684\" \/><figcaption class=\"wp-caption-text\">H\u0151gyes Endre saj\u00e1t kez\u0171 rajzai k\u00fcl\u00f6nb\u00f6z\u0151 bakt\u00e9riumokr\u00f3l.<\/figcaption><\/figure> <figure style=\"width: 472px\" class=\"wp-caption aligncenter\"><img loading=\"lazy\" decoding=\"async\" src=\"https:\/\/semmelweis.hu\/baratikor\/files\/2023\/07\/07-1.jpg\" alt=\"\" width=\"472\" height=\"698\" \/><figcaption class=\"wp-caption-text\">H\u0151gyes Endre bakteriol\u00f3giai el\u0151ad\u00e1sainak eredeti k\u00e9z\u00edr\u00e1sos v\u00e1zlata.<\/figcaption><\/figure> <figure style=\"width: 600px\" class=\"wp-caption aligncenter\"><img loading=\"lazy\" decoding=\"async\" src=\"https:\/\/semmelweis.hu\/baratikor\/files\/2023\/07\/08-1.jpg\" alt=\"\" width=\"600\" height=\"459\" \/><figcaption class=\"wp-caption-text\">Preisz Hug\u00f3 Bakteriol\u00f3gia c. tank\u00f6nyve 1899-b\u0151l. A bels\u0151 lapon a c\u00edm feletti k\u00e9z\u00edr\u00e1s Farag\u00f3 Ferenc professzort\u00f3l sz\u00e1rmazik: &#8222;Dr.Preisz Hug\u00f3n\u00e9 m\u00e9lt\u00f3s\u00e1gos asszony aj\u00e1nd\u00e9ka 1940. XI. 25.&#8221;<\/figcaption><\/figure> <figure style=\"width: 600px\" class=\"wp-caption aligncenter\"><img loading=\"lazy\" decoding=\"async\" src=\"https:\/\/semmelweis.hu\/baratikor\/files\/2023\/07\/09-1.jpg\" alt=\"\" width=\"600\" height=\"753\" \/><figcaption class=\"wp-caption-text\">Preisz Hug\u00f3 monogr\u00e1fi\u00e1ja 1936-b\u00f3l: Az Infekci\u00f3 \u00e9s Immunit\u00e1s tan\u00e1nak elemei.<\/figcaption><\/figure> <figure style=\"width: 600px\" class=\"wp-caption aligncenter\"><img loading=\"lazy\" decoding=\"async\" src=\"https:\/\/semmelweis.hu\/baratikor\/files\/2023\/07\/10-1.jpg\" alt=\"\" width=\"600\" height=\"419\" \/><figcaption class=\"wp-caption-text\">Preisz Hug\u00f3 egyik k\u00eds\u00e9rleti napl\u00f3j\u00e1nak c\u00edmk\u00e9pe 1902-b\u0151l a Milzbrandbacillus tanulm\u00e1nyoz\u00e1s\u00e1r\u00f3l, azt is feljegyezve, hogy: &#8222;A bennfoglalt vizsg\u00e1lati eredm\u00e9nyeket &#8230; bek\u00fcldtem a Centralblatt f\u00fcr Bakteriologie-nak 1903 j\u00falius hav\u00e1ban&#8221;.<\/figcaption><\/figure> <figure style=\"width: 831px\" class=\"wp-caption aligncenter\"><img loading=\"lazy\" decoding=\"async\" src=\"https:\/\/semmelweis.hu\/baratikor\/files\/2023\/07\/11-1.jpg\" alt=\"\" width=\"831\" height=\"1981\" \/><figcaption class=\"wp-caption-text\">Nagy Gy\u00f6rgy megyei \u00e1llatorvos 1897. j\u00fanius 19-\u00e9n \u00edrt levele Preisz Hug\u00f3 professzorhoz sert\u00e9sv\u00e9sz ellen beoltott malacokon \u00e9szlelt t\u00fcnetekr\u0151l (Preisz professzor akkor \u00e1llatorvosi ter\u00fcleten dolgozott).<\/figcaption><\/figure> <figure style=\"width: 600px\" class=\"wp-caption aligncenter\"><img loading=\"lazy\" decoding=\"async\" src=\"https:\/\/semmelweis.hu\/baratikor\/files\/2023\/07\/12-1.jpg\" alt=\"\" width=\"600\" height=\"385\" \/><figcaption class=\"wp-caption-text\">Kenettart\u00f3ban t\u00e1rgylemezre fix\u00e1lt festett, t\u00f6bb sz\u00e1z k\u00fcl\u00f6nb\u00f6z\u0151 bakt\u00e9rium k\u00e9sz\u00edtm\u00e9ny, melyeket az Int\u00e9zet legr\u00e9gebbi tagjai &#8211; k\u00f6zt\u00fck Preisz Hug\u00f3 \u00e9s Farag\u00f3 Ferenc &#8211; k\u00e9sz\u00edtettek az 1890-es \u00e9vekt\u0151l kezd\u0151d\u0151en.<\/figcaption><\/figure> <figure style=\"width: 600px\" class=\"wp-caption aligncenter\"><img loading=\"lazy\" decoding=\"async\" src=\"https:\/\/semmelweis.hu\/baratikor\/files\/2023\/07\/13-1.jpg\" alt=\"\" width=\"600\" height=\"500\" \/><figcaption class=\"wp-caption-text\">Preisz Hug\u00f3 hatalmas, 2&#215;2 m\u00e9teres, d\u00edszes fakeretben lev\u0151, be\u00fcvegezett tabl\u00f3inak egyike az anthrax bacillus toktermel\u0151 k\u00e9pess\u00e9ge \u00e9s virulenci\u00e1ja k\u00f6zti \u00f6sszef\u00fcgg\u00e9sekr\u0151l. A tabl\u00f3kat az 1911. \u00e9vi drezdai Higi\u00e9nikus Kongresszusra \u00e9s Ki\u00e1ll\u00edt\u00e1sra k\u00fcldte ki. H\u00e1ts\u00f3 oldal\u00e1n m\u00e9g a n\u00e9met sz\u00e1ll\u00edt\u00f3v\u00e1llalat adatai is l\u00e1that\u00f3k. Lehets\u00e9ges, hogy ezek a tabl\u00f3k az els\u0151 tudom\u00e1nyos posztereket reprezent\u00e1lj\u00e1k.<\/figcaption><\/figure> <figure style=\"width: 600px\" class=\"wp-caption aligncenter\"><img loading=\"lazy\" decoding=\"async\" src=\"https:\/\/semmelweis.hu\/baratikor\/files\/2023\/07\/14.jpg\" alt=\"\" width=\"600\" height=\"870\" \/><figcaption class=\"wp-caption-text\">Mecsnyikov, a Nobel d\u00edjas orosz kutat\u00f3, a fagocit\u00f3zis felfedez\u0151j\u00e9nek filoz\u00f3fiai jelleg\u0171 k\u00f6nyve 1919-b\u0151l.<\/figcaption><\/figure> <figure style=\"width: 600px\" class=\"wp-caption aligncenter\"><img loading=\"lazy\" decoding=\"async\" src=\"https:\/\/semmelweis.hu\/baratikor\/files\/2023\/07\/15.jpg\" alt=\"\" width=\"600\" height=\"898\" \/><figcaption class=\"wp-caption-text\">Bal\u00f3 J\u00f3zsef: &#8222;A l\u00e1thatatlan k\u00f3rokoz\u00f3k, filtr\u00e1lhat\u00f3 v\u00edrusok&#8221; c. k\u00f6nyve (1931). A k\u00fcl\u00f6nb\u00f6z\u0151 v\u00edrusokkal foglalkoz\u00f3 els\u0151 magyar nyelv\u0171 k\u00f6nyv (Bal\u00f3 professzor tantermi el\u0151ad\u00e1saiban r\u00e9szletesen ismertette a k\u00f3rokoz\u00f3 mikroorganizmusokat).<\/figcaption><\/figure> <figure style=\"width: 453px\" class=\"wp-caption aligncenter\"><img loading=\"lazy\" decoding=\"async\" src=\"https:\/\/semmelweis.hu\/baratikor\/files\/2023\/07\/16.jpg\" alt=\"\" width=\"453\" height=\"1233\" \/><figcaption class=\"wp-caption-text\">A P\u00e1zm\u00e1ny P\u00e9ter Tudom\u00e1nyegyetem 1947. \u00e9vi els\u0151 f\u00e9l\u00e9vi tanrendj\u00e9ben m\u00e1r \u00f6n\u00e1ll\u00f3 Int\u00e9zetben, \u00f6n\u00e1ll\u00f3 t\u00e1rgyk\u00e9nt hirdett\u00e9k meg a bakteriol\u00f3gia oktat\u00e1s\u00e1t.<\/figcaption><\/figure> <figure style=\"width: 600px\" class=\"wp-caption aligncenter\"><img loading=\"lazy\" decoding=\"async\" src=\"https:\/\/semmelweis.hu\/baratikor\/files\/2023\/07\/17.jpg\" alt=\"\" width=\"600\" height=\"846\" \/><figcaption class=\"wp-caption-text\">Farag\u00f3 Ferenc professzor tantermi el\u0151ad\u00e1s\u00e1nak gyors\u00edr\u00e1sos jegyzete (N\u00e1sz Istv\u00e1n) a H. pertussis-r\u00f3l 1948 tavasz\u00e1n.<\/figcaption><\/figure> <figure style=\"width: 600px\" class=\"wp-caption aligncenter\"><img loading=\"lazy\" decoding=\"async\" src=\"https:\/\/semmelweis.hu\/baratikor\/files\/2023\/07\/18.jpg\" alt=\"\" width=\"600\" height=\"915\" \/><figcaption class=\"wp-caption-text\">Az \u00fajonnan alakul\u00f3 Int\u00e9zet els\u0151 &#8211; teljes l\u00e9tsz\u00e1m\u00fa &#8211; tudom\u00e1nyos \u00fcl\u00e9s\u00e9nek jelenl\u00e9ti \u00edve 1948. szeptember 15-\u00e9n.<\/figcaption><\/figure> <figure style=\"width: 850px\" class=\"wp-caption aligncenter\"><img loading=\"lazy\" decoding=\"async\" src=\"https:\/\/semmelweis.hu\/baratikor\/files\/2023\/07\/19.jpg\" alt=\"\" width=\"850\" height=\"612\" \/><figcaption class=\"wp-caption-text\">Farag\u00f3 Ferenc professzor 1948-ban megjelent tank\u00f6nyve \u00e9s az 1950-re tervezett, de tragikus hal\u00e1la miatt m\u00e1r meg nem jelenhetett II. kiad\u00e1s egy \u00e1tdolgozott oldala.<\/figcaption><\/figure> <figure style=\"width: 600px\" class=\"wp-caption aligncenter\"><img loading=\"lazy\" decoding=\"async\" src=\"https:\/\/semmelweis.hu\/baratikor\/files\/2023\/07\/20.jpg\" alt=\"\" width=\"600\" height=\"403\" \/><figcaption class=\"wp-caption-text\">Farag\u00f3 Ferenc professzor levele az Orsz\u00e1gos K\u00f6zeg\u00e9szs\u00e9g\u00fcgyi Int\u00e9zet f\u0151igazgat\u00f3j\u00e1hoz 1950. m\u00e1jus 23-\u00e1n, N\u00e1sz Istv\u00e1n V. \u00e9ves orvostanhallgat\u00f3 k\u00f6nyvt\u00e1rl\u00e1togat\u00e1s\u00e1nak enged\u00e9lyez\u00e9se \u00fcgy\u00e9ben.<\/figcaption><\/figure><\/p>\n<p>&nbsp;<\/p>\n<h3>Az Int\u00e9zet tagjai \u00e1ltal szerz\u0151k\u00e9nt, t\u00e1rsszerz\u0151k\u00e9nt, illetve szerkeszt\u0151k\u00e9nt \u00edrt hivatalos tank\u00f6nyvek:<\/h3>\n<p>Farag\u00f3 F.:<br \/>\nBakteriol\u00f3gia \u00e9s immunit\u00e1stan<br \/>\nMagy. Orv. K\u00f6nyvkiad\u00f3 T\u00e1rs., Budapest, 1948<\/p>\n<p>Alf\u00f6ldy Z., Iv\u00e1novics Gy., Rauss K.:<br \/>\nOrvosi Mikrobiol\u00f3gia<br \/>\nSzerk.: Iv\u00e1novics Gy., Medicina, Budapest, 1960.<br \/>\n2. kiad\u00e1s, Medicina, Budapest, 1963.<\/p>\n<p>Alf\u00f6ldy Z., Iv\u00e1novics Gy., Rauss K.:<br \/>\nOrvosi mikrobiol\u00f3gia \u00e9s immunit\u00e1stan<br \/>\nSzerk.: Alf\u00f6ldy Z., Medicina, Budapest, 1967.<br \/>\n2. \u00e1tdolgozott kiad\u00e1s, Medicina, Budapest, 1969.<\/p>\n<p>Alf\u00f6ldy Z., Iv\u00e1novics Gy., Rauss K.:<br \/>\nOrvosi mikrobiol\u00f3gia &#8211; immunit\u00e1stan &#8211; parazitol\u00f3gia<br \/>\nSzekr.: Alf\u00f6ldy Z., Medicina, Budapest, 1973.<\/p>\n<p>Alf\u00f6ldy Z., N\u00e1sz I.:<br \/>\nMikrobiol\u00f3gia gy\u00f3gyszer\u00e9szhallgat\u00f3k \u00e9s gy\u00f3gyszer\u00e9szek r\u00e9sz\u00e9re<br \/>\nMedicina, Budapest, 1974.<\/p>\n<p>Alf\u00f6ldy Z., N\u00e1sz I.:<br \/>\nMikrobiol\u00f3gia gy\u00f3gyszer\u00e9sz- \u00e9s fogorvostan-hallgat\u00f3k r\u00e9sz\u00e9re<br \/>\n2. \u00e1tdolgozott kiad\u00e1s, Medicina, Budapest, 1978.<\/p>\n<p>B\u00e9l\u00e1di I., K\u00e9tyi I., N\u00e1sz I., V\u00e1czi L.:<br \/>\nOrvosi mikrobiol\u00f3gia &#8211; immunit\u00e1stan &#8211; parazitol\u00f3gia<br \/>\nSzerk.: V\u00e1czi L. Medicina, Budapest, 1978.<br \/>\n2. \u00e1tdolgozott kiad\u00e1s, Medicina, Budapest, 1983.<br \/>\n3. \u00e1tdolgozott kiad\u00e1s, Medicina, Budapest, 1988.<\/p>\n<p>N\u00e1sz I.:<br \/>\nMikrobiol\u00f3gia \u00e9s immunit\u00e1stan<br \/>\nMedicina, Budapest, 1982<\/p>\n<p>N\u00e1sz I.:<br \/>\nKlinikai mikrobiol\u00f3gia<br \/>\nMedicina, Budapest, 1988.<\/p>\n<p>\u00c1d\u00e1m \u00c9., B\u00e9l\u00e1di I., Gergely L., K\u00e9tyi I., N\u00e1sz I., Pusztai P., Szab\u00f3 B.:<br \/>\nOrvosi mikrobiol\u00f3gia<br \/>\nSzerk.: B\u00e9l\u00e1di I., N\u00e1sz I. Semmelweis Kiad\u00f3, Budapest, 1993.<br \/>\n2. kiad\u00e1s, Semmelweis Kiad\u00f3, Budapest, 1997.<br \/>\n3. kiad\u00e1s, Semmelweis Kiad\u00f3, Budapest, 1998.<\/p>\n<p>\u00c1d\u00e1m \u00c9., D. T\u00f3th F., Em\u0151dy L., Gergely L., G\u00f6ncz\u00f6l \u00c9., Nagy E., P\u00e1l T., Pusztai R., Rozgonyi F., Szab\u00f3 B.:<br \/>\nOrvosi mikrobiol\u00f3gia<br \/>\nSzerk.: Gergely L. Semmelweis Kiad\u00f3, Budapest, 2001.<br \/>\n2. kiad\u00e1s, Alliter Kiad\u00f3i \u00e9s Oktat\u00e1sfejleszt\u0151i Alap\u00edtv\u00e1ny, Budapest, 2003<\/p>\n<p>\u00c1d\u00e1m \u00c9., Pusztai R., Tar\u00f3di B.:<br \/>\nGy\u00f3gyszer\u00e9szi mikrobiol\u00f3gia<br \/>\nSzerk.: \u00c1d\u00e1m \u00c9. Semmelweis Kiad\u00f3, Budapest, 2001.<\/p>\n<p>\u00c1d\u00e1m \u00c9., \u00e9s mtsai.:<br \/>\n\u00c1ltal\u00e1nos gy\u00f3gyszer\u00e9szeti ismeretek. Z\u00e1r\u00f3vizsga tesztgy\u0171jtem\u00e9ny<br \/>\nF\u0151szerk.: Zolt\u00e1n \u00d6., Szerk.: Vincze Z., Er\u0151s I. Medicina, Budapest, 1999.<\/p>\n<p>\u00c1d\u00e1m \u00c9., \u00e9s mtsai.:<br \/>\n\u00c1ltal\u00e1nos gy\u00f3gyszer\u00e9szeti ismeretek. Z\u00e1r\u00f3vizsga tesztgy\u0171jtem\u00e9ny<br \/>\nSzerk.: Vincze Z. Medicina, Budapest, 2005.<\/p>\n<p>\u00c1d\u00e1m \u00c9., Puszta R., Tar\u00f3di B.:<br \/>\nMikrobiol\u00f3gia (gy\u00f3gyszer\u00e9sz- \u00e9s fogorvostan-hallgat\u00f3k sz\u00e1m\u00e1ra)<br \/>\nSzerk.: \u00c1d\u00e1m \u00c9. Semmelweis Kiad\u00f3, Budapest, 2006.<\/p>\n<p>&nbsp;<\/p>\n<p><figure style=\"width: 600px\" class=\"wp-caption aligncenter\"><img loading=\"lazy\" decoding=\"async\" src=\"https:\/\/semmelweis.hu\/baratikor\/files\/2023\/07\/21.jpg\" alt=\"\" width=\"600\" height=\"828\" \/><figcaption class=\"wp-caption-text\">Sinkovics J\u00f3zsef 1956-ban megjelent k\u00f6nyve az els\u0151 magyar nyelv\u0171 k\u00f6nyv, amely r\u00e9szletesen ismerteti az \u00e1ltal\u00e1nos virol\u00f3gia elm\u00e9leti \u00e9s gyakorlati k\u00e9rd\u00e9seit.<\/figcaption><\/figure> <figure style=\"width: 600px\" class=\"wp-caption aligncenter\"><img loading=\"lazy\" decoding=\"async\" src=\"https:\/\/semmelweis.hu\/baratikor\/files\/2023\/07\/22.jpg\" alt=\"\" width=\"600\" height=\"850\" \/><figcaption class=\"wp-caption-text\">N\u00e1sz Istv\u00e1n, B\u00e9l\u00e1di Ilona \u00e9s Lengyel Anna monogr\u00e1fi\u00e1ja az els\u0151 magyar nyelv\u0171 k\u00f6nyv, amely az egyetlen v\u00edruscsal\u00e1dra vonatkoz\u00f3 \u00e1tfog\u00f3 ismereteket mutatja be, r\u00e9szben saj\u00e1t kutat\u00e1saik, r\u00e9szben a vil\u00e1gszerte \u00f6sszegy\u0171lt irodalmi adatok alapj\u00e1n.<\/figcaption><\/figure> <figure style=\"width: 600px\" class=\"wp-caption aligncenter\"><img loading=\"lazy\" decoding=\"async\" src=\"https:\/\/semmelweis.hu\/baratikor\/files\/2023\/07\/23.jpg\" alt=\"\" width=\"600\" height=\"259\" \/><figcaption class=\"wp-caption-text\">Oktat\u00e1si c\u00e9lb\u00f3l k\u00e9sz\u00edtett v\u00edrusszerkezeti modellek az 1960-70-es \u00e9vekb\u0151l.<\/figcaption><\/figure> <figure style=\"width: 600px\" class=\"wp-caption aligncenter\"><img loading=\"lazy\" decoding=\"async\" src=\"https:\/\/semmelweis.hu\/baratikor\/files\/2023\/07\/24.jpg\" alt=\"\" width=\"600\" height=\"901\" \/><figcaption class=\"wp-caption-text\">Int\u00e9zeti aj\u00e1nd\u00e9k Alf\u00f6ldy Zolt\u00e1n professzor sz\u00e1m\u00e1ra nyugd\u00edjba vonul\u00e1sa alkalm\u00e1b\u00f3l (1974. j\u00fanius 30).<\/figcaption><\/figure> <figure style=\"width: 600px\" class=\"wp-caption aligncenter\"><img loading=\"lazy\" decoding=\"async\" src=\"https:\/\/semmelweis.hu\/baratikor\/files\/2023\/07\/25.jpg\" alt=\"\" width=\"600\" height=\"371\" \/><figcaption class=\"wp-caption-text\">Albert Sabin professzor (USA), a polio elleni &#8222;\u00e9l\u0151&#8221; vakcina (OPV) kifejleszt\u0151j\u00e9nek l\u00e1togat\u00e1sa a Mikrobiol\u00f3giai Int\u00e9zetben. A k\u00e9pen balr\u00f3l N\u00e1sz Istv\u00e1n, Albert Sabin \u00e9s Berencsi Gy\u00f6rgy.<\/figcaption><\/figure> <figure style=\"width: 600px\" class=\"wp-caption aligncenter\"><img loading=\"lazy\" decoding=\"async\" src=\"https:\/\/semmelweis.hu\/baratikor\/files\/2023\/07\/26.jpg\" alt=\"\" width=\"600\" height=\"831\" \/><figcaption class=\"wp-caption-text\">Az Int\u00e9zet alap\u00edt\u00e1s\u00e1nak 30 \u00e9ves jubileum\u00e1ra kiadott k\u00f6nyv.<\/figcaption><\/figure> <figure style=\"width: 600px\" class=\"wp-caption aligncenter\"><img loading=\"lazy\" decoding=\"async\" src=\"https:\/\/semmelweis.hu\/baratikor\/files\/2023\/07\/27.jpg\" alt=\"\" width=\"600\" height=\"457\" \/><figcaption class=\"wp-caption-text\">Az Int\u00e9zet tagjai az alap\u00edt\u00e1s 30. \u00e9vfordul\u00f3j\u00e1n 1978-ban.<\/figcaption><\/figure> <figure style=\"width: 585px\" class=\"wp-caption aligncenter\"><img loading=\"lazy\" decoding=\"async\" src=\"https:\/\/semmelweis.hu\/baratikor\/files\/2023\/07\/28.jpg\" alt=\"\" width=\"585\" height=\"903\" \/><figcaption class=\"wp-caption-text\">Az Int\u00e9zeti tagok \u00e1ltal \u00edrt tudom\u00e1nyos dolgozatok k\u00fcl\u00f6nlenyomatai \u00e9venk\u00e9nti k\u00f6tetekben 1948-t\u0151l kezd\u0151d\u0151en folyamatosan.<\/figcaption><\/figure><\/p>\n<p>&nbsp;<\/p>\n<p><img loading=\"lazy\" decoding=\"async\" class=\"aligncenter\" src=\"https:\/\/semmelweis.hu\/baratikor\/files\/2023\/07\/29.jpg\" alt=\"\" width=\"600\" height=\"756\" \/><\/p>\n<figure style=\"width: 600px\" class=\"wp-caption aligncenter\"><img loading=\"lazy\" decoding=\"async\" src=\"https:\/\/semmelweis.hu\/baratikor\/files\/2023\/07\/30.jpg\" alt=\"\" width=\"600\" height=\"863\" \/><figcaption class=\"wp-caption-text\">Az Acta Microbiologica et Immunologica Hungarica \u00f6n\u00e1ll\u00f3 k\u00f6tetben jelentette meg az Int\u00e9zeti tagok \u00e1ltal az elm\u00falt \u00e9vtizedekben el\u00e9rt kutat\u00e1si eredm\u00e9nyeket ismertet\u0151 cikkeket, egyes, szelekt\u00e1lt tmak\u00f6r\u00f6kben. Az Int\u00e9zet jubileum\u00e1nak tisztelet\u00e9re t\u00f6bb m\u00e1s, nem Int\u00e9zeti munkat\u00e1rs is publik\u00e1lt cikkeket az \u00fcnnepi k\u00f6tetben.<\/figcaption><\/figure>\n<p>&nbsp;<\/p>\n","protected":false},"excerpt":{"rendered":"<p>Alap\u00edt\u00e1s: 1948, elhelyez\u00e9s: H\u0151gyes Endre u. 7-9, a volt Pasteur Int\u00e9zet II. emelet\u00e9n Mikrobiol\u00f3giai M\u00fazeum \u00e9s Arch\u00edvum \u00d6ssze\u00e1ll\u00edtotta: Dr. N\u00e1sz Istv\u00e1n Az Int\u00e9zet r\u00f6vid t\u00f6rt\u00e9nete A Bakteriol\u00f3gia oktat\u00e1s\u00e1t H\u0151gyes Endre ind\u00edtotta el az Egyetemen 1883-ban a k\u00f3rtannal k\u00f6z\u00f6s tant\u00e1rgy \u00e9s int\u00e9zet keret\u00e9ben. Az Int\u00e9zet igazgat\u00f3i: H\u0151gyes Endre (1883-1906), Preisz Hug\u00f3 (1907-1931), Bel\u00e1k S\u00e1ndor (1932-1947), Farag\u00f3 &hellip;<\/p>\n","protected":false},"author":282,"featured_media":0,"parent":1707,"menu_order":10,"comment_status":"closed","ping_status":"closed","template":"template-fullwidth.php","meta":{"_acf_changed":false,"footnotes":""},"categories":[],"tags":[],"class_list":["post-2364","page","type-page","status-publish","hentry"],"acf":[],"_links":{"self":[{"href":"https:\/\/semmelweis.hu\/baratikor\/wp-json\/wp\/v2\/pages\/2364","targetHints":{"allow":["GET"]}}],"collection":[{"href":"https:\/\/semmelweis.hu\/baratikor\/wp-json\/wp\/v2\/pages"}],"about":[{"href":"https:\/\/semmelweis.hu\/baratikor\/wp-json\/wp\/v2\/types\/page"}],"author":[{"embeddable":true,"href":"https:\/\/semmelweis.hu\/baratikor\/wp-json\/wp\/v2\/users\/282"}],"replies":[{"embeddable":true,"href":"https:\/\/semmelweis.hu\/baratikor\/wp-json\/wp\/v2\/comments?post=2364"}],"version-history":[{"count":9,"href":"https:\/\/semmelweis.hu\/baratikor\/wp-json\/wp\/v2\/pages\/2364\/revisions"}],"predecessor-version":[{"id":4602,"href":"https:\/\/semmelweis.hu\/baratikor\/wp-json\/wp\/v2\/pages\/2364\/revisions\/4602"}],"up":[{"embeddable":true,"href":"https:\/\/semmelweis.hu\/baratikor\/wp-json\/wp\/v2\/pages\/1707"}],"wp:attachment":[{"href":"https:\/\/semmelweis.hu\/baratikor\/wp-json\/wp\/v2\/media?parent=2364"}],"wp:term":[{"taxonomy":"category","embeddable":true,"href":"https:\/\/semmelweis.hu\/baratikor\/wp-json\/wp\/v2\/categories?post=2364"},{"taxonomy":"post_tag","embeddable":true,"href":"https:\/\/semmelweis.hu\/baratikor\/wp-json\/wp\/v2\/tags?post=2364"}],"curies":[{"name":"wp","href":"https:\/\/api.w.org\/{rel}","templated":true}]}}