{"id":2352,"date":"2023-01-06T08:37:11","date_gmt":"2023-01-06T07:37:11","guid":{"rendered":"https:\/\/semmelweis.hu\/baratikor\/?page_id=2352"},"modified":"2023-07-03T12:49:11","modified_gmt":"2023-07-03T10:49:11","slug":"semmelweis-egyetem-aok-ful-orr-gegeszeti-klinika-muzeum","status":"publish","type":"page","link":"https:\/\/semmelweis.hu\/baratikor\/semmelweis-egyetem-muzeumok\/semmelweis-egyetem-aok-ful-orr-gegeszeti-klinika-muzeum\/","title":{"rendered":"Semmelweis Egyetem \u00c1OK. F\u00fcl-Orr-G\u00e9geszeti Klinika M\u00fazeum"},"content":{"rendered":"<p style=\"text-align: left\">\u00d6ssze\u00e1ll\u00edtotta: Prof. Dr. Jak\u00f3 G\u00e9za SOTE Alumnus a Bostoni Egyetem Emeritus professzora \u00e9s Prof. Dr. R\u00e9p\u00e1ssy G\u00e1bor a Klinika igazgat\u00f3ja<\/p>\n<p style=\"text-align: left\">A m\u00fazeum 7 komponensb\u0151l tev\u0151dik \u00f6ssze:<\/p>\n<ol style=\"text-align: justify\">\n<li style=\"text-align: left\"><span style=\"color: #000000\">Vitrin a professzori irod\u00e1ban<\/span><\/li>\n<li style=\"text-align: left\"><span style=\"color: #000000\">Vitrin asztal<\/span><\/li>\n<li style=\"text-align: left\"><span style=\"color: #000000\">F\u00fcl- orr- g\u00e9ge Histopathol\u00f3giai Ki\u00e1ll\u00edt\u00e1s<\/span><br \/>\n<span style=\"color: #000000\">Mindekett\u0151 a tanterem h\u00e1ts\u00f3 bej\u00e1rat\u00e1n\u00e1l<\/span><\/li>\n<li style=\"text-align: left\"><span style=\"color: #000000\">Tansz\u00e9kvezet\u0151k festm\u00e9nyei \u00e9s k\u00e9pei a professzori irod\u00e1ban<\/span><\/li>\n<li style=\"text-align: left\"><span style=\"color: #000000\">F\u00fcl- orr- g\u00e9ge histopathol\u00f3giai laborat\u00f3rium Dr. Krepuska G\u00e9za \u2013 Dr. Kelemen Gy\u00f6rgyr\u0151l elnevezve<\/span><br \/>\n<span style=\"color: #000000\">Temporal Bone Laborat\u00f3rium \u2013 Dr. Rib\u00e1ri Ott\u00f3r\u00f3l elnevezve<\/span><\/li>\n<li style=\"text-align: left\"><span style=\"color: #000000\">R\u00e9gi f\u00fcl- orr- g\u00e9g\u00e9szeti k\u00f6nyvek a professzori irod\u00e1ban \u00e9s a sziklacsont laborat\u00f3riumban<\/span><\/li>\n<li style=\"text-align: left\"><span style=\"color: #000000\">F\u00fcl- orr- g\u00e9ge histopathologiai metszetgy\u0171jtem\u00e9ny Prof. Dr. Jak\u00f3 G\u00e9za aj\u00e1nd\u00e9ka Bostonb\u00f3l<\/span><br \/>\n<span style=\"color: #000000\">A gy\u0171jtem\u00e9nyt rendszerezte \u00e9s \u00f6ssze\u00e1ll\u00edtotta Prof. Dr. Balogh K\u00e1roly professzor SOTE alumnus a Bostoni Harvard Egyetem tan\u00e1ra<\/span><\/li>\n<\/ol>\n<p style=\"text-align: justify\">A Kir\u00e1lyi P\u00e1zm\u00e1ny P\u00e9ter Egyetem Orr- G\u00e9ge F\u00fcl\u00e9szeti Klinik\u00e1ja a R\u00f3kus K\u00f3rh\u00e1zb\u00f3l k\u00f6lt\u00f6z\u00f6tt 1936-ban jelenlegi hely\u00e9re a t\u00f6bb, mint 100 \u00e9ves (1906-ban \u00e9p\u00edtett) \u00e9p\u00fcletbe.<\/p>\n<h3 style=\"text-align: justify\"><i>Az egyetemi f\u00fcl- orr- g\u00e9g\u00e9szet t\u00f6rt\u00e9nete<\/i><\/h3>\n<p style=\"text-align: justify\">A <u>g\u00e9g\u00e9szet \u2013 laryngol\u00f3gia<\/u> vil\u00e1gviszonylatban el\u0151sz\u00f6r Pesten sz\u00fcletett meg. 150 \u00e9vvel ezel\u0151tt 1858. november 13-\u00e1n, amikor Czerm\u00e1k N. J\u00e1nos a pesti egyetem \u00e9lettan professzora bemutatta \u00e9l\u0151 emberen \u2013 saj\u00e1t mag\u00e1n is \u2013 a g\u00e9ge indirekt t\u00fckr\u00f6s vizsg\u00e1lat\u00e1t a Kir\u00e1lyi Orvos Egyes\u00fcletben, ezt a jelenl\u00e9v\u0151k k\u00f6z\u00fcl Balassa J\u00e1nos professzor \u00e9s Navratil Imre seb\u00e9szek hamarosan \u00e9l\u0151 betegeken is alkalmazt\u00e1k a R\u00f3kus K\u00f3rh\u00e1zban \u00e9s megteremtettek egy \u00faj orvosi disciplin\u00e1t, a Laryngol\u00f3gi\u00e1t. Navratil Imre (1834-1919) laryngoscopia-laryngol\u00f3gi\u00e1b\u00f3l lett egyetemi mag\u00e1ntan\u00e1r, majd k\u00e9s\u0151bb egyetemi nyilv\u00e1nos rendes tan\u00e1r seb\u00e9szet \u00e9s laryngol\u00f3gi\u00e1b\u00f3l. \u0150 a magyar laryngol\u00f3gia \u00e9s vil\u00e1gviszonylatban is e szakma \u00fatt\u0151r\u0151je.<\/p>\n<p style=\"text-align: justify\">Jak\u00f3 professzor d\u00e9dnagyapja, nagyb\u00e1nyai Nagy S\u00e1ndor, ezekben az \u00fatt\u0151r\u0151 \u00e9vekben Balassa asszistense volt. (K\u00e9s\u0151bb Ugocsa megye tisztif\u0151orvosa lett)<\/p>\n<p style=\"text-align: justify\">Navratil ut\u00e1n \u00d3nodi Adolf (1857-1919) lett a orr- g\u00e9g\u00e9szet nyilv\u00e1nos rendes tan\u00e1ra, majd 1918-t\u00f3l L\u00e9n\u00e1rt Zolt\u00e1n volt a klinika vezet\u0151je a R\u00f3kusban, 1925-t\u0151l, mint nyilv\u00e1nos rendes tan\u00e1r.<\/p>\n<p style=\"text-align: justify\">L\u00e9n\u00e1rt Zolt\u00e1n (1870-1953) 1936-ban k\u00f6lt\u00f6zik a klinika jelenlegi hely\u00e9re a Szigony utc\u00e1ba, mint az Egyes\u00edtett Orr- G\u00e9ge- F\u00fcl\u00e9szeti Klinika igazgat\u00f3ja. Kiv\u00e1l\u00f3 g\u00e9ger\u00e1k seb\u00e9sz volt.<\/p>\n<p style=\"text-align: justify\"><u>Otol\u00f3gia:<\/u> 1832-ben megjelenik az els\u0151 magyar nyelv\u0171 k\u00f6nyv a f\u00fclr\u0151l Fels\u0151 E\u0151ri Csereszny\u00e9s S\u00e1ndort\u00f3l &#8222;A hall\u00e1s \u00e9l\u0151m\u0171szereir\u0151l, hall\u00e1sr\u00f3l ezek bajair\u00f3l s orvosl\u00e1sukr\u00f3l&#8221; c\u00edmmel<\/p>\n<p style=\"text-align: justify\">B\u0151ke Gyula (1832-1918), W\u00fcrzburgban tanult Tr\u00f6ltschn\u00e9l 1858-ban, majd hazat\u00e9rve a R\u00f3kus K\u00f3rh\u00e1zban kapott helyet, majd az egyetemen, mint rendk\u00edv\u00fcli tan\u00e1r adja el\u0151 a f\u00fcl\u00e9szetet 1910-ig. Ut\u00e1na Krepuska G\u00e9za (1861-1949) (Jak\u00f3 professzor nagyapja) megteremti a modern f\u00fcl\u00e9szeti iskol\u00e1t, \u00e9s vezeti 1932-ig a F\u00fcl\u00e9szeti Klinik\u00e1t. Medikusoknak 1936-ig tartott el\u0151ad\u00e1sokat.<\/p>\n<p style=\"text-align: justify\"><u>Rhinol\u00f3gia:<\/u> Ez a szakma keletkez\u00e9se is \u00f6sszef\u00fcgg a m\u0171szerek kifejleszt\u00e9s\u00e9vel, mint az orrt\u00fckr\u00f6z\u00e9s az orrspeculum \u00e1ltal. Irsai k\u00f6nyv\u00e9ben megeml\u00edti, hogy Markusovszky volt az els\u0151, aki orrspeculumot k\u00e9sz\u00edtett \u00e9s haszn\u00e1lt m\u00e1r Voltolini el\u0151tt el\u0151sz\u00f6r a vil\u00e1gon. Ezt a speculumot Professzor Jak\u00f3 v\u00e9lte felfedezni a Semmelweis Orvost\u00f6rt\u00e9neti M\u00fazeumban.<\/p>\n<figure style=\"width: 427px\" class=\"wp-caption aligncenter\"><img loading=\"lazy\" decoding=\"async\" src=\"https:\/\/semmelweis.hu\/baratikor\/files\/2023\/07\/03-4.jpg\" alt=\"\" width=\"427\" height=\"289\" \/><figcaption class=\"wp-caption-text\">R\u00e9gi f\u00fcl-hall\u00f3t\u00f6lcs\u00e9r t\u00f6bb, mint 100 \u00e9ves<\/figcaption><\/figure>\n<p style=\"text-align: justify\">A rhinoscopia posteriort szint\u00e9n Czerm\u00e1k fedezte fel \u00e9s \u00edrta le r\u00e9szletesen a k\u00f6nyv\u00e9ben \u00e9s alkalmazt\u00e1k Balassa, Navratil \u00e9s \u00d3nodi Klinik\u00e1in valamint az eg\u00e9sz vil\u00e1gon.<\/p>\n<p style=\"text-align: justify\">\u00d3nodi Adolf (1857-1919) az Orr- G\u00e9ge Klinika els\u0151 nyilv\u00e1nos rendes tan\u00e1ra. Klinik\u00e1j\u00e1t a II. sz. Belklinik\u00e1n helyezt\u00e9k el.<\/p>\n<p style=\"text-align: justify\">A g\u00e9ge beidegz\u00e9s\u00e9vel \u00e9s az orr- mell\u00e9k\u00fcregek anatomi\u00e1j\u00e1val kapcsolatos munk\u00e1ss\u00e1ga, atlaszai, kiemelked\u0151ek \u00e9s k\u00fclf\u00f6ld\u00f6n is elismertek. A Magyar Tudom\u00e1nyos Akad\u00e9mia els\u0151 orr- g\u00e9g\u00e9sz tagja. A m\u00e1sodik Professzor Jak\u00f3 G\u00e9za k\u00fcltag.<\/p>\n<p style=\"text-align: justify\">Az 1918 Tan\u00e1csk\u00f6zt\u00e1rsas\u00e1gban r\u00e9szt vett. Szerepe miatt 1919-ben B\u00e9csbe emigr\u00e1l, majd abban az \u00e9vben ott meghal.<\/p>\n<p style=\"text-align: justify\">L\u00e9n\u00e1rt Zolt\u00e1n 1941-ben megy nyugd\u00edjba, az ut\u00e1na k\u00f6vetkez\u0151 tansz\u00e9kvezet\u0151 tan\u00e1rok:<\/p>\n<p style=\"text-align: justify\">T\u00e1trallyai Wein Zolt\u00e1n (1942-1945)<\/p>\n<p style=\"text-align: justify\">Germ\u00e1n Tibor (1945-1951) (Krepuska G\u00e9za volt adjunktusa)<\/p>\n<p style=\"text-align: justify\">Varga Gyula (1951-1966)<\/p>\n<p style=\"text-align: justify\">R\u00e9v\u00e9sz Gy\u00f6rgy (1966-1985)<\/p>\n<p style=\"text-align: justify\">Rib\u00e1ri Ott\u00f3 (1985-1997) kialak\u00edtja a modern f\u00fclseb\u00e9szeti iskol\u00e1t, bevezeti a cochlearis implant\u00e1ci\u00f3kat, moderniz\u00e1lja a Klinik\u00e1t \u00e9s bevezeti a tudom\u00e1nyos \u00e9s k\u00eds\u00e9rletes laborat\u00f3riumi kutat\u00e1st a klinik\u00e1j\u00e1n. Tan\u00edtv\u00e1nyai:<\/p>\n<p style=\"text-align: justify\">R\u00e9p\u00e1ssy G\u00e1bor a SOTE Klinik\u00e1j\u00e1n<\/p>\n<p style=\"text-align: justify\">Sziklai Istv\u00e1n a Debreceni Klinik\u00e1n lesznek tansz\u00e9kvezet\u0151 egyetemi tan\u00e1rok.<\/p>\n<p style=\"text-align: justify\">\u00a0<\/p>\n<figure style=\"width: 500px\" class=\"wp-caption aligncenter\"><img loading=\"lazy\" decoding=\"async\" src=\"https:\/\/semmelweis.hu\/baratikor\/files\/2023\/07\/04-5.jpg\" alt=\"\" width=\"500\" height=\"667\" \/><figcaption class=\"wp-caption-text\">Vitrin a Professzori szob\u00e1ban<\/figcaption><\/figure>\n<p style=\"text-align: justify\">\u00a0<\/p>\n<figure style=\"width: 500px\" class=\"wp-caption aligncenter\"><img loading=\"lazy\" decoding=\"async\" src=\"https:\/\/semmelweis.hu\/baratikor\/files\/2023\/07\/05-5.jpg\" alt=\"\" width=\"500\" height=\"667\" \/><figcaption class=\"wp-caption-text\">Politzer \u00c1d\u00e1m f\u00e9nyk\u00e9pe dedik\u00e1lva Krepuska G\u00e9z\u00e1nak<\/figcaption><\/figure>\n<p style=\"text-align: justify\">\u00a0<\/p>\n<p><figure style=\"width: 225px\" class=\"wp-caption aligncenter\"><img loading=\"lazy\" decoding=\"async\" class=\"\" src=\"https:\/\/semmelweis.hu\/baratikor\/files\/2023\/07\/06-5.jpg\" alt=\"\" width=\"225\" height=\"300\" \/><figcaption class=\"wp-caption-text\">Krepuska G\u00e9za Reichert mikroszk\u00f3pia, amit az \u00e9desapj\u00e1t\u00f3l kapott 1885-ben. Ezzel v\u00e9gezte bakterol\u00f3giai \u00e9s sz\u00f6vettani vizsg\u00e1latatit.<\/figcaption><\/figure> <figure style=\"width: 225px\" class=\"wp-caption aligncenter\"><img loading=\"lazy\" decoding=\"async\" class=\"\" src=\"https:\/\/semmelweis.hu\/baratikor\/files\/2023\/07\/07-5.jpg\" alt=\"\" width=\"225\" height=\"300\" \/><figcaption class=\"wp-caption-text\">Fels\u0151 E\u00f6ri Csereszny\u00e9s S\u00e1ndor k\u00f6nyve 1832-b\u0151l.<\/figcaption><\/figure> <figure style=\"width: 225px\" class=\"wp-caption aligncenter\"><img loading=\"lazy\" decoding=\"async\" class=\"\" src=\"https:\/\/semmelweis.hu\/baratikor\/files\/2023\/07\/08-5.jpg\" alt=\"\" width=\"225\" height=\"300\" \/><figcaption class=\"wp-caption-text\">B\u00e9k\u00e9sy Gy\u00f6rgy Nobel-D\u00edjas k\u00f6nyve: Kis\u00e9rletek a hall\u00e1sr\u00f3l.<\/figcaption><\/figure><\/p>\n<p style=\"text-align: justify\">\u00a0<\/p>\n<figure style=\"width: 500px\" class=\"wp-caption aligncenter\"><img loading=\"lazy\" decoding=\"async\" src=\"https:\/\/semmelweis.hu\/baratikor\/files\/2023\/07\/09-5.jpg\" alt=\"\" width=\"500\" height=\"667\" \/><figcaption class=\"wp-caption-text\">Az Amerikai Orvosi T\u00e1rsas\u00e1g \u2013 AMA \u2013 tudom\u00e1nyos arany\u00e9rme Jak\u00f3 G\u00e9z\u00e1nak a l\u00e9zerseb\u00e9szet felfedez\u00e9s\u00e9\u00e9rt \u2013 1972<\/figcaption><\/figure>\n<p style=\"text-align: justify\">Egy\u00e9b t\u00e1rgyak:<\/p>\n<p style=\"text-align: justify\">R\u00e9gi f\u00fcl- \u00e9s g\u00e9g\u00e9szeti m\u0171szerek Czerm\u00e1k N. J\u00e1nos al\u00e1\u00edrt k\u00e9pe-nyomat.<\/p>\n<p style=\"text-align: justify\">Czerm\u00e1k k\u00e9p<\/p>\n<p style=\"text-align: justify\">Helmholtz k\u00e9p<\/p>\n<p style=\"text-align: justify\">R\u00e9gi alkohol-meleg\u00edt\u0151 g\u00e9get\u00fck\u00f6rh\u00f6z<\/p>\n<p style=\"text-align: justify\">Anton von Tr\u00f6lsch k\u00e9pe<\/p>\n<p style=\"text-align: justify\">Politzer bronz \u00e9rme<\/p>\n<p style=\"text-align: justify\">B\u0151ke-Navratil-Krepuska bronz \u00e9rem<\/p>\n<p style=\"text-align: justify\">R\u00e9gi f\u00e9m fejt\u00fck\u00f6r dr. Kelemen Gy\u00f6rgyt\u0151l<\/p>\n<p style=\"text-align: justify\">Als\u00f3 fi\u00f3k Gyergyai \u00c1rp\u00e1d kolozsv\u00e1ri orr- g\u00e9ge f\u00fclgy\u00f3gy\u00e1szati professzor k\u00fcl\u00f6n lenyomatai<\/p>\n<p style=\"text-align: justify\">\u00a0<\/p>\n<figure style=\"width: 850px\" class=\"wp-caption aligncenter\"><img loading=\"lazy\" decoding=\"async\" src=\"https:\/\/semmelweis.hu\/baratikor\/files\/2023\/07\/10-5.jpg\" alt=\"\" width=\"850\" height=\"638\" \/><figcaption class=\"wp-caption-text\">F\u00fcl- Orr- G\u00e9ge histopathol\u00f3gia transzparens sz\u00ednes k\u00e9p ki\u00e1ll\u00edt\u00e1s k\u00e9sz\u00edtett\u00e9k prof. Jak\u00f3, prof R\u00e9p\u00e1ssy \u00e9s dr. T\u00f3th Mikl\u00f3s<\/figcaption><\/figure>\n<p style=\"text-align: justify\">Festm\u00e9nyek a professzori iroda \u00e9s szob\u00e1ban:<\/p>\n<p><figure style=\"width: 500px\" class=\"wp-caption aligncenter\"><img loading=\"lazy\" decoding=\"async\" src=\"https:\/\/semmelweis.hu\/baratikor\/files\/2023\/07\/11-4.jpg\" alt=\"\" width=\"500\" height=\"585\" \/><figcaption class=\"wp-caption-text\">Szal\u00f3ki Navratil Imre, 1834-1919 egyetemi tan\u00e1r, a g\u00e9g\u00e9szet \u00fatt\u00f6r\u0151je<\/figcaption><\/figure> <figure style=\"width: 500px\" class=\"wp-caption aligncenter\"><img loading=\"lazy\" decoding=\"async\" src=\"https:\/\/semmelweis.hu\/baratikor\/files\/2023\/07\/12-3.jpg\" alt=\"\" width=\"500\" height=\"667\" \/><figcaption class=\"wp-caption-text\">Dr. Krepuska G\u00e9za, 1861-1949, a f\u00fcl-gy\u00f3gy\u00e1szat els\u0151 nyilv\u00e1nos rendes tan\u00e1ra 1919-1932-ig<\/figcaption><\/figure> <figure style=\"width: 500px\" class=\"wp-caption aligncenter\"><img loading=\"lazy\" decoding=\"async\" src=\"https:\/\/semmelweis.hu\/baratikor\/files\/2023\/07\/13-4.jpg\" alt=\"\" width=\"500\" height=\"667\" \/><figcaption class=\"wp-caption-text\">Dr. L\u00e9n\u00e1rt Zolt\u00e1n, 1870-195, az orr-g\u00e9ge-f\u00fclgy\u00f3gy\u00e1szat nyilv\u00e1nos rendes tan\u00e1ra 1922-1943-ig<\/figcaption><\/figure> <figure style=\"width: 500px\" class=\"wp-caption aligncenter\"><img loading=\"lazy\" decoding=\"async\" src=\"https:\/\/semmelweis.hu\/baratikor\/files\/2023\/07\/14-3.jpg\" alt=\"\" width=\"500\" height=\"642\" \/><figcaption class=\"wp-caption-text\">Dr. T\u00e1trallyai Wein Zolt\u00e1n, 1887-1954, a Klinika igazgat\u00f3ja 1942-1945-ig<\/figcaption><\/figure> <figure style=\"width: 850px\" class=\"wp-caption aligncenter\"><img loading=\"lazy\" decoding=\"async\" src=\"https:\/\/semmelweis.hu\/baratikor\/files\/2023\/07\/15-3.jpg\" alt=\"\" width=\"850\" height=\"638\" \/><figcaption class=\"wp-caption-text\">K\u00e9pek dedik\u00e1lva dr. R\u00e9p\u00e1ssy \u00e9s Dr. Jak\u00f3 professzoroknak vil\u00e1gh\u00edr\u0171 f\u00fcl- orr- g\u00e9ge professzorok \u00e1ltal: Prof. Horst L. Wullstein, Prof. Eugene N. Myers, Prof. John Shea, Prof. Howard House<\/figcaption><\/figure><\/p>\n<p>&nbsp;<\/p>\n<p style=\"text-align: justify\">Vitrin asztal:<\/p>\n<p style=\"text-align: justify\">A tanterem h\u00e1ts\u00f3 bej\u00e1rat\u00e1n\u00e1l.<\/p>\n<p style=\"text-align: justify\">Tartalmaz:<\/p>\n<p style=\"text-align: justify\">R\u00e9gi f\u00fcl-orr-g\u00e9g\u00e9szeti m\u0171szereket<\/p>\n<p style=\"text-align: justify\">A vil\u00e1gon els\u0151 Eustach k\u00fcrt endoszk\u00f3pja (k\u00e9sz\u00edtette prof. Dr. Jak\u00f3 G\u00e9za \u2013 1965)<\/p>\n<p style=\"text-align: justify\"><img decoding=\"async\" class=\"aligncenter\" src=\"https:\/\/semmelweis.hu\/baratikor\/files\/2023\/07\/16-3.jpg\" \/><\/p>\n<p style=\"text-align: justify\">Dr. Krepuska G\u00e9za \u00e9s Dr. Kelemen Gy\u00f6rgy Laborat\u00f3rium<\/p>\n<p style=\"text-align: justify\">Dr. Krepuska G\u00e9za orvostanhallgat\u00f3 kor\u00e1t\u00f3l a f\u00fcl- sz\u00f6vettani metszeteit k\u00e9sz\u00edtette magyar \u00e9s vil\u00e1gviszonylatban is els\u0151k\u00e9nt. Az els\u0151 \u00e9s tal\u00e1n az utols\u00f3 otohistopathol\u00f3gus Magyarorsz\u00e1gon. Fiatalabb tan\u00edtv\u00e1nya \u00e9s munkat\u00e1rsa, Dr. Kelemen Gy\u00f6rgy, aki k\u00e9s\u0151bb Bostonban \u00e9s Los Angelesben volt professzor \u00e9s az otohistopathol\u00f3gia vil\u00e1gh\u00edr\u0171 m\u0171vel\u0151je.<\/p>\n<p style=\"text-align: justify\"><img decoding=\"async\" class=\"aligncenter\" src=\"https:\/\/semmelweis.hu\/baratikor\/files\/2023\/07\/17-3.jpg\" \/><\/p>\n<p style=\"text-align: justify\">Sziklacsont &#8211; Temporal Bone &#8211; Laborat\u00f3rium<\/p>\n<p style=\"text-align: justify\">Dr. Rib\u00e1ri Ott\u00f3r\u00f3l kapta a nev\u00e9t.<\/p>\n<p style=\"text-align: justify\">\u0150, mint a Klinika igazgat\u00f3ja vezette be a rendszeres f\u00fclm\u0171t\u00e9ti oktat\u00e1st emberi kad\u00e1ver sziklacsonton gyakorolva. A Laborat\u00f3riumot tov\u00e1bbra is rendszeresen haszn\u00e1lj\u00e1k a magyar szakorvosok f\u00fclseb\u00e9szeti oktat\u00e1s\u00e1ban.<\/p>\n<p style=\"text-align: justify\">A professzori szob\u00e1ban \u00e9s a Sziklacsont melletti Laborat\u00f3riumban vannak elhelyezve r\u00e9gi f\u00fcl- orr- g\u00e9g\u00e9szeti k\u00f6nyvek \u00e9s k\u00fcl\u00f6n lenyomatok. Egy r\u00e9sz\u00fck t\u00f6bb, mint 100 \u00e9ves.<\/p>\n<p style=\"text-align: justify\"><img decoding=\"async\" class=\"aligncenter\" src=\"https:\/\/semmelweis.hu\/baratikor\/files\/2023\/07\/18-3.jpg\" \/> <img decoding=\"async\" class=\"aligncenter\" src=\"https:\/\/semmelweis.hu\/baratikor\/files\/2023\/07\/19-2.jpg\" \/><\/p>\n<p style=\"text-align: center\">SZIKLACSONT LABORAT\u00d3RIUMI K\u00c9PEK<\/p>\n<p><figure style=\"width: 850px\" class=\"wp-caption aligncenter\"><img loading=\"lazy\" decoding=\"async\" src=\"https:\/\/semmelweis.hu\/baratikor\/files\/2023\/07\/20-2.jpg\" alt=\"\" width=\"850\" height=\"638\" \/><figcaption class=\"wp-caption-text\">Sziklacsont m\u0171t\u00e9t gyakorl\u00f3 laborat\u00f3rium<\/figcaption><\/figure> <figure style=\"width: 850px\" class=\"wp-caption aligncenter\"><img loading=\"lazy\" decoding=\"async\" src=\"https:\/\/semmelweis.hu\/baratikor\/files\/2023\/07\/21-2.jpg\" alt=\"\" width=\"850\" height=\"638\" \/><figcaption class=\"wp-caption-text\">Sziklacsont &#8211; temporal bone &#8211; laborat\u00f3rium<\/figcaption><\/figure> <figure style=\"width: 850px\" class=\"wp-caption aligncenter\"><img loading=\"lazy\" decoding=\"async\" src=\"https:\/\/semmelweis.hu\/baratikor\/files\/2023\/07\/22-2.jpg\" alt=\"\" width=\"850\" height=\"638\" \/><figcaption class=\"wp-caption-text\">Sziklacsont laborat\u00f3rium<\/figcaption><\/figure> <figure style=\"width: 500px\" class=\"wp-caption aligncenter\"><img loading=\"lazy\" decoding=\"async\" src=\"\/\/semmelweis.hu\/baratikor\/files\/2023\/07\/23-1.jpg\" alt=\"\" width=\"500\" height=\"667\" \/><figcaption class=\"wp-caption-text\">R\u00e9gi k\u00f6nyvek a Sziklacsont laborat\u00f3rium mellett<\/figcaption><\/figure> <figure style=\"width: 850px\" class=\"wp-caption aligncenter\"><img loading=\"lazy\" decoding=\"async\" src=\"https:\/\/semmelweis.hu\/baratikor\/files\/2023\/07\/24-1.jpg\" alt=\"\" width=\"850\" height=\"638\" \/><figcaption class=\"wp-caption-text\">Dr. Jak\u00f3 \u00faj f\u00fclm\u0171t\u00e9ti technik\u00e1inak k\u00e9pe<\/figcaption><\/figure><\/p>\n","protected":false},"excerpt":{"rendered":"<p>\u00d6ssze\u00e1ll\u00edtotta: Prof. Dr. Jak\u00f3 G\u00e9za SOTE Alumnus a Bostoni Egyetem Emeritus professzora \u00e9s Prof. Dr. R\u00e9p\u00e1ssy G\u00e1bor a Klinika igazgat\u00f3ja A m\u00fazeum 7 komponensb\u0151l tev\u0151dik \u00f6ssze: Vitrin a professzori irod\u00e1ban Vitrin asztal F\u00fcl- orr- g\u00e9ge Histopathol\u00f3giai Ki\u00e1ll\u00edt\u00e1s Mindekett\u0151 a tanterem h\u00e1ts\u00f3 bej\u00e1rat\u00e1n\u00e1l Tansz\u00e9kvezet\u0151k festm\u00e9nyei \u00e9s k\u00e9pei a professzori irod\u00e1ban F\u00fcl- orr- g\u00e9ge histopathol\u00f3giai laborat\u00f3rium Dr. &hellip;<\/p>\n","protected":false},"author":282,"featured_media":0,"parent":1707,"menu_order":5,"comment_status":"closed","ping_status":"closed","template":"template-fullwidth.php","meta":{"_acf_changed":false,"footnotes":""},"categories":[],"tags":[],"class_list":["post-2352","page","type-page","status-publish","hentry"],"acf":[],"_links":{"self":[{"href":"https:\/\/semmelweis.hu\/baratikor\/wp-json\/wp\/v2\/pages\/2352","targetHints":{"allow":["GET"]}}],"collection":[{"href":"https:\/\/semmelweis.hu\/baratikor\/wp-json\/wp\/v2\/pages"}],"about":[{"href":"https:\/\/semmelweis.hu\/baratikor\/wp-json\/wp\/v2\/types\/page"}],"author":[{"embeddable":true,"href":"https:\/\/semmelweis.hu\/baratikor\/wp-json\/wp\/v2\/users\/282"}],"replies":[{"embeddable":true,"href":"https:\/\/semmelweis.hu\/baratikor\/wp-json\/wp\/v2\/comments?post=2352"}],"version-history":[{"count":8,"href":"https:\/\/semmelweis.hu\/baratikor\/wp-json\/wp\/v2\/pages\/2352\/revisions"}],"predecessor-version":[{"id":4708,"href":"https:\/\/semmelweis.hu\/baratikor\/wp-json\/wp\/v2\/pages\/2352\/revisions\/4708"}],"up":[{"embeddable":true,"href":"https:\/\/semmelweis.hu\/baratikor\/wp-json\/wp\/v2\/pages\/1707"}],"wp:attachment":[{"href":"https:\/\/semmelweis.hu\/baratikor\/wp-json\/wp\/v2\/media?parent=2352"}],"wp:term":[{"taxonomy":"category","embeddable":true,"href":"https:\/\/semmelweis.hu\/baratikor\/wp-json\/wp\/v2\/categories?post=2352"},{"taxonomy":"post_tag","embeddable":true,"href":"https:\/\/semmelweis.hu\/baratikor\/wp-json\/wp\/v2\/tags?post=2352"}],"curies":[{"name":"wp","href":"https:\/\/api.w.org\/{rel}","templated":true}]}}