{"id":2286,"date":"2023-01-04T15:10:15","date_gmt":"2023-01-04T14:10:15","guid":{"rendered":"https:\/\/semmelweis.hu\/baratikor\/?page_id=2286"},"modified":"2023-07-17T10:20:17","modified_gmt":"2023-07-17T08:20:17","slug":"vizkelety-tibor","status":"publish","type":"page","link":"https:\/\/semmelweis.hu\/baratikor\/galeria\/teljes-nevlista\/vizkelety-tibor\/","title":{"rendered":"V\u00edzkelety Tibor"},"content":{"rendered":"<p style=\"text-align: justify\"><strong> <a href=\"https:\/\/semmelweis.hu\/baratikor\/files\/2023\/07\/Vizkelety-Tibor-49.a-IV-1_jav..jpg\"><img loading=\"lazy\" decoding=\"async\" class=\"alignleft size-medium wp-image-5184\" src=\"https:\/\/semmelweis.hu\/baratikor\/files\/2023\/07\/Vizkelety-Tibor-49.a-IV-1_jav.-368x400.jpg\" alt=\"\" width=\"368\" height=\"400\" srcset=\"https:\/\/semmelweis.hu\/baratikor\/files\/2023\/07\/Vizkelety-Tibor-49.a-IV-1_jav.-368x400.jpg 368w, https:\/\/semmelweis.hu\/baratikor\/files\/2023\/07\/Vizkelety-Tibor-49.a-IV-1_jav.-768x835.jpg 768w, https:\/\/semmelweis.hu\/baratikor\/files\/2023\/07\/Vizkelety-Tibor-49.a-IV-1_jav.-753x818.jpg 753w, https:\/\/semmelweis.hu\/baratikor\/files\/2023\/07\/Vizkelety-Tibor-49.a-IV-1_jav..jpg 920w\" sizes=\"auto, (max-width: 368px) 100vw, 368px\" \/><\/a> V\u00edzkelety Tibor Lajos (<\/strong><strong>Legyesb\u00e9nye, 1929. febru\u00e1r 1.<\/strong><strong> \u2013 Budapest, 2017. augusztus 24.)<\/strong><\/p>\n<p style=\"text-align: justify\"><strong>Tansz\u00e9k:<\/strong> Ortop\u00e9diai Klinika 1980-1995.<\/p>\n<p style=\"text-align: justify\">\u00c9desapja gazdatiszt, \u00e9desanyja postamester volt \u00e9s \u00f6sszesen hat gyermeket neveltek. A csal\u00e1d szeg\u00e9nys\u00e9ge miatt V\u00edzkelety Tibor \u00e1rvah\u00e1zakban nevelkedett, majd a pestszenterzs\u00e9beti Kossuth Lajos Gimn\u00e1ziumban tanult. Egy \u00e9vet a Zr\u00ednyi Mikl\u00f3s gyalogs\u00e1gi Hadapr\u00f3diskol\u00e1n t\u00f6lt\u00f6tt, \u00e9retts\u00e9git a s\u00e1toralja\u00fajhelyi piarist\u00e1kn\u00e1l tett. Az 1946\/47. tan\u00e9vben N\u00c9KOSZ-os di\u00e1kk\u00e9nt ker\u00fclt be a budapesti P\u00e1zm\u00e1ny P\u00e9ter Tudom\u00e1nyegyetem Orvostudom\u00e1nyi Kar\u00e1ra. 1953. j\u00falius 30-\u00e1n kapta meg orvosi oklevel\u00e9t az akkor m\u00e1r Budapesti Orvostudom\u00e1nyi Egyetemnek nevezett int\u00e9zm\u00e9nyben. M\u00e1r egyetemi \u00e9vei alatt bej\u00e1rt az Anat\u00f3miai Int\u00e9zetbe, ahol orvoss\u00e1 avat\u00e1sa ut\u00e1n 1953. szeptember 1-j\u00e9t\u0151l egyetemi gyakornokk\u00e9nt alkalmazt\u00e1k. 1955. szeptember 1-j\u00e9n ker\u00fclt az Ortop\u00e9diai Klinika \u00e1llom\u00e1ny\u00e1ba tan\u00e1rseg\u00e9di besorol\u00e1ssal. 1958. november 18-\u00e1n ortop\u00e9d szakorvosi vizsg\u00e1t tett. 1970 \u00e1prilis\u00e1ban el\u00e9rte az orvostudom\u00e1ny kandid\u00e1tusa fokozatot, 1971-ben adjunktuss\u00e1 l\u00e9ptett\u00e9k el\u0151. 1976. j\u00falius 1-j\u00e9n megkapta egyetemi docensi kinevez\u00e9s\u00e9t. 1980. febru\u00e1r 1-j\u00e9n egyetemi tan\u00e1ri kinevez\u00e9ssel vette \u00e1t a klinika igazgat\u00e1s\u00e1t. 1983-t\u00f3l a klinika mellett vezette az Orsz\u00e1gos Ortop\u00e9diai Int\u00e9zetet is. 1990-ben az orvostudom\u00e1ny doktora fokozatot szerzett. 1999-ben az egyetemt\u0151l professor emeritus c\u00edmet kapott.<\/p>\n<p style=\"text-align: justify\">Kezdetben k\u00eds\u00e9rletes \u00e9s morfol\u00f3giai jelleg\u0171 t\u00e9m\u00e1kkal foglalkozott, a csont nyirok-kering\u00e9s\u00e9vel, a gerincvel\u0151 v\u00e9rell\u00e1t\u00e1si saj\u00e1toss\u00e1gaival, a burs\u00e1k keletkez\u00e9si mechanizmus\u00e1val. Klinikai t\u00e9m\u00e1hoz szorosabban kapcsol\u00f3dott a l\u00e1b mechanizmus\u00e1nak \u00e9s a cs\u00edp\u0151ficam pathomechanizmus\u00e1nak vizsg\u00e1lata. Kutatta k\u00fcl\u00f6nb\u00f6z\u0151 csontosod\u00e1si zavarok manifeszt\u00e1ci\u00f3j\u00e1t, \u00f6r\u00f6kl\u0151d\u00e9si viszonyait. 1978 ut\u00e1n \u00e9rdekl\u0151d\u00e9se a gyermekortop\u00e9dia, a cs\u00edp\u0151ficam diagnosztik\u00e1ja \u00e9s kezel\u00e9se fel\u00e9 fordult. M\u00e1sik fontos ter\u00fclete az infantilis cerebralis paresisben szenved\u0151 betegek ortop\u00e9diai ell\u00e1t\u00e1s\u00e1nak megold\u00e1sa volt. \u201eOrsz\u00e1gosan megszervezte a cs\u00edp\u0151 sz\u0171r\u0151vizsg\u00e1latokat, n\u00e9pszer\u0171s\u00edtette a Pavlik-kengyel helyes haszn\u00e1lat\u00e1t, bevezette a v\u00e9gtaghosszabb\u00edt\u00f3 m\u0171t\u00e9teket, sz\u00e1mos eredeti megold\u00e1st dolgozott ki a v\u00e9gtagi fejl\u0151d\u00e9si rendelleness\u00e9gek kezel\u00e9s\u00e9re \u00e9s alkalmazta a neuromuszkul\u00e1ris betegs\u00e9gben szenved\u0151 gyermekek ell\u00e1t\u00e1s\u00e1ban a korszer\u0171 seb\u00e9szeti m\u00f3dszereket.\u201d<\/p>\n<p style=\"text-align: justify\">\u00c9vtizedeken \u00e1t \u00e9p\u00edtett, t\u00f6bb sz\u00e1z darabos orvosi \u00e9remgy\u0171jtem\u00e9ny\u00e9t a Semmelweis Egyetemnek adom\u00e1nyozta.<\/p>\n<p style=\"text-align: justify\">T\u00e1rsas\u00e1gi tags\u00e1gai: Magyar Orthopaed T\u00e1rsas\u00e1g (f\u0151titk\u00e1r 1971-t\u0151l, 1983-t\u00f3l eln\u00f6k), Magyar Traumatol\u00f3gus T\u00e1rsas\u00e1g (vezet\u0151s\u00e9gi tag), Magyar Gyermekseb\u00e9sz T\u00e1rsas\u00e1g, Rehabilit\u00e1ci\u00f3s T\u00e1rsas\u00e1g, Nemzetk\u00f6zi Ortop\u00e9diai \u00e9s Traumatol\u00f3giai T\u00e1rsas\u00e1g (SICOT, 2002), Holland Ortop\u00e9d T\u00e1rsas\u00e1g. Tiszteletbeli tagja volt a cseh Purkyne T\u00e1rsas\u00e1gnak, a Francia Ortop\u00e9d \u00e9s Traumatol\u00f3gus T\u00e1rsas\u00e1gnak (1980), a Jugoszl\u00e1v Ortop\u00e9d \u00e9s Traumatol\u00f3gus T\u00e1rsas\u00e1gnak (1984), a Magyar \u00c1pol\u00e1si Egyes\u00fcletnek (1994), az Alpen-Adria-Pannonia-Tatra T\u00e1rsas\u00e1gnak (1998), a Szlov\u00e9n Ortop\u00e9d T\u00e1rsas\u00e1gnak (2001) \u00e9s a Rom\u00e1n Ortop\u00e9d \u00e9s Traumatol\u00f3gus T\u00e1rsas\u00e1gnak (2003). Levelez\u0151 tagj\u00e1nak v\u00e1lasztotta a keletn\u00e9met (1987), a nyugatn\u00e9met, a finn \u00e9s a jap\u00e1n ortop\u00e9d t\u00e1rsas\u00e1g. Az International Orthopaedics, a Revue de Chirurgie Orthop\u00e9dique, a Magyar Traumatol\u00f3gia Ortop\u00e9dia \u00e9s az Acta Chirurgica c\u00edm\u0171 szaklapok szerkeszt\u0151bizotts\u00e1gaiban is szerepet v\u00e1llalt.<\/p>\n<p style=\"text-align: justify\">Kit\u00fcntet\u00e9sei, elismer\u00e9sei: Oktat\u00e1s\u00fcgy Kiv\u00e1l\u00f3 Dolgoz\u00f3ja (1977), Kiv\u00e1l\u00f3 Orvos (1987), Dollinger-eml\u00e9k\u00e9rem (1990), Magyar Traumatol\u00f3gus T\u00e1rsas\u00e1g eml\u00e9k\u00e9rme (1993), Batthy\u00e1ny-Strattmann L\u00e1szl\u00f3-d\u00edj (1994), Magyar K\u00f6zt\u00e1rsas\u00e1gi \u00c9rdemkereszt ez\u00fcst fokozat (1997), Professor emeritus (1999), Pro Sanitate (2001).<\/p>\n<p style=\"text-align: justify\"><strong>F\u0151bb munk\u00e1i:<\/strong> A csont kering\u00e9si viszonyainak \u00e9s kering\u00e9si zavarainak k\u00eds\u00e9rletes vizsg\u00e1lata. Kandid\u00e1tusi \u00e9rtekez\u00e9s. MTA, TMB. Bp., 1969.; Gyermek-orthopaedia. 1976., (\u00e1td.) 1981., 1985., 1994., (Sz\u0151ke Gy\u00f6rggyel) 2009.; Csont-iz\u00fcleti daganatok \u00e9s daganatszer\u0171 elv\u00e1ltoz\u00e1sok (Szendr\u0151i Mikl\u00f3ssal). Bp., 1990., 2007.; A velesz\u00fcletett cs\u00edp\u0151ficam korai diagnosztik\u00e1ja \u00e9s kezel\u00e9se. Doktori \u00e9rtekez\u00e9s. MTA, TMB. Bp., 1990.; Az ortop\u00e9dia tank\u00f6nyve. Egyetemi tank\u00f6nyv. 1995., 1999., 2002.; Ortop\u00e9dia (Szendr\u0151i Mikl\u00f3ssal). Bp., 1996.; 80 esztend\u0151 \u00e9letemb\u0151l. Dollinger Gyula 1849-1929 (fszerk.). Bp., 1997.; 50 \u00e9ves a Semmelweis Egyetem Ortop\u00e9diai Klinik\u00e1ja (szerk. Szendr\u0151i Mikl\u00f3ssal). Bp., 2001.; Az Orsz\u00e1gos Ortop\u00e9diai Int\u00e9zet \u00e9s Szakmai Koll\u00e9gium\u00e1nak m\u0171k\u00f6d\u00e9se 1973 \u00e9s 2000 k\u00f6z\u00f6tt (Risk\u00f3 Tiborral). Bp., 2002.; A magyar ortop\u00e9dia, traumatol\u00f3gia \u00e9s hat\u00e1rter\u00fcletei bibliogr\u00e1fi\u00e1ja a kezdetekt\u0151l napjainkig (fszerk.). Bp., 2007.<\/p>\n<p style=\"text-align: justify\"><strong>Nyughelye:<\/strong> Budapest, Fiumei \u00fati temet\u0151 sz\u00f3r\u00f3parcella (2017.09.25.).<\/p>\n<p style=\"text-align: justify\">(Az id\u00e9zet forr\u00e1sa dr. Sz\u0151ke Gy\u00f6rgy b\u00facs\u00faztat\u00f3ja.)<\/p>\n<p style=\"text-align: justify\">Irodalom: V\u00edzkelety Tibor &#8211; Titoknyitogat\u00f3 sorozat (szerk.: T\u00e1ncos L\u00e1szl\u00f3). Semmelweis Kiad\u00f3, Bp., 2008.<\/p>\n<p><strong><a href=\"https:\/\/semmelweis.hu\/baratikor\/files\/2023\/07\/Vizkelety-Tibor_jav.jpg\"><img loading=\"lazy\" decoding=\"async\" class=\"alignleft size-medium wp-image-5185\" src=\"https:\/\/semmelweis.hu\/baratikor\/files\/2023\/07\/Vizkelety-Tibor_jav-319x400.jpg\" alt=\"\" width=\"319\" height=\"400\" srcset=\"https:\/\/semmelweis.hu\/baratikor\/files\/2023\/07\/Vizkelety-Tibor_jav-319x400.jpg 319w, https:\/\/semmelweis.hu\/baratikor\/files\/2023\/07\/Vizkelety-Tibor_jav-768x962.jpg 768w, https:\/\/semmelweis.hu\/baratikor\/files\/2023\/07\/Vizkelety-Tibor_jav-753x944.jpg 753w, https:\/\/semmelweis.hu\/baratikor\/files\/2023\/07\/Vizkelety-Tibor_jav.jpg 798w\" sizes=\"auto, (max-width: 319px) 100vw, 319px\" \/><\/a><\/strong><strong><a href=\"https:\/\/semmelweis.hu\/baratikor\/files\/2023\/07\/Vizkelety-Tibor-2.-49.a-IV-1_jav..jpg\"><img loading=\"lazy\" decoding=\"async\" class=\"alignleft size-medium wp-image-5183\" src=\"https:\/\/semmelweis.hu\/baratikor\/files\/2023\/07\/Vizkelety-Tibor-2.-49.a-IV-1_jav.-400x391.jpg\" alt=\"\" width=\"400\" height=\"391\" srcset=\"https:\/\/semmelweis.hu\/baratikor\/files\/2023\/07\/Vizkelety-Tibor-2.-49.a-IV-1_jav.-400x391.jpg 400w, https:\/\/semmelweis.hu\/baratikor\/files\/2023\/07\/Vizkelety-Tibor-2.-49.a-IV-1_jav.-768x750.jpg 768w, https:\/\/semmelweis.hu\/baratikor\/files\/2023\/07\/Vizkelety-Tibor-2.-49.a-IV-1_jav.-753x735.jpg 753w, https:\/\/semmelweis.hu\/baratikor\/files\/2023\/07\/Vizkelety-Tibor-2.-49.a-IV-1_jav..jpg 1024w\" sizes=\"auto, (max-width: 400px) 100vw, 400px\" \/><\/a><\/strong><\/p>\n","protected":false},"excerpt":{"rendered":"<p><a href=\"https:\/\/semmelweis.hu\/baratikor\/files\/2023\/07\/Vizkelety-Tibor-49.a-IV-1_jav..jpg\"><\/a> V\u00edzkelety Tibor Lajos (Legyesb\u00e9nye, 1929. febru\u00e1r 1. \u2013 Budapest, 2017. augusztus 24.) Tansz\u00e9k: Ortop\u00e9diai Klinika 1980-1995. \u00c9desapja gazdatiszt, \u00e9desanyja postamester volt \u00e9s \u00f6sszesen hat gyermeket neveltek. A csal\u00e1d szeg\u00e9nys\u00e9ge miatt V\u00edzkelety Tibor \u00e1rvah\u00e1zakban nevelkedett, majd a pestszenterzs\u00e9beti Kossuth Lajos Gimn\u00e1ziumban tanult. Egy \u00e9vet a Zr\u00ednyi Mikl\u00f3s gyalogs\u00e1gi Hadapr\u00f3diskol\u00e1n t\u00f6lt\u00f6tt, \u00e9retts\u00e9git a s\u00e1toralja\u00fajhelyi piarist\u00e1kn\u00e1l tett. Az &hellip;<\/p>\n","protected":false},"author":282,"featured_media":5184,"parent":347,"menu_order":0,"comment_status":"closed","ping_status":"closed","template":"template-fullwidth.php","meta":{"_acf_changed":false,"footnotes":""},"categories":[14],"tags":[],"class_list":["post-2286","page","type-page","status-publish","has-post-thumbnail","hentry","category-teljes-nevlista"],"acf":[],"_links":{"self":[{"href":"https:\/\/semmelweis.hu\/baratikor\/wp-json\/wp\/v2\/pages\/2286","targetHints":{"allow":["GET"]}}],"collection":[{"href":"https:\/\/semmelweis.hu\/baratikor\/wp-json\/wp\/v2\/pages"}],"about":[{"href":"https:\/\/semmelweis.hu\/baratikor\/wp-json\/wp\/v2\/types\/page"}],"author":[{"embeddable":true,"href":"https:\/\/semmelweis.hu\/baratikor\/wp-json\/wp\/v2\/users\/282"}],"replies":[{"embeddable":true,"href":"https:\/\/semmelweis.hu\/baratikor\/wp-json\/wp\/v2\/comments?post=2286"}],"version-history":[{"count":2,"href":"https:\/\/semmelweis.hu\/baratikor\/wp-json\/wp\/v2\/pages\/2286\/revisions"}],"predecessor-version":[{"id":5186,"href":"https:\/\/semmelweis.hu\/baratikor\/wp-json\/wp\/v2\/pages\/2286\/revisions\/5186"}],"up":[{"embeddable":true,"href":"https:\/\/semmelweis.hu\/baratikor\/wp-json\/wp\/v2\/pages\/347"}],"wp:featuredmedia":[{"embeddable":true,"href":"https:\/\/semmelweis.hu\/baratikor\/wp-json\/wp\/v2\/media\/5184"}],"wp:attachment":[{"href":"https:\/\/semmelweis.hu\/baratikor\/wp-json\/wp\/v2\/media?parent=2286"}],"wp:term":[{"taxonomy":"category","embeddable":true,"href":"https:\/\/semmelweis.hu\/baratikor\/wp-json\/wp\/v2\/categories?post=2286"},{"taxonomy":"post_tag","embeddable":true,"href":"https:\/\/semmelweis.hu\/baratikor\/wp-json\/wp\/v2\/tags?post=2286"}],"curies":[{"name":"wp","href":"https:\/\/api.w.org\/{rel}","templated":true}]}}