{"id":2279,"date":"2023-01-04T15:06:25","date_gmt":"2023-01-04T14:06:25","guid":{"rendered":"https:\/\/semmelweis.hu\/baratikor\/?page_id=2279"},"modified":"2023-10-12T17:12:47","modified_gmt":"2023-10-12T15:12:47","slug":"vedres-istvan","status":"publish","type":"page","link":"https:\/\/semmelweis.hu\/baratikor\/galeria\/teljes-nevlista\/vedres-istvan\/","title":{"rendered":"Vedres Istv\u00e1n"},"content":{"rendered":"<p style=\"text-align: justify\"><strong><a href=\"https:\/\/semmelweis.hu\/baratikor\/files\/2023\/07\/Vedres-Istvan-80-as-evek_jav.jpg\"><img loading=\"lazy\" decoding=\"async\" class=\"alignleft size-medium wp-image-5169\" src=\"https:\/\/semmelweis.hu\/baratikor\/files\/2023\/07\/Vedres-Istvan-80-as-evek_jav-319x400.jpg\" alt=\"\" width=\"319\" height=\"400\" srcset=\"https:\/\/semmelweis.hu\/baratikor\/files\/2023\/07\/Vedres-Istvan-80-as-evek_jav-319x400.jpg 319w, https:\/\/semmelweis.hu\/baratikor\/files\/2023\/07\/Vedres-Istvan-80-as-evek_jav-768x962.jpg 768w, https:\/\/semmelweis.hu\/baratikor\/files\/2023\/07\/Vedres-Istvan-80-as-evek_jav-753x944.jpg 753w, https:\/\/semmelweis.hu\/baratikor\/files\/2023\/07\/Vedres-Istvan-80-as-evek_jav.jpg 798w\" sizes=\"auto, (max-width: 319px) 100vw, 319px\" \/><\/a> (Debrecen<\/strong><strong>, 1927. m\u00e1rcius 9.<\/strong><strong> \u2013 Budapest, 2014. janu\u00e1r 12.)<\/strong><\/p>\n<p style=\"text-align: justify\"><strong>Tansz\u00e9k: <\/strong>K\u00f6zeg\u00e9szs\u00e9gtani\/ (1973-t\u00f3l) K\u00f6zeg\u00e9szs\u00e9gtani \u00e9s J\u00e1rv\u00e1nytani Int\u00e9zet 1963-1993.<\/p>\n<p style=\"text-align: justify\">Munk\u00e1scsal\u00e1db\u00f3l sz\u00e1rmazott, \u00e9desapja a M\u00c1V-n\u00e1l dolgozott g\u00e9plakatosk\u00e9nt. 1945-ben kit\u00fcntet\u00e9ssel \u00e9retts\u00e9gizett a Debreceni Reform\u00e1tus Koll\u00e9gium Gimn\u00e1zium\u00e1ban, majd beiratkozott a debreceni Tisza Istv\u00e1n Tudom\u00e1nyegyetem Orvostudom\u00e1nyi Kar\u00e1ra, ahol 1951. j\u00falius 13-\u00e1n szerzett \u201esumma cum laude\u201d min\u0151s\u00edt\u00e9s\u0171 orvosdoktori oklevelet. 1947 okt\u00f3ber\u00e9t\u0151l 1951 november\u00e9ig a debreceni K\u00f6zeg\u00e9szs\u00e9gtani Int\u00e9zetben dolgozott, el\u0151bb mint d\u00edjtalan gyakornok, majd demonstr\u00e1tor \u00e9s gyakornok. 1951. novembert\u0151l Moszkv\u00e1ban m\u0171k\u00f6d\u00f6tt aspir\u00e1nsk\u00e9nt a K\u00f6zponti Orvostov\u00e1bbk\u00e9pz\u0151 Int\u00e9zetben 1955 j\u00falius\u00e1ig. M\u00e9g Moszkv\u00e1ban, 1955. j\u00fanius 29-\u00e9n \u00e9rte el az orvostudom\u00e1nyok kandid\u00e1tusa fokozatot. 1959. j\u00fanius 24-\u00e9n vizsgak\u00f6telezetts\u00e9g n\u00e9lk\u00fcl k\u00f6zeg\u00e9szs\u00e9gtani-j\u00e1rv\u00e1nytani szakorvosi c\u00edmet szerzett. Hazat\u00e9r\u00e9se ut\u00e1n a debreceni K\u00f6zeg\u00e9szs\u00e9gtani Int\u00e9zetben szolg\u00e1lt 1955. augusztus \u00e9s december k\u00f6z\u00f6tt. 1956 janu\u00e1rj\u00e1t\u00f3l 1958. szeptember 15-ig az Orsz\u00e1gos K\u00f6zeg\u00e9szs\u00e9g\u00fcgyi Int\u00e9zet j\u00e1rv\u00e1ny\u00fcgyi oszt\u00e1ly\u00e1n dolgozott, mint tudom\u00e1nyos munkat\u00e1rs. 1958. szeptember 16-t\u00f3l a BOTE K\u00f6zeg\u00e9szs\u00e9gtani Int\u00e9zet\u00e9nek adjunktusak\u00e9nt m\u0171k\u00f6d\u00f6tt tov\u00e1bb. 1958 november\u00e9t\u0151l m\u00e1sod\u00e1ll\u00e1sban az MSZMP K\u00f6zponti Bizotts\u00e1ga munkat\u00e1rsak\u00e9nt is dolgozott. 1963. \u00e1prilis 1-j\u00e9n docensk\u00e9nt vette \u00e1t a Melly J\u00f3zsef hal\u00e1l\u00e1val meg\u00fcr\u00fclt tansz\u00e9k ir\u00e1ny\u00edt\u00e1s\u00e1t. 1964. okt\u00f3ber 24-\u00e9n, tansz\u00e9kvezet\u0151i munk\u00e1ja mellett, az Eg\u00e9szs\u00e9g\u00fcgyi Miniszt\u00e9riumban a miniszter els\u0151 helyettesek\u00e9nt tev\u00e9kenykedett 1968. m\u00e1rcius 10-ig. K\u00f6zben, 1965-1967 k\u00f6z\u00f6tt levelez\u0151 tagozaton v\u00e9gezte el a Zr\u00ednyi Mikl\u00f3s Katonai Akad\u00e9mi\u00e1t, utols\u00f3 rendfokozata tartal\u00e9kos alezredes volt. 1968. m\u00e1rcius 11-t\u0151l ism\u00e9t tansz\u00e9kvezet\u0151 docens, majd augusztus 1-j\u00e9n tansz\u00e9kvezet\u0151 egyetemi tan\u00e1rr\u00e1 nevezt\u00e9k ki. 1993-ban vonult nyug\u00e1llom\u00e1nyba.<\/p>\n<p style=\"text-align: justify\">Tudom\u00e1nyos \u00e9rdekl\u0151d\u00e9se els\u0151sorban epidemiol\u00f3giai k\u00e9rd\u00e9sek fel\u00e9 ir\u00e1nyult, a dysenteria \u00e9s hepatitis infectiosa j\u00e1rv\u00e1nytani k\u00e9rd\u00e9sein k\u00edv\u00fcl a l\u00e9g\u00fati fert\u0151z\u0151 megbeteged\u00e9sek j\u00e1rv\u00e1nytan\u00e1val foglalkozott, illetve a t\u00e1rsadalmi t\u00e9nyez\u0151k szerep\u00e9t kutatta a j\u00e1rv\u00e1nyfolyamatokban. Az 1980-as \u00e9vekben kutat\u00e1sokat v\u00e9gzett az AIDS-szel, valamint a hepatitis B v\u00edrussal kapcsolatban.<\/p>\n<p style=\"text-align: justify\">1948-1949 folyam\u00e1n a MEFESZ-ben v\u00e9gzett t\u00e1rsadalmi munk\u00e1t. 1949-ben l\u00e9pett be az Orvos-Eg\u00e9szs\u00e9g\u00fcgyi Szakszervezetbe, 1951-ben az MDP-be, ahol p\u00e1lyafut\u00e1sa sor\u00e1n k\u00fcl\u00f6nb\u00f6z\u0151 tiszts\u00e9geket t\u00f6lt\u00f6tt be. 1957. j\u00faniust\u00f3l 1965. janu\u00e1rig tagja volt a Munk\u00e1s\u0151rs\u00e9gnek. 1962-ben bel\u00e9pett a Magyar V\u00f6r\u00f6skeresztbe, itt k\u00e9s\u0151bb az Orsz\u00e1gos Vezet\u0151s\u00e9g tagja \u00e9s az egyetemi szervezet eln\u00f6ke volt. 1968-t\u00f3l 1985-ig az egyetemi P\u00e1rtbizotts\u00e1g tagjak\u00e9nt v\u00e9gzett p\u00e1rtmunk\u00e1t. Ezeken k\u00edv\u00fcl a SOTE K\u00f6zeg\u00e9szs\u00e9g\u00fcgyi \u00e9s J\u00e1rv\u00e1ny\u00fcgyi Bizotts\u00e1g\u00e1nak eln\u00f6ke, a Magyar Hygi\u00e9nikus T\u00e1rsas\u00e1g eln\u00f6ks\u00e9gi, valamint az OKI Szakmai Koll\u00e9gium\u00e1nak tagjak\u00e9nt v\u00e9gzett munk\u00e1t. Tov\u00e1bbi t\u00e1rsadalmi munk\u00e1t v\u00e9gzett a TIT Eg\u00e9szs\u00e9g\u00fcgyi V\u00e1lasztm\u00e1ny\u00e1ban \u00e9s az MSZMP SOTE Propaganda \u00e9s M\u0171vel\u0151d\u00e9si Bizotts\u00e1g\u00e1ban is. Tagja volt az MTA Eg\u00e9szs\u00e9gtudom\u00e1nyi Bizotts\u00e1g\u00e1nak, valamint titk\u00e1ra az MTA Mikrobiol\u00f3giai Bizotts\u00e1g\u00e1nak.<\/p>\n<p style=\"text-align: justify\">Kit\u00fcntet\u00e9sei: Munka \u00c9rdemrend arany fokozata (1969. nov. 9.), V\u00f6r\u00f6skeresztes Munk\u00e1\u00e9rt arany fokozat (1971. \u00e1pr. 28.), Szocialista Kult\u00far\u00e1\u00e9rt (1972. nov. 30.).<\/p>\n<p style=\"text-align: justify\"><strong>F\u0151bb munk\u00e1i:<\/strong> A k\u00f6zeg\u00e9szs\u00e9gtan \u00e9s j\u00e1rv\u00e1nytan alapjai (szerk. Fodor Ferenccel). Bp., 1972; K\u00f6zeg\u00e9szs\u00e9gtani-j\u00e1rv\u00e1nytani gyakorlatok \u00e9s bemutat\u00e1sok. (szerk. Fodor Ferenccel). Bp., 1972.<\/p>\n<p style=\"text-align: justify\"><strong>Nyughelye:<\/strong> Farkasr\u00e9ti temet\u0151 1\/0\/1\/114-115.<\/p>\n<p><strong><a href=\"https:\/\/semmelweis.hu\/baratikor\/files\/2023\/07\/Vedres-Istvan_jav.jpg\"><img loading=\"lazy\" decoding=\"async\" class=\"alignleft size-medium wp-image-5170\" src=\"https:\/\/semmelweis.hu\/baratikor\/files\/2023\/07\/Vedres-Istvan_jav-278x400.jpg\" alt=\"\" width=\"278\" height=\"400\" srcset=\"https:\/\/semmelweis.hu\/baratikor\/files\/2023\/07\/Vedres-Istvan_jav-278x400.jpg 278w, https:\/\/semmelweis.hu\/baratikor\/files\/2023\/07\/Vedres-Istvan_jav.jpg 694w\" sizes=\"auto, (max-width: 278px) 100vw, 278px\" \/><\/a><\/strong><strong><a href=\"https:\/\/semmelweis.hu\/baratikor\/files\/2023\/07\/Vedres-Istvan2_jav.jpg\"><img loading=\"lazy\" decoding=\"async\" class=\"alignleft size-medium wp-image-5171\" src=\"https:\/\/semmelweis.hu\/baratikor\/files\/2023\/07\/Vedres-Istvan2_jav-319x400.jpg\" alt=\"\" width=\"319\" height=\"400\" srcset=\"https:\/\/semmelweis.hu\/baratikor\/files\/2023\/07\/Vedres-Istvan2_jav-319x400.jpg 319w, https:\/\/semmelweis.hu\/baratikor\/files\/2023\/07\/Vedres-Istvan2_jav-768x962.jpg 768w, https:\/\/semmelweis.hu\/baratikor\/files\/2023\/07\/Vedres-Istvan2_jav-753x944.jpg 753w, https:\/\/semmelweis.hu\/baratikor\/files\/2023\/07\/Vedres-Istvan2_jav.jpg 798w\" sizes=\"auto, (max-width: 319px) 100vw, 319px\" \/><\/a><\/strong><\/p>\n","protected":false},"excerpt":{"rendered":"<p><a href=\"https:\/\/semmelweis.hu\/baratikor\/files\/2023\/07\/Vedres-Istvan-80-as-evek_jav.jpg\"><\/a> (Debrecen, 1927. m\u00e1rcius 9. \u2013 Budapest, 2014. janu\u00e1r 12.) Tansz\u00e9k: K\u00f6zeg\u00e9szs\u00e9gtani\/ (1973-t\u00f3l) K\u00f6zeg\u00e9szs\u00e9gtani \u00e9s J\u00e1rv\u00e1nytani Int\u00e9zet 1963-1993. Munk\u00e1scsal\u00e1db\u00f3l sz\u00e1rmazott, \u00e9desapja a M\u00c1V-n\u00e1l dolgozott g\u00e9plakatosk\u00e9nt. 1945-ben kit\u00fcntet\u00e9ssel \u00e9retts\u00e9gizett a Debreceni Reform\u00e1tus Koll\u00e9gium Gimn\u00e1zium\u00e1ban, majd beiratkozott a debreceni Tisza Istv\u00e1n Tudom\u00e1nyegyetem Orvostudom\u00e1nyi Kar\u00e1ra, ahol 1951. j\u00falius 13-\u00e1n szerzett \u201esumma cum laude\u201d min\u0151s\u00edt\u00e9s\u0171 orvosdoktori oklevelet. 1947 okt\u00f3ber\u00e9t\u0151l 1951 &hellip;<\/p>\n","protected":false},"author":282,"featured_media":5462,"parent":347,"menu_order":0,"comment_status":"closed","ping_status":"closed","template":"template-fullwidth.php","meta":{"_acf_changed":false,"footnotes":""},"categories":[77,14],"tags":[],"class_list":["post-2279","page","type-page","status-publish","has-post-thumbnail","hentry","category-kegyeleti-adattar","category-teljes-nevlista"],"acf":[],"_links":{"self":[{"href":"https:\/\/semmelweis.hu\/baratikor\/wp-json\/wp\/v2\/pages\/2279","targetHints":{"allow":["GET"]}}],"collection":[{"href":"https:\/\/semmelweis.hu\/baratikor\/wp-json\/wp\/v2\/pages"}],"about":[{"href":"https:\/\/semmelweis.hu\/baratikor\/wp-json\/wp\/v2\/types\/page"}],"author":[{"embeddable":true,"href":"https:\/\/semmelweis.hu\/baratikor\/wp-json\/wp\/v2\/users\/282"}],"replies":[{"embeddable":true,"href":"https:\/\/semmelweis.hu\/baratikor\/wp-json\/wp\/v2\/comments?post=2279"}],"version-history":[{"count":2,"href":"https:\/\/semmelweis.hu\/baratikor\/wp-json\/wp\/v2\/pages\/2279\/revisions"}],"predecessor-version":[{"id":5172,"href":"https:\/\/semmelweis.hu\/baratikor\/wp-json\/wp\/v2\/pages\/2279\/revisions\/5172"}],"up":[{"embeddable":true,"href":"https:\/\/semmelweis.hu\/baratikor\/wp-json\/wp\/v2\/pages\/347"}],"wp:featuredmedia":[{"embeddable":true,"href":"https:\/\/semmelweis.hu\/baratikor\/wp-json\/wp\/v2\/media\/5462"}],"wp:attachment":[{"href":"https:\/\/semmelweis.hu\/baratikor\/wp-json\/wp\/v2\/media?parent=2279"}],"wp:term":[{"taxonomy":"category","embeddable":true,"href":"https:\/\/semmelweis.hu\/baratikor\/wp-json\/wp\/v2\/categories?post=2279"},{"taxonomy":"post_tag","embeddable":true,"href":"https:\/\/semmelweis.hu\/baratikor\/wp-json\/wp\/v2\/tags?post=2279"}],"curies":[{"name":"wp","href":"https:\/\/api.w.org\/{rel}","templated":true}]}}