{"id":2261,"date":"2023-01-04T14:58:28","date_gmt":"2023-01-04T13:58:28","guid":{"rendered":"https:\/\/semmelweis.hu\/baratikor\/?page_id=2261"},"modified":"2023-07-17T10:02:17","modified_gmt":"2023-07-17T08:02:17","slug":"toth-istvan","status":"publish","type":"page","link":"https:\/\/semmelweis.hu\/baratikor\/galeria\/teljes-nevlista\/toth-istvan\/","title":{"rendered":"T\u00f3th Istv\u00e1n"},"content":{"rendered":"<p style=\"text-align: justify\"><strong><a href=\"https:\/\/semmelweis.hu\/baratikor\/files\/2023\/07\/093_1_jav.jpg\"><img loading=\"lazy\" decoding=\"async\" class=\"alignleft size-full wp-image-5133\" src=\"https:\/\/semmelweis.hu\/baratikor\/files\/2023\/07\/093_1_jav.jpg\" alt=\"\" width=\"234\" height=\"304\" \/><\/a>(Szatm\u00e1rn\u00e9meti, 1865. december 12. \u2013 Budapest, 1935. november 25.)<\/strong><\/p>\n<p style=\"text-align: justify\"><strong>Tansz\u00e9k: <\/strong>II. sz. N\u0151i Klinika 1918 (1919)-1935.<\/p>\n<p style=\"text-align: justify\">Orvosi tanulm\u00e1nyait Budapesten v\u00e9gezte, oklevel\u00e9t 1888. december 22-\u00e9n kapta. 1889 \u00e9s 1909 k\u00f6z\u00f6tt Tauffer Vilmos tan\u00e1rseg\u00e9dje, majd adjunktusa volt a II. sz. N\u0151i Klinik\u00e1n. 1899-ben mag\u00e1ntan\u00e1ri k\u00e9pes\u00edt\u00e9st szerzett. 1908-ban c\u00edmzetes rendk\u00edv\u00fcli tan\u00e1r lett, majd 1910-ben kinevezt\u00e9k a Szent R\u00f3kus K\u00f3rh\u00e1z n\u0151beteg oszt\u00e1ly\u00e1nak vezet\u0151j\u00e9v\u00e9. 1918 nyar\u00e1n megb\u00edz\u00e1st kapott Tauffer meg\u00fcr\u00fclt klinik\u00e1j\u00e1nak vezet\u00e9s\u00e9re, de egyetemi tan\u00e1ri kinevez\u00e9s\u00e9t csak a forradalom kit\u00f6r\u00e9se ut\u00e1n kapta meg. \u00cdgy r\u00e1 is vonatkozott a Tan\u00e1csk\u00f6zt\u00e1rsas\u00e1g lever\u00e9se ut\u00e1ni egyetemi hat\u00e1rozat, miszerint semmisnek tekintett\u00e9k a forradalom alatt hozott int\u00e9zked\u00e9seket. Ez\u00e9rt 1919<strong>&#8211;<\/strong>ben \u00fajra kinevezt\u00e9k nyilv\u00e1nos rendes tan\u00e1rr\u00e1 a II. sz. N\u0151i Klinika \u00e9l\u00e9re. Iskolateremt\u0151 tan\u00e1regy\u00e9nis\u00e9g volt, a sz\u00fcl\u00e9szeti m\u0171t\u00e9ttan ter\u00e9n a cs\u00e1sz\u00e1rmetsz\u00e9s \u00e9s a h\u00fcvelyi m\u0171t\u00e9tek fejleszt\u00e9se jelentett\u00e9k munk\u00e1ss\u00e1ga k\u00f6z\u00e9ppontj\u00e1t. Eln\u00f6ke volt a Budapesti Orvossz\u00f6vets\u00e9gnek, 1902 \u00e9s 1914 k\u00f6z\u00f6tt a Gynaekol\u00f3gia szaklap szerkeszt\u0151je.<\/p>\n<p style=\"text-align: justify\"><strong>F\u0151bb munk\u00e1ja:<\/strong> A n\u0151gy\u00f3gy\u00e1szat k\u00e9zik\u00f6nyve (Tauffer Vilmossal). Bp. 1916.<\/p>\n<p style=\"text-align: justify\"><strong>Nyughelye: <\/strong>Fiumei \u00fati temet\u0151 48-1\/0\/1\/43.<\/p>\n<p><strong><a href=\"https:\/\/semmelweis.hu\/baratikor\/files\/2023\/07\/Toth-Istvan-1933.-318.-fond-II.73_jav..jpg\"><img loading=\"lazy\" decoding=\"async\" class=\"alignleft size-medium wp-image-5135\" src=\"https:\/\/semmelweis.hu\/baratikor\/files\/2023\/07\/Toth-Istvan-1933.-318.-fond-II.73_jav.-349x400.jpg\" alt=\"\" width=\"349\" height=\"400\" srcset=\"https:\/\/semmelweis.hu\/baratikor\/files\/2023\/07\/Toth-Istvan-1933.-318.-fond-II.73_jav.-349x400.jpg 349w, https:\/\/semmelweis.hu\/baratikor\/files\/2023\/07\/Toth-Istvan-1933.-318.-fond-II.73_jav.-768x881.jpg 768w, https:\/\/semmelweis.hu\/baratikor\/files\/2023\/07\/Toth-Istvan-1933.-318.-fond-II.73_jav.-753x863.jpg 753w, https:\/\/semmelweis.hu\/baratikor\/files\/2023\/07\/Toth-Istvan-1933.-318.-fond-II.73_jav..jpg 785w\" sizes=\"auto, (max-width: 349px) 100vw, 349px\" \/><\/a><img loading=\"lazy\" decoding=\"async\" class=\"alignleft size-medium wp-image-5134\" src=\"https:\/\/semmelweis.hu\/baratikor\/files\/2023\/07\/Toth-Istvan-318.-fond-X.64-1_jav.-296x400.jpg\" alt=\"\" width=\"296\" height=\"400\" srcset=\"https:\/\/semmelweis.hu\/baratikor\/files\/2023\/07\/Toth-Istvan-318.-fond-X.64-1_jav.-296x400.jpg 296w, https:\/\/semmelweis.hu\/baratikor\/files\/2023\/07\/Toth-Istvan-318.-fond-X.64-1_jav..jpg 739w\" sizes=\"auto, (max-width: 296px) 100vw, 296px\" \/><\/strong><strong><a href=\"https:\/\/semmelweis.hu\/baratikor\/files\/2023\/07\/Toth-Istvan-Fiumei-ut.jpg\"><img loading=\"lazy\" decoding=\"async\" class=\"alignleft size-medium wp-image-5136\" src=\"https:\/\/semmelweis.hu\/baratikor\/files\/2023\/07\/Toth-Istvan-Fiumei-ut-267x400.jpg\" alt=\"\" width=\"267\" height=\"400\" srcset=\"https:\/\/semmelweis.hu\/baratikor\/files\/2023\/07\/Toth-Istvan-Fiumei-ut-267x400.jpg 267w, https:\/\/semmelweis.hu\/baratikor\/files\/2023\/07\/Toth-Istvan-Fiumei-ut.jpg 533w\" sizes=\"auto, (max-width: 267px) 100vw, 267px\" \/><\/a><\/strong><\/p>\n","protected":false},"excerpt":{"rendered":"<p><a href=\"https:\/\/semmelweis.hu\/baratikor\/files\/2023\/07\/093_1_jav.jpg\"><\/a> (Szatm\u00e1rn\u00e9meti, 1865. december 12. \u2013 Budapest, 1935. november 25.) Tansz\u00e9k: II. sz. N\u0151i Klinika 1918 (1919)-1935. Orvosi tanulm\u00e1nyait Budapesten v\u00e9gezte, oklevel\u00e9t 1888. december 22-\u00e9n kapta. 1889 \u00e9s 1909 k\u00f6z\u00f6tt Tauffer Vilmos tan\u00e1rseg\u00e9dje, majd adjunktusa volt a II. sz. N\u0151i Klinik\u00e1n. 1899-ben mag\u00e1ntan\u00e1ri k\u00e9pes\u00edt\u00e9st szerzett. 1908-ban c\u00edmzetes rendk\u00edv\u00fcli tan\u00e1r lett, majd 1910-ben kinevezt\u00e9k a Szent R\u00f3kus &hellip;<\/p>\n","protected":false},"author":282,"featured_media":5139,"parent":347,"menu_order":0,"comment_status":"closed","ping_status":"closed","template":"template-fullwidth.php","meta":{"_acf_changed":false,"footnotes":""},"categories":[77,14],"tags":[],"class_list":["post-2261","page","type-page","status-publish","has-post-thumbnail","hentry","category-kegyeleti-adattar","category-teljes-nevlista"],"acf":[],"_links":{"self":[{"href":"https:\/\/semmelweis.hu\/baratikor\/wp-json\/wp\/v2\/pages\/2261","targetHints":{"allow":["GET"]}}],"collection":[{"href":"https:\/\/semmelweis.hu\/baratikor\/wp-json\/wp\/v2\/pages"}],"about":[{"href":"https:\/\/semmelweis.hu\/baratikor\/wp-json\/wp\/v2\/types\/page"}],"author":[{"embeddable":true,"href":"https:\/\/semmelweis.hu\/baratikor\/wp-json\/wp\/v2\/users\/282"}],"replies":[{"embeddable":true,"href":"https:\/\/semmelweis.hu\/baratikor\/wp-json\/wp\/v2\/comments?post=2261"}],"version-history":[{"count":4,"href":"https:\/\/semmelweis.hu\/baratikor\/wp-json\/wp\/v2\/pages\/2261\/revisions"}],"predecessor-version":[{"id":5138,"href":"https:\/\/semmelweis.hu\/baratikor\/wp-json\/wp\/v2\/pages\/2261\/revisions\/5138"}],"up":[{"embeddable":true,"href":"https:\/\/semmelweis.hu\/baratikor\/wp-json\/wp\/v2\/pages\/347"}],"wp:featuredmedia":[{"embeddable":true,"href":"https:\/\/semmelweis.hu\/baratikor\/wp-json\/wp\/v2\/media\/5139"}],"wp:attachment":[{"href":"https:\/\/semmelweis.hu\/baratikor\/wp-json\/wp\/v2\/media?parent=2261"}],"wp:term":[{"taxonomy":"category","embeddable":true,"href":"https:\/\/semmelweis.hu\/baratikor\/wp-json\/wp\/v2\/categories?post=2261"},{"taxonomy":"post_tag","embeddable":true,"href":"https:\/\/semmelweis.hu\/baratikor\/wp-json\/wp\/v2\/tags?post=2261"}],"curies":[{"name":"wp","href":"https:\/\/api.w.org\/{rel}","templated":true}]}}