{"id":2251,"date":"2023-01-04T14:50:31","date_gmt":"2023-01-04T13:50:31","guid":{"rendered":"https:\/\/semmelweis.hu\/baratikor\/?page_id=2251"},"modified":"2023-07-17T09:48:30","modified_gmt":"2023-07-17T07:48:30","slug":"szekessy-hermann-vilma","status":"publish","type":"page","link":"https:\/\/semmelweis.hu\/baratikor\/galeria\/teljes-nevlista\/szekessy-hermann-vilma\/","title":{"rendered":"Sz\u00e9kessy Hermann Vilma"},"content":{"rendered":"<p style=\"text-align: justify\"><strong><a href=\"https:\/\/semmelweis.hu\/baratikor\/files\/2023\/07\/Szekessy-Vilmosne-dr.-Hermann-Vilma_jav.jpg\"><img loading=\"lazy\" decoding=\"async\" class=\"alignleft size-medium wp-image-5096\" src=\"https:\/\/semmelweis.hu\/baratikor\/files\/2023\/07\/Szekessy-Vilmosne-dr.-Hermann-Vilma_jav-282x400.jpg\" alt=\"\" width=\"282\" height=\"400\" srcset=\"https:\/\/semmelweis.hu\/baratikor\/files\/2023\/07\/Szekessy-Vilmosne-dr.-Hermann-Vilma_jav-282x400.jpg 282w, https:\/\/semmelweis.hu\/baratikor\/files\/2023\/07\/Szekessy-Vilmosne-dr.-Hermann-Vilma_jav.jpg 706w\" sizes=\"auto, (max-width: 282px) 100vw, 282px\" \/><\/a>Sz\u00e9kessy Vilmosn\u00e9 Hermann Vilma Am\u00e1lia (<\/strong><strong>Budapest, 1910. m\u00e1jus 14.<\/strong><strong> \u2013 Budapest, 1992. augusztus 31.)<\/strong><\/p>\n<p style=\"text-align: justify\"><strong>Tansz\u00e9k:<\/strong> Biok\u00e9miai Int\u00e9zet 1954-1973.<\/p>\n<p style=\"text-align: justify\">\u00c9desapja szab\u00f3mesterk\u00e9nt dolgozott. K\u00f6z\u00e9piskolai tanulm\u00e1nyait a budapesti Sophianum le\u00e1nygimn\u00e1ziumban v\u00e9gezte, majd a kir. m. P\u00e1zm\u00e1ny P\u00e9ter Tudom\u00e1nyegyetem orvosi fakult\u00e1s\u00e1ra iratkozott. M\u00e1sod- \u00e9s harmad\u00e9ves kor\u00e1ban a Lenhoss\u00e9k Mih\u00e1ly vezette anat\u00f3miai int\u00e9zetben dolgozott, ahol k\u00fcl\u00f6n\u00f6sen az idegrendszer sz\u00f6vettan\u00e1val \u00e9s a vel\u0151sh\u00fcvely fejl\u0151d\u00e9s\u00e9nek vizsg\u00e1lat\u00e1val kapcsolatos m\u00f3dszereket saj\u00e1t\u00edtotta el. Negyed\u00e9vesk\u00e9nt a H\u00e1ri P\u00e1l vezette \u00c9let- \u00e9s K\u00f3rvegytani Int\u00e9zetben, a k\u00f6vetkez\u0151 tan\u00e9vben a k\u00f3rbonctani int\u00e9zetben dolgozott. Az abszolut\u00f3rium megszerz\u00e9se ut\u00e1n egy teljes \u00e9vet t\u00f6lt\u00f6tt a Tihanyi Biol\u00f3giai Int\u00e9zetben Verz\u00e1r Frigyes \u00e9s M\u00e9hes Gyula professzorok mellett. Ezut\u00e1n k\u00e9t \u00e9vet az egyetem B\u00f6lcs\u00e9szettudom\u00e1nyi Kar\u00e1n t\u00f6lt\u00f6tt matematika, k\u00e9mia \u00e9s k\u00eds\u00e9rleti fizika szakokon. K\u00f6zben ism\u00e9t az \u00c9let- \u00e9s K\u00f3rvegytani Int\u00e9zetben dolgozott. 1935-ben \u00c1DOB-\u00e1ll\u00e1son alkalmazt\u00e1k az int\u00e9zetben, majd k\u00e9t gyermeke sz\u00fclet\u00e9se ok\u00e1n (1936, 1938) hosszabb sz\u00fcnet k\u00f6vetkezett p\u00e1lyafut\u00e1s\u00e1ban, \u00edgy csak 1942. november 7-\u00e9n szerzett orvosdoktori diplom\u00e1t. Ezut\u00e1n is az int\u00e9zetben tal\u00e1lt alkalmaz\u00e1st, mint fizet\u00e9stelen tan\u00e1rseg\u00e9d, d\u00edjas gyakornok. F\u0151k\u00e9nt vitaminokkal \u00e9s hormonokkal kapcsolatos t\u00e9m\u00e1kkal foglalkozott, illetve vezette az \u00f6n\u00e1ll\u00f3 \u00e9letvegytani b\u00fav\u00e1rlatok c. koll\u00e9giumot. 1945 tavasz\u00e1n, az int\u00e9zetvezet\u0151 t\u00e1voll\u00e9t\u00e9ben \u0151 tartotta az \u00e9letvegytani el\u0151ad\u00e1sokat, majd Szent-Gy\u00f6rgyi Albert \u00e9rkez\u00e9se ut\u00e1n az izom biok\u00e9mi\u00e1j\u00e1val kezdett foglalkozni. 1947. m\u00e1jus 12-\u00e9n mag\u00e1ntan\u00e1ri k\u00e9pes\u00edt\u00e9st szerzett a biok\u00e9miai vizsg\u00e1l\u00f3 m\u00f3dszerek t\u00e1rgyk\u00f6rben. 1947\/48-ban \u00f6n\u00e1ll\u00f3an szervezte meg a biok\u00e9miai gyakorlatokat, melyet k\u00e9s\u0151bb is vezetett. 1951-ben nyert egyetemi docensi kinevez\u00e9st. 1952. okt\u00f3ber 18-\u00e1n kapott kandid\u00e1tusi min\u0151s\u00edt\u00e9st. K\u00f6zben a betegesked\u0151 Sz\u00f6r\u00e9nyi Imre professzort helyettes\u00edtette, majd 1954 \u00e1prilis\u00e1ban egyetemi tan\u00e1ri kinevez\u00e9ssel \u00e1tvette az int\u00e9zet vezet\u00e9s\u00e9t, melyet nyugd\u00edjba vonul\u00e1s\u00e1ig ell\u00e1tott.<\/p>\n<p style=\"text-align: justify\">1950-ben lett tagja az Orvos-Eg\u00e9szs\u00e9g\u00fcgyi Dolgoz\u00f3k Szakszervezet\u00e9nek. Tagja volt a Magyar \u00c9lettani T\u00e1rsas\u00e1gnak, de politikai p\u00e1rthoz nem csatlakozott.<\/p>\n<p style=\"text-align: justify\">1964-ben Kiv\u00e1l\u00f3 orvos, 1967-ben Az oktat\u00e1s\u00fcgy kiv\u00e1l\u00f3 dolgoz\u00f3ja elismer\u00e9sekkel t\u00fcntett\u00e9k ki.<\/p>\n<p style=\"text-align: justify\"><strong>F\u0151bb munk\u00e1i:<\/strong> Biok\u00e9miai el\u0151ad\u00e1sok 1. Egyetemi jegyzet. Bp., 1965.; Biok\u00e9miai gyakorlatok (\u00f6ssze\u00e1ll.). Bp., 1972.<\/p>\n<p style=\"text-align: justify\"><strong>Nyughelye: <\/strong>Farkasr\u00e9ti temet\u0151.<\/p>\n","protected":false},"excerpt":{"rendered":"<p><a href=\"https:\/\/semmelweis.hu\/baratikor\/files\/2023\/07\/Szekessy-Vilmosne-dr.-Hermann-Vilma_jav.jpg\"><\/a> Sz\u00e9kessy Vilmosn\u00e9 Hermann Vilma Am\u00e1lia (Budapest, 1910. m\u00e1jus 14. \u2013 Budapest, 1992. augusztus 31.) Tansz\u00e9k: Biok\u00e9miai Int\u00e9zet 1954-1973. \u00c9desapja szab\u00f3mesterk\u00e9nt dolgozott. K\u00f6z\u00e9piskolai tanulm\u00e1nyait a budapesti Sophianum le\u00e1nygimn\u00e1ziumban v\u00e9gezte, majd a kir. m. P\u00e1zm\u00e1ny P\u00e9ter Tudom\u00e1nyegyetem orvosi fakult\u00e1s\u00e1ra iratkozott. M\u00e1sod- \u00e9s harmad\u00e9ves kor\u00e1ban a Lenhoss\u00e9k Mih\u00e1ly vezette anat\u00f3miai int\u00e9zetben dolgozott, ahol k\u00fcl\u00f6n\u00f6sen az idegrendszer sz\u00f6vettan\u00e1val \u00e9s &hellip;<\/p>\n","protected":false},"author":282,"featured_media":5099,"parent":347,"menu_order":0,"comment_status":"closed","ping_status":"closed","template":"template-fullwidth.php","meta":{"_acf_changed":false,"footnotes":""},"categories":[77,14],"tags":[],"class_list":["post-2251","page","type-page","status-publish","has-post-thumbnail","hentry","category-kegyeleti-adattar","category-teljes-nevlista"],"acf":[],"_links":{"self":[{"href":"https:\/\/semmelweis.hu\/baratikor\/wp-json\/wp\/v2\/pages\/2251","targetHints":{"allow":["GET"]}}],"collection":[{"href":"https:\/\/semmelweis.hu\/baratikor\/wp-json\/wp\/v2\/pages"}],"about":[{"href":"https:\/\/semmelweis.hu\/baratikor\/wp-json\/wp\/v2\/types\/page"}],"author":[{"embeddable":true,"href":"https:\/\/semmelweis.hu\/baratikor\/wp-json\/wp\/v2\/users\/282"}],"replies":[{"embeddable":true,"href":"https:\/\/semmelweis.hu\/baratikor\/wp-json\/wp\/v2\/comments?post=2251"}],"version-history":[{"count":2,"href":"https:\/\/semmelweis.hu\/baratikor\/wp-json\/wp\/v2\/pages\/2251\/revisions"}],"predecessor-version":[{"id":5097,"href":"https:\/\/semmelweis.hu\/baratikor\/wp-json\/wp\/v2\/pages\/2251\/revisions\/5097"}],"up":[{"embeddable":true,"href":"https:\/\/semmelweis.hu\/baratikor\/wp-json\/wp\/v2\/pages\/347"}],"wp:featuredmedia":[{"embeddable":true,"href":"https:\/\/semmelweis.hu\/baratikor\/wp-json\/wp\/v2\/media\/5099"}],"wp:attachment":[{"href":"https:\/\/semmelweis.hu\/baratikor\/wp-json\/wp\/v2\/media?parent=2251"}],"wp:term":[{"taxonomy":"category","embeddable":true,"href":"https:\/\/semmelweis.hu\/baratikor\/wp-json\/wp\/v2\/categories?post=2251"},{"taxonomy":"post_tag","embeddable":true,"href":"https:\/\/semmelweis.hu\/baratikor\/wp-json\/wp\/v2\/tags?post=2251"}],"curies":[{"name":"wp","href":"https:\/\/api.w.org\/{rel}","templated":true}]}}