{"id":2249,"date":"2023-01-04T14:49:15","date_gmt":"2023-01-04T13:49:15","guid":{"rendered":"https:\/\/semmelweis.hu\/baratikor\/?page_id=2249"},"modified":"2023-01-09T11:34:31","modified_gmt":"2023-01-09T10:34:31","slug":"szekely-agoston","status":"publish","type":"page","link":"https:\/\/semmelweis.hu\/baratikor\/galeria\/teljes-nevlista\/szekely-agoston\/","title":{"rendered":"Sz\u00e9kely \u00c1goston"},"content":{"rendered":"<p style=\"text-align: justify\"><strong>Sz\u00e9kely \u00c1goston, \u00e1d\u00e1mosi (Pest<\/strong><strong>, 1864. j\u00fanius 5.<\/strong><strong> \u2013 Budapest, 1927. november 22.)<\/strong><\/p>\n<p style=\"text-align: justify\"><strong>Tansz\u00e9k:<\/strong> \u00c1ltal\u00e1nos k\u00f3r- \u00e9s gy\u00f3gytan (h.) 1905-1906, Pasteur Int\u00e9zet 1906-1927.<\/p>\n<p style=\"text-align: justify\">A fest\u0151m\u0171v\u00e9sz, Sz\u00e9kely Bertalan fia. K\u00f6z\u00e9piskol\u00e1t a budapesti piarist\u00e1kn\u00e1l v\u00e9gzett, majd az orvoskarra iratkozott be, ahol 1888. j\u00fanius 16-\u00e1n Ajtai Kov\u00e1ch S\u00e1ndor avatta orvosdoktorr\u00e1. Hosszabb tanulm\u00e1nyutat tett n\u00e9met egyetemeken, illetve Londonban, ahol a t\u00fcd\u0151betegek sz\u00e1m\u00e1ra l\u00e9tes\u00edtett int\u00e9zm\u00e9nyeket l\u00e1togatta. 1899-ben mag\u00e1ntan\u00e1ri k\u00e9pes\u00edt\u00e9st szerzett a fert\u0151z\u0151 betegs\u00e9gek k\u00eds\u00e9rletes k\u00f3r- \u00e9s gy\u00f3gytana t\u00e1rgyk\u00f6r\u00e9ben. 1900-t\u00f3l tan\u00e1rseg\u00e9d, majd adjunktus a H\u0151gyes Endre vezette \u00e1ltal\u00e1nos k\u00f3r- \u00e9s gy\u00f3gytani tansz\u00e9ken. Mestere betegs\u00e9ge miatt 1905-ben helyettesk\u00e9nt vette \u00e1t a tansz\u00e9k ir\u00e1ny\u00edt\u00e1s\u00e1t. H\u0151gyes hal\u00e1la (1906) ut\u00e1n a tansz\u00e9ket a kor ig\u00e9nyeinek megfelel\u0151en h\u00e1rom r\u00e9szre osztott\u00e1k. Az \u00e1ltal\u00e1nos k\u00f3rtant Tangl Ferenc, az \u00e9let- \u00e9s k\u00f3rvegytant Preisz Hug\u00f3, m\u00edg a Pasteur Int\u00e9zetet Sz\u00e9kely vezette tov\u00e1bb, eg\u00e9szen hal\u00e1l\u00e1ig. Emellett 1920-t\u00f3l az orvosi etik\u00e1t is el\u0151adta. Munk\u00e1ss\u00e1ga sor\u00e1n szervezte a veszetts\u00e9g elleni v\u00e9d\u0151olt\u00e1sokat, illetve sokat tett a tuberkul\u00f3zis magyarorsz\u00e1gi lek\u00fczd\u00e9s\u00e9\u00e9rt.<\/p>\n<p style=\"text-align: justify\">1889-t\u0151l volt munkat\u00e1rsa, 1905-t\u0151l 1926-ig pedig szerkeszt\u0151je az Orvosi Hetilapnak. A Magyar Orvosi K\u00f6nyvkiad\u00f3 T\u00e1rsulat f\u0151titk\u00e1ri tiszt\u00e9t is bet\u00f6lt\u00f6tte.<\/p>\n<p style=\"text-align: justify\"><strong>F\u0151bb munk\u00e1i:<\/strong> A t\u00fcd\u0151v\u00e9sz gy\u00f3gytana. Bp., 1894, n\u00e9met\u00fcl is; Vizsg\u00e1latok a v\u00e9r \u00fagynevezett bacterium \u00f6l\u0151 hat\u00e1s\u00e1t illet\u0151leg. Bp., 1896.; A t\u00fcd\u0151g\u00fcm\u0151k\u00f3r prognosisa. Bp., 1903.; A h\u00f6rg\u0151k, a t\u00fcd\u0151 \u00e9s a mellh\u00e1rtya betegs\u00e9geinek orvosl\u00e1sa. Bp., 1903.<\/p>\n<p style=\"text-align: justify\"><strong>Nyughelye:<\/strong> Fiumei \u00fati temet\u0151 FM\/JOBB\/1\/524.<\/p>\n","protected":false},"excerpt":{"rendered":"<p>Sz\u00e9kely \u00c1goston, \u00e1d\u00e1mosi (Pest, 1864. j\u00fanius 5. \u2013 Budapest, 1927. november 22.) Tansz\u00e9k: \u00c1ltal\u00e1nos k\u00f3r- \u00e9s gy\u00f3gytan (h.) 1905-1906, Pasteur Int\u00e9zet 1906-1927. A fest\u0151m\u0171v\u00e9sz, Sz\u00e9kely Bertalan fia. K\u00f6z\u00e9piskol\u00e1t a budapesti piarist\u00e1kn\u00e1l v\u00e9gzett, majd az orvoskarra iratkozott be, ahol 1888. j\u00fanius 16-\u00e1n Ajtai Kov\u00e1ch S\u00e1ndor avatta orvosdoktorr\u00e1. Hosszabb tanulm\u00e1nyutat tett n\u00e9met egyetemeken, illetve Londonban, ahol a &hellip;<\/p>\n","protected":false},"author":282,"featured_media":0,"parent":347,"menu_order":0,"comment_status":"closed","ping_status":"closed","template":"template-fullwidth.php","meta":{"_acf_changed":false,"footnotes":""},"categories":[77,14],"tags":[],"class_list":["post-2249","page","type-page","status-publish","hentry","category-kegyeleti-adattar","category-teljes-nevlista"],"acf":[],"_links":{"self":[{"href":"https:\/\/semmelweis.hu\/baratikor\/wp-json\/wp\/v2\/pages\/2249","targetHints":{"allow":["GET"]}}],"collection":[{"href":"https:\/\/semmelweis.hu\/baratikor\/wp-json\/wp\/v2\/pages"}],"about":[{"href":"https:\/\/semmelweis.hu\/baratikor\/wp-json\/wp\/v2\/types\/page"}],"author":[{"embeddable":true,"href":"https:\/\/semmelweis.hu\/baratikor\/wp-json\/wp\/v2\/users\/282"}],"replies":[{"embeddable":true,"href":"https:\/\/semmelweis.hu\/baratikor\/wp-json\/wp\/v2\/comments?post=2249"}],"version-history":[{"count":1,"href":"https:\/\/semmelweis.hu\/baratikor\/wp-json\/wp\/v2\/pages\/2249\/revisions"}],"predecessor-version":[{"id":2250,"href":"https:\/\/semmelweis.hu\/baratikor\/wp-json\/wp\/v2\/pages\/2249\/revisions\/2250"}],"up":[{"embeddable":true,"href":"https:\/\/semmelweis.hu\/baratikor\/wp-json\/wp\/v2\/pages\/347"}],"wp:attachment":[{"href":"https:\/\/semmelweis.hu\/baratikor\/wp-json\/wp\/v2\/media?parent=2249"}],"wp:term":[{"taxonomy":"category","embeddable":true,"href":"https:\/\/semmelweis.hu\/baratikor\/wp-json\/wp\/v2\/categories?post=2249"},{"taxonomy":"post_tag","embeddable":true,"href":"https:\/\/semmelweis.hu\/baratikor\/wp-json\/wp\/v2\/tags?post=2249"}],"curies":[{"name":"wp","href":"https:\/\/api.w.org\/{rel}","templated":true}]}}