{"id":2247,"date":"2023-01-04T14:46:35","date_gmt":"2023-01-04T13:46:35","guid":{"rendered":"https:\/\/semmelweis.hu\/baratikor\/?page_id=2247"},"modified":"2023-01-09T11:34:31","modified_gmt":"2023-01-09T10:34:31","slug":"szodoray-lajos","status":"publish","type":"page","link":"https:\/\/semmelweis.hu\/baratikor\/galeria\/teljes-nevlista\/szodoray-lajos\/","title":{"rendered":"Szodoray Lajos"},"content":{"rendered":"<p style=\"text-align: justify\"><strong>(<\/strong><strong>Budapest, 1904. m\u00e1rcius 26.<\/strong><strong> \u2013 Debrecen, 1980. november 24.)<\/strong><\/p>\n<p style=\"text-align: justify\"><strong>Tansz\u00e9k:<\/strong> B\u0151rgy\u00f3gy\u00e1szati Klinika 1945-1946 (mb.).<\/p>\n<p style=\"text-align: justify\">Polg\u00e1ri csal\u00e1db\u00f3l sz\u00e1rmazik, \u00e9desapja a Pesti Magyar Kereskedelmi Bank tisztvisel\u0151je volt. K\u00f6z\u00e9piskolai tanulm\u00e1nyait a II. ker\u00fcleti f\u0151gimn\u00e1ziumban v\u00e9gezte, \u00e9retts\u00e9git 1922-ben tett, majd a kir. m. P\u00e1zm\u00e1ny P\u00e9ter Tudom\u00e1nyegyetem Orvostudom\u00e1nyi Kar\u00e1ra iratkozott. Orvosi oklevel\u00e9t 1928. okt\u00f3ber 6-\u00e1n vette \u00e1t. Tanulm\u00e1nyai sor\u00e1n, 1925-ben a b\u00e9csi egyetemen is megfordult, illetve utols\u00f3 \u00e9ves orvosn\u00f6vend\u00e9kk\u00e9nt az I. sz. K\u00f3rbonctani Int\u00e9zet gyakornoka volt. 1929-ben a B\u0151r- \u00e9s Nemik\u00f3rtani Klinika gyakornoka, 1930-t\u00f3l laborvezet\u0151je, 1933-t\u00f3l tan\u00e1rseg\u00e9dje lett. 1931-ben b\u0151r- \u00e9s nemibetegs\u00e9gek szakorvosa vizsg\u00e1t tett. 1938. december 17-\u00e9n mag\u00e1ntan\u00e1ri min\u0151s\u00edt\u00e9st szerzett a b\u0151rk\u00f3rtani laborat\u00f3riumi vizsg\u00e1lati m\u00f3dszerek t\u00e1rgyk\u00f6r\u00e9ben. 1943-t\u00f3l adjunktusi beoszt\u00e1sban a szerol\u00f3giai labor vezet\u0151jek\u00e9nt dolgozott. Miut\u00e1n a klinika professzora, Neuber Ede 1944 v\u00e9g\u00e9n a k\u00f6zeled\u0151 front el\u0151l N\u00e9metorsz\u00e1gba t\u00e1vozott, 1945-1946 folyam\u00e1n Szodoray kapott megb\u00edz\u00e1st a klinika vezet\u00e9s\u00e9re, amit F\u00f6ldv\u00e1ri professzor \u00e9rkez\u00e9s\u00e9ig l\u00e1tott el. 1949. december 15-\u00e9n nyilv\u00e1nos rendes tan\u00e1ri min\u0151s\u00e9gben \u00e1tvette a Debreceni Tudom\u00e1nyegyetem B\u0151r- \u00e9s Nemik\u00f3rtani Klinik\u00e1ja igazgat\u00e1s\u00e1t. Az 1952\/53. tan\u00e9vben a m\u00e1r \u00f6n\u00e1ll\u00f3sult orvosegyetem \u00c1ltal\u00e1nos Orvostudom\u00e1nyi Kar\u00e1nak d\u00e9k\u00e1nja, 1954\/55-ben tudom\u00e1nyos d\u00e9k\u00e1nhelyettese volt.<\/p>\n<p style=\"text-align: justify\">A b\u0151r norm\u00e1l \u00e9s patologikus \u00f6sszet\u00e9tel\u00e9t, sz\u00f6vettan\u00e1t kutatta, t\u00f6bb k\u00f3rk\u00e9pet els\u0151k\u00e9nt \u00edrt le. Debreceni klinikaigazgat\u00f3i m\u0171k\u00f6d\u00e9se idej\u00e9n sz\u00e1mos laborat\u00f3riumot (szerol\u00f3giai, f\u00e9ny, bakteriol\u00f3giai, tbc, klinikai k\u00e9miai, allegol\u00f3giai \u00e9s androl\u00f3giai) szervezett, ill. \u00faj\u00edtott fel (k\u00f3rsz\u00f6vettani), gyermek- \u00e9s venere\u00e1s oszt\u00e1lyokat l\u00e9tes\u00edtett. Itteni m\u0171k\u00f6d\u00e9se idej\u00e9n els\u0151sorban a pikkelys\u00f6m\u00f6rrel \u00e9s a b\u0151r reticuloendotheli\u00e1lis funkci\u00f3ival foglalkozott. Rajka \u00d6d\u00f6nnel 1951-ben \u00edrt egyetemi tank\u00f6nyve n\u00e9gy kiad\u00e1st \u00e9rt meg. Orvost\u00f6rt\u00e9nelemmel is foglalkozott, tagja \u00e9s t\u00e1rseln\u00f6ke volt az MTA Orvost\u00f6rt\u00e9neti Bizotts\u00e1g\u00e1nak. 1966-1972 k\u00f6z\u00f6tt eln\u00f6k\u00f6lte a Magyar Orvost\u00f6rt\u00e9nelmi T\u00e1rsulatot. 1948-t\u00f3l 1951-ig ell\u00e1tta a B\u0151gy\u00f3gy\u00e1sz Szakcsoport f\u0151titk\u00e1ri feladatait. 1948-t\u00f3l szerkesztette a Magyar B\u0151rgy\u00f3gy\u00e1szati \u00e9s Venerol\u00f3giai Szeml\u00e9t. 1951-ben a Soci\u00e9t\u00e9 Fran\u00e7aise de Dermatologie et de Syphiligraphie levelez\u0151 tagj\u00e1v\u00e1 v\u00e1lasztotta. 1954-1969 k\u00f6z\u00f6tt az ETT tagja is volt.<\/p>\n<p style=\"text-align: justify\">1953-ban Munka \u00c9rdemrenddel, 1959-ben Weszpr\u00e9mi-eml\u00e9k\u00e9remmel, 1976-ban Kaposi M\u00f3r-eml\u00e9k\u00e9remmel t\u00fcntett\u00e9k ki.<\/p>\n<p style=\"text-align: justify\"><strong>F\u0151bb munk\u00e1i:<\/strong> B\u0151r- \u00e9s nemibetegs\u00e9gek (Rajka \u00d6d\u00f6nnel). Bp., 1951.; A psoriasis pathomechanizmus\u00e1nak idegi t\u00e9nyez\u0151i. Doktori \u00e9rtekez\u00e9s. Debrecen, 1954.; Orvosi mykologia (szerk.). Bp., 1957.; Collagen betegs\u00e9gek (Petr\u00e1nyi Gyul\u00e1val). Bp., 1963.; Gyakorlati b\u0151r- \u00e9s nemigy\u00f3gy\u00e1szat. Bp., 1971.; Iconographia selecta dermatohistologica\/Ein dermatohistologischer Atlas (Vezek\u00e9nyi Kl\u00e1r\u00e1val). Bp., 1975.<\/p>\n<p style=\"text-align: justify\"><strong>Nyughelye:<\/strong> Debreceni k\u00f6ztemet\u0151.<\/p>\n","protected":false},"excerpt":{"rendered":"<p>(Budapest, 1904. m\u00e1rcius 26. \u2013 Debrecen, 1980. november 24.) Tansz\u00e9k: B\u0151rgy\u00f3gy\u00e1szati Klinika 1945-1946 (mb.). Polg\u00e1ri csal\u00e1db\u00f3l sz\u00e1rmazik, \u00e9desapja a Pesti Magyar Kereskedelmi Bank tisztvisel\u0151je volt. K\u00f6z\u00e9piskolai tanulm\u00e1nyait a II. ker\u00fcleti f\u0151gimn\u00e1ziumban v\u00e9gezte, \u00e9retts\u00e9git 1922-ben tett, majd a kir. m. P\u00e1zm\u00e1ny P\u00e9ter Tudom\u00e1nyegyetem Orvostudom\u00e1nyi Kar\u00e1ra iratkozott. Orvosi oklevel\u00e9t 1928. okt\u00f3ber 6-\u00e1n vette \u00e1t. Tanulm\u00e1nyai sor\u00e1n, 1925-ben &hellip;<\/p>\n","protected":false},"author":282,"featured_media":0,"parent":347,"menu_order":0,"comment_status":"closed","ping_status":"closed","template":"template-fullwidth.php","meta":{"_acf_changed":false,"footnotes":""},"categories":[77,14],"tags":[],"class_list":["post-2247","page","type-page","status-publish","hentry","category-kegyeleti-adattar","category-teljes-nevlista"],"acf":[],"_links":{"self":[{"href":"https:\/\/semmelweis.hu\/baratikor\/wp-json\/wp\/v2\/pages\/2247","targetHints":{"allow":["GET"]}}],"collection":[{"href":"https:\/\/semmelweis.hu\/baratikor\/wp-json\/wp\/v2\/pages"}],"about":[{"href":"https:\/\/semmelweis.hu\/baratikor\/wp-json\/wp\/v2\/types\/page"}],"author":[{"embeddable":true,"href":"https:\/\/semmelweis.hu\/baratikor\/wp-json\/wp\/v2\/users\/282"}],"replies":[{"embeddable":true,"href":"https:\/\/semmelweis.hu\/baratikor\/wp-json\/wp\/v2\/comments?post=2247"}],"version-history":[{"count":1,"href":"https:\/\/semmelweis.hu\/baratikor\/wp-json\/wp\/v2\/pages\/2247\/revisions"}],"predecessor-version":[{"id":2248,"href":"https:\/\/semmelweis.hu\/baratikor\/wp-json\/wp\/v2\/pages\/2247\/revisions\/2248"}],"up":[{"embeddable":true,"href":"https:\/\/semmelweis.hu\/baratikor\/wp-json\/wp\/v2\/pages\/347"}],"wp:attachment":[{"href":"https:\/\/semmelweis.hu\/baratikor\/wp-json\/wp\/v2\/media?parent=2247"}],"wp:term":[{"taxonomy":"category","embeddable":true,"href":"https:\/\/semmelweis.hu\/baratikor\/wp-json\/wp\/v2\/categories?post=2247"},{"taxonomy":"post_tag","embeddable":true,"href":"https:\/\/semmelweis.hu\/baratikor\/wp-json\/wp\/v2\/tags?post=2247"}],"curies":[{"name":"wp","href":"https:\/\/api.w.org\/{rel}","templated":true}]}}