{"id":2230,"date":"2023-01-04T14:33:09","date_gmt":"2023-01-04T13:33:09","guid":{"rendered":"https:\/\/semmelweis.hu\/baratikor\/?page_id=2230"},"modified":"2023-10-12T16:35:19","modified_gmt":"2023-10-12T14:35:19","slug":"stulfa-peter","status":"publish","type":"page","link":"https:\/\/semmelweis.hu\/baratikor\/galeria\/teljes-nevlista\/stulfa-peter\/","title":{"rendered":"Stulfa P\u00e9ter"},"content":{"rendered":"<p style=\"text-align: justify\"><strong><a href=\"https:\/\/semmelweis.hu\/baratikor\/files\/2023\/07\/Szeky-Stulfa-Peter-HU-SEKL-318.-X.9.1._jav.jpg\"><img loading=\"lazy\" decoding=\"async\" class=\"alignleft size-medium wp-image-5089\" src=\"https:\/\/semmelweis.hu\/baratikor\/files\/2023\/07\/Szeky-Stulfa-Peter-HU-SEKL-318.-X.9.1._jav-311x400.jpg\" alt=\"\" width=\"311\" height=\"400\" srcset=\"https:\/\/semmelweis.hu\/baratikor\/files\/2023\/07\/Szeky-Stulfa-Peter-HU-SEKL-318.-X.9.1._jav-311x400.jpg 311w, https:\/\/semmelweis.hu\/baratikor\/files\/2023\/07\/Szeky-Stulfa-Peter-HU-SEKL-318.-X.9.1._jav-768x987.jpg 768w, https:\/\/semmelweis.hu\/baratikor\/files\/2023\/07\/Szeky-Stulfa-Peter-HU-SEKL-318.-X.9.1._jav-753x968.jpg 753w, https:\/\/semmelweis.hu\/baratikor\/files\/2023\/07\/Szeky-Stulfa-Peter-HU-SEKL-318.-X.9.1._jav.jpg 778w\" sizes=\"auto, (max-width: 311px) 100vw, 311px\" \/><\/a> Stulfa\/Sz\u00e9ky P\u00e9ter (<\/strong><strong>Nagyszombat<sup><a href=\"#_ftn1\" name=\"_ftnref1\">[1]<\/a><\/sup>, 1769. m\u00e1jus 26.<\/strong><strong> \u2013 Pest, 1831 ut\u00e1n)<\/strong><\/p>\n<p style=\"text-align: justify\"><strong>Tansz\u00e9k:<\/strong> elm\u00e9leti orvostan (h.) 1803, k\u00fcl\u00f6n\u00f6s k\u00f3r- \u00e9s gy\u00f3gytan 1809-1821.<\/p>\n<p style=\"text-align: justify\">K\u00f6z\u00e9pfok\u00fa tanulm\u00e1nyait sz\u00fcl\u0151v\u00e1ros\u00e1ban v\u00e9gezte 1786-1789 k\u00f6z\u00f6tt, majd Pesten fejezte be 1790-ben. B\u00f6lcs\u00e9szeti tanulm\u00e1nyait szint\u00e9n Pesten v\u00e9gezte 1790 \u00e9s 1793 k\u00f6z\u00f6tt, mik\u00f6zben \u00dcrm\u00e9nyi J\u00f3zsef orsz\u00e1gb\u00edr\u00f3, az egyetem k\u00e9s\u0151bbi eln\u00f6ke, az 1777. \u00e9vi Ratio Educationis kidolgoz\u00f3ja fiai mellett szolg\u00e1lt nevel\u0151k\u00e9nt. Ezut\u00e1n az orvosi karon tanult tov\u00e1bb, majd 1800. janu\u00e1r 4-\u00e9n szerzett orvosdoktori oklevelet. 1799. november 26-\u00e1n a k\u00fcl\u00f6n\u00f6s k\u00f3r- \u00e9s gy\u00f3gytani tansz\u00e9k tan\u00e1rseg\u00e9dje lett. 1800 v\u00e9g\u00e9n orvosk\u00e9nt csatlakozott az 1800-1801. \u00e9vi nemesi felkel\u0151 sereghez, de n\u00e9gy h\u00f3nap m\u00falva visszat\u00e9rt egyetemi \u00e1ll\u00e1s\u00e1hoz, ahol m\u00e9g 1803-ig m\u0171k\u00f6d\u00f6tt. Ekkort\u00f3l seb\u00e9szmesteri tanfolyamon helyettesk\u00e9nt oktatta az elm\u00e9leti orvostant. 1803. j\u00falius 29-\u00e9n az \u00e1llatorvostani tansz\u00e9ken Tolnay S\u00e1ndor adjunktus\u00e1v\u00e1 nevezt\u00e9k ki. 1809-ben lett a k\u00fcl\u00f6n\u00f6s k\u00f3r- \u00e9s gy\u00f3gytan (azonos a mai belgy\u00f3gy\u00e1szattal) tan\u00e1ra. Munk\u00e1ss\u00e1g\u00e1\u00e9rt 1817-ben magyar nemess\u00e9ggel jutalmazt\u00e1k, csal\u00e1dnev\u00e9t ekkor v\u00e1ltoztatta Sz\u00e9kyre. 1821-ben agyv\u00e9rz\u00e9s \u00e9rte, ez\u00e9rt augusztus 28-\u00e1n nyugd\u00edjazt\u00e1k. Az 1831. \u00e9vi nagy koleraj\u00e1rv\u00e1ny idej\u00e9n m\u00e9g tan\u00e1csad\u00f3k\u00e9nt felbukkan a neve, de tov\u00e1bbi sors\u00e1r\u00f3l nem tal\u00e1lni adatot. Szakirodalmi tev\u00e9kenys\u00e9get nem fejtett ki.<\/p>\n<p style=\"text-align: justify\"><strong>F\u0151bb munk\u00e1i:<\/strong> nem ismertek.<\/p>\n<p style=\"text-align: justify\"><strong>Nyughelye:<\/strong> nincs adat.<\/p>\n<p style=\"text-align: justify\"><a href=\"#_ftnref1\" name=\"_ftn1\"><sup>[1]<\/sup><\/a> A szakirodalomban egyes \u00e9letrajzai Nyitr\u00e1t jel\u00f6lik meg sz\u00fclet\u00e9se helyek\u00e9nt, Szinyei J\u00f3zsef \u00e9s az egyetemi hallgat\u00f3i nyilv\u00e1ntart\u00e1sok azonban Nagyszombatot.<\/p>\n<p><strong><a href=\"https:\/\/semmelweis.hu\/baratikor\/files\/2023\/07\/Szeky-Stulfa-Peter-HU-SEKL-318.X.9.2_jav.jpg\"><img loading=\"lazy\" decoding=\"async\" class=\"alignleft size-medium wp-image-5090\" src=\"https:\/\/semmelweis.hu\/baratikor\/files\/2023\/07\/Szeky-Stulfa-Peter-HU-SEKL-318.X.9.2_jav-260x400.jpg\" alt=\"\" width=\"260\" height=\"400\" srcset=\"https:\/\/semmelweis.hu\/baratikor\/files\/2023\/07\/Szeky-Stulfa-Peter-HU-SEKL-318.X.9.2_jav-260x400.jpg 260w, https:\/\/semmelweis.hu\/baratikor\/files\/2023\/07\/Szeky-Stulfa-Peter-HU-SEKL-318.X.9.2_jav.jpg 649w\" sizes=\"auto, (max-width: 260px) 100vw, 260px\" \/><\/a><\/strong><\/p>\n","protected":false},"excerpt":{"rendered":"<p><a href=\"https:\/\/semmelweis.hu\/baratikor\/files\/2023\/07\/Szeky-Stulfa-Peter-HU-SEKL-318.-X.9.1._jav.jpg\"><\/a> Stulfa\/Sz\u00e9ky P\u00e9ter (Nagyszombat <a href=\"#_ftn1\" name=\"_ftnref1\">[1]<\/a> , 1769. m\u00e1jus 26. \u2013 Pest, 1831 ut\u00e1n) Tansz\u00e9k: elm\u00e9leti orvostan (h.) 1803, k\u00fcl\u00f6n\u00f6s k\u00f3r- \u00e9s gy\u00f3gytan 1809-1821. K\u00f6z\u00e9pfok\u00fa tanulm\u00e1nyait sz\u00fcl\u0151v\u00e1ros\u00e1ban v\u00e9gezte 1786-1789 k\u00f6z\u00f6tt, majd Pesten fejezte be 1790-ben. B\u00f6lcs\u00e9szeti tanulm\u00e1nyait szint\u00e9n Pesten v\u00e9gezte 1790 \u00e9s 1793 k\u00f6z\u00f6tt, mik\u00f6zben \u00dcrm\u00e9nyi J\u00f3zsef orsz\u00e1gb\u00edr\u00f3, az egyetem k\u00e9s\u0151bbi eln\u00f6ke, az 1777. \u00e9vi Ratio Educationis kidolgoz\u00f3ja &hellip;<\/p>\n","protected":false},"author":282,"featured_media":5451,"parent":347,"menu_order":0,"comment_status":"closed","ping_status":"closed","template":"template-fullwidth.php","meta":{"_acf_changed":false,"footnotes":""},"categories":[77,14],"tags":[],"class_list":["post-2230","page","type-page","status-publish","has-post-thumbnail","hentry","category-kegyeleti-adattar","category-teljes-nevlista"],"acf":[],"_links":{"self":[{"href":"https:\/\/semmelweis.hu\/baratikor\/wp-json\/wp\/v2\/pages\/2230","targetHints":{"allow":["GET"]}}],"collection":[{"href":"https:\/\/semmelweis.hu\/baratikor\/wp-json\/wp\/v2\/pages"}],"about":[{"href":"https:\/\/semmelweis.hu\/baratikor\/wp-json\/wp\/v2\/types\/page"}],"author":[{"embeddable":true,"href":"https:\/\/semmelweis.hu\/baratikor\/wp-json\/wp\/v2\/users\/282"}],"replies":[{"embeddable":true,"href":"https:\/\/semmelweis.hu\/baratikor\/wp-json\/wp\/v2\/comments?post=2230"}],"version-history":[{"count":2,"href":"https:\/\/semmelweis.hu\/baratikor\/wp-json\/wp\/v2\/pages\/2230\/revisions"}],"predecessor-version":[{"id":5091,"href":"https:\/\/semmelweis.hu\/baratikor\/wp-json\/wp\/v2\/pages\/2230\/revisions\/5091"}],"up":[{"embeddable":true,"href":"https:\/\/semmelweis.hu\/baratikor\/wp-json\/wp\/v2\/pages\/347"}],"wp:featuredmedia":[{"embeddable":true,"href":"https:\/\/semmelweis.hu\/baratikor\/wp-json\/wp\/v2\/media\/5451"}],"wp:attachment":[{"href":"https:\/\/semmelweis.hu\/baratikor\/wp-json\/wp\/v2\/media?parent=2230"}],"wp:term":[{"taxonomy":"category","embeddable":true,"href":"https:\/\/semmelweis.hu\/baratikor\/wp-json\/wp\/v2\/categories?post=2230"},{"taxonomy":"post_tag","embeddable":true,"href":"https:\/\/semmelweis.hu\/baratikor\/wp-json\/wp\/v2\/tags?post=2230"}],"curies":[{"name":"wp","href":"https:\/\/api.w.org\/{rel}","templated":true}]}}