{"id":2209,"date":"2023-01-04T14:18:32","date_gmt":"2023-01-04T13:18:32","guid":{"rendered":"https:\/\/semmelweis.hu\/baratikor\/?page_id=2209"},"modified":"2023-01-09T11:34:29","modified_gmt":"2023-01-09T10:34:29","slug":"seidl-emanuel","status":"publish","type":"page","link":"https:\/\/semmelweis.hu\/baratikor\/galeria\/teljes-nevlista\/seidl-emanuel\/","title":{"rendered":"Seidl Em\u00e1nuel"},"content":{"rendered":"<p><strong>(?<\/strong><strong>, 1815. <\/strong><strong>\u2013 Pr\u00e1ga, 1872. j\u00falius 28.)<\/strong><\/p>\n<p><strong>Tansz\u00e9k: <\/strong>\u00c1ltal\u00e1nos K\u00f3r- \u00e9s Gy\u00f3gytani Int\u00e9zet 1855-1860.<\/p>\n<p>Sz\u00fcl\u0151hely\u00e9r\u0151l nincs adatunk, de val\u00f3sz\u00edn\u0171leg nem a Magyar Kir\u00e1lys\u00e1g ter\u00fclet\u00e9r\u0151l sz\u00e1rmazott.* Orvosi tanulm\u00e1nyait B\u00e9csben v\u00e9gezte, ahol 1841-ben avatt\u00e1k orvosdoktorr\u00e1. Ezut\u00e1n a p\u00e9csi sz\u00fclet\u00e9s\u0171 Anton von Rosas b\u00e9csi szemklinik\u00e1j\u00e1ra ker\u00fclt tan\u00e1rseg\u00e9dk\u00e9nt. K\u00e9s\u0151bb mag\u00e1ntan\u00e1ri k\u00e9pes\u00edt\u00e9st szerzett, \u00e9s ell\u00e1tta a v\u00e1rosi szeg\u00e9nyek szemorvosi feladatait. 1852-ben az innsbrucki orvos-seb\u00e9szi tanint\u00e9zetbe h\u00edvt\u00e1k az el\u0151k\u00e9sz\u00edt\u0151 tudom\u00e1nyok tan\u00e1rak\u00e9nt. Innen \u00e9rkezett a pesti egyetemre, az \u00e1ltal\u00e1nos k\u00f3r- \u00e9s gy\u00f3gytan tan\u00e1rak\u00e9nt. 1860-ban a magyar v\u00e1lt az egyetem tannyelv\u00e9v\u00e9, ez\u00e9rt Seidl, mivel nem besz\u00e9lt magyarul, elfogadta a pr\u00e1gai egyetem megh\u00edv\u00e1s\u00e1t, ahol a gy\u00f3gyszertan oktat\u00e1s\u00e1val b\u00edzt\u00e1k meg. Agyh\u00e1rtyagyullad\u00e1s miatt bek\u00f6vetkezett hal\u00e1l\u00e1ig Pr\u00e1g\u00e1ban \u00e9lt.<\/p>\n<p>K\u00f6zlem\u00e9nyeit az Oesterrechische medizinische Jahrbuchban, a Zeitschrift der k. k. Gesellschaft der Aerzte zu Wien-ben \u00e9s a Wiener medizinische Wochenschriftben adta k\u00f6zre.<\/p>\n<p><strong>F\u0151bb munk\u00e1i:<\/strong> Die granul\u00f6se Ophtalmie oder die sogen. \u00e4gyptische Augenentz\u00fcndung. Wien, 1850.<\/p>\n<p><strong>Nyughelye:<\/strong> nincs adat (feltehet\u0151en Pr\u00e1ga).<\/p>\n<p>* A Magyar Kir\u00e1lys\u00e1g ter\u00fclet\u00e9n sz\u00fcletett b\u00e9csi hallgat\u00f3kat feldolgozta Sz\u00f6gi L\u00e1szl\u00f3: Magyarorsz\u00e1gi di\u00e1kok a b\u00e9csi egyetemeken \u00e9s akad\u00e9mi\u00e1kon 1789-1848. Bp., 2013. c. munk\u00e1ja, amelyben Seidl nem tal\u00e1lhat\u00f3 meg.<\/p>\n","protected":false},"excerpt":{"rendered":"<p>(?, 1815. \u2013 Pr\u00e1ga, 1872. j\u00falius 28.) Tansz\u00e9k: \u00c1ltal\u00e1nos K\u00f3r- \u00e9s Gy\u00f3gytani Int\u00e9zet 1855-1860. Sz\u00fcl\u0151hely\u00e9r\u0151l nincs adatunk, de val\u00f3sz\u00edn\u0171leg nem a Magyar Kir\u00e1lys\u00e1g ter\u00fclet\u00e9r\u0151l sz\u00e1rmazott.* Orvosi tanulm\u00e1nyait B\u00e9csben v\u00e9gezte, ahol 1841-ben avatt\u00e1k orvosdoktorr\u00e1. Ezut\u00e1n a p\u00e9csi sz\u00fclet\u00e9s\u0171 Anton von Rosas b\u00e9csi szemklinik\u00e1j\u00e1ra ker\u00fclt tan\u00e1rseg\u00e9dk\u00e9nt. K\u00e9s\u0151bb mag\u00e1ntan\u00e1ri k\u00e9pes\u00edt\u00e9st szerzett, \u00e9s ell\u00e1tta a v\u00e1rosi szeg\u00e9nyek szemorvosi feladatait. &hellip;<\/p>\n","protected":false},"author":282,"featured_media":0,"parent":347,"menu_order":0,"comment_status":"closed","ping_status":"closed","template":"template-fullwidth.php","meta":{"_acf_changed":false,"footnotes":""},"categories":[77,14],"tags":[],"class_list":["post-2209","page","type-page","status-publish","hentry","category-kegyeleti-adattar","category-teljes-nevlista"],"acf":[],"_links":{"self":[{"href":"https:\/\/semmelweis.hu\/baratikor\/wp-json\/wp\/v2\/pages\/2209","targetHints":{"allow":["GET"]}}],"collection":[{"href":"https:\/\/semmelweis.hu\/baratikor\/wp-json\/wp\/v2\/pages"}],"about":[{"href":"https:\/\/semmelweis.hu\/baratikor\/wp-json\/wp\/v2\/types\/page"}],"author":[{"embeddable":true,"href":"https:\/\/semmelweis.hu\/baratikor\/wp-json\/wp\/v2\/users\/282"}],"replies":[{"embeddable":true,"href":"https:\/\/semmelweis.hu\/baratikor\/wp-json\/wp\/v2\/comments?post=2209"}],"version-history":[{"count":1,"href":"https:\/\/semmelweis.hu\/baratikor\/wp-json\/wp\/v2\/pages\/2209\/revisions"}],"predecessor-version":[{"id":2210,"href":"https:\/\/semmelweis.hu\/baratikor\/wp-json\/wp\/v2\/pages\/2209\/revisions\/2210"}],"up":[{"embeddable":true,"href":"https:\/\/semmelweis.hu\/baratikor\/wp-json\/wp\/v2\/pages\/347"}],"wp:attachment":[{"href":"https:\/\/semmelweis.hu\/baratikor\/wp-json\/wp\/v2\/media?parent=2209"}],"wp:term":[{"taxonomy":"category","embeddable":true,"href":"https:\/\/semmelweis.hu\/baratikor\/wp-json\/wp\/v2\/categories?post=2209"},{"taxonomy":"post_tag","embeddable":true,"href":"https:\/\/semmelweis.hu\/baratikor\/wp-json\/wp\/v2\/tags?post=2209"}],"curies":[{"name":"wp","href":"https:\/\/api.w.org\/{rel}","templated":true}]}}