{"id":2194,"date":"2023-01-04T14:05:55","date_gmt":"2023-01-04T13:05:55","guid":{"rendered":"https:\/\/semmelweis.hu\/baratikor\/?page_id=2194"},"modified":"2023-07-17T08:53:02","modified_gmt":"2023-07-17T06:53:02","slug":"sangaletti-eduard","status":"publish","type":"page","link":"https:\/\/semmelweis.hu\/baratikor\/galeria\/teljes-nevlista\/sangaletti-eduard\/","title":{"rendered":"Sangaletti Eduard"},"content":{"rendered":"<p style=\"text-align: justify\"><strong> (<\/strong><strong>B\u00e9cs, 1806.<\/strong><strong> december 12.\u2013 B\u00e9cs, 1884. febru\u00e1r 3.)<\/strong><\/p>\n<p style=\"text-align: justify\"><strong>Tansz\u00e9k:<\/strong> Vegytani tansz\u00e9k 1841-1854, \u00c1sv\u00e1nytani tansz\u00e9k 1850-1852 (h.).<\/p>\n<p style=\"text-align: justify\">Sz\u00fclet\u00e9si helye csak val\u00f3sz\u00edn\u0171s\u00edthet\u0151. A b\u00f6lcs\u00e9szeti tanfolyamot Pesten v\u00e9gezte, de k\u00e9s\u0151bb B\u00e9csben lett gyakorl\u00f3 orvos. Pesti tan\u00e1rs\u00e1ga el\u0151tt a pr\u00e1gai k\u00e9mia tansz\u00e9kre is ny\u00fajtott be p\u00e1ly\u00e1zatot, amely eredm\u00e9nytelen maradt. A pesti egyetem k\u00e9mia tansz\u00e9k\u00e9t azonban elnyerte, amit a magyar kancell\u00e1ria 1841. janu\u00e1r 14-\u00e9n k\u00f6z\u00f6lt az egyetemmel, de egy tanulm\u00e1ny\u00fat miatt csak az 1841\/42. tan\u00e9v v\u00e9g\u00e9ig fizet\u00e9stelen szabads\u00e1got kapott, mialatt Sadler J\u00f3zsef helyettes\u00edtette. Az 1848\/49. tan\u00e9vben a t\u00e1rgyat Nendtvich K\u00e1roly oktatta, mivel Sangaletti nem besz\u00e9lt magyarul. A szabads\u00e1gharc lever\u00e9se ut\u00e1n visszakapta tansz\u00e9k\u00e9t, amely 1850-t\u0151l m\u00e1r nem az orvosi, hanem a b\u00f6lcs\u00e9szeti karhoz tartozott. K\u00e9t tan\u00e9vben (1850\/51, 1851\/52) helyettesk\u00e9nt az \u00e1sv\u00e1nytant is oktatta. 1854-ben nyugd\u00edjazt\u00e1k, ezut\u00e1n B\u00e9csbe k\u00f6lt\u00f6z\u00f6tt, ahol h\u00e1tral\u00e9v\u0151 \u00e9vtizedeit t\u00f6lt\u00f6tte.<\/p>\n<p style=\"text-align: justify\"><strong>F\u0151bb munk\u00e1i:<\/strong> nem ismertek.<\/p>\n<p style=\"text-align: justify\"><strong>Nyughelye:<\/strong> B\u00e9cs, Zentralfriedhof.<\/p>\n<p><strong><a href=\"https:\/\/semmelweis.hu\/baratikor\/files\/2023\/07\/UNCEM_1498291767973_jav_1.jpg\"><img loading=\"lazy\" decoding=\"async\" class=\"alignleft size-medium wp-image-5018\" src=\"https:\/\/semmelweis.hu\/baratikor\/files\/2023\/07\/UNCEM_1498291767973_jav_1-400x226.jpg\" alt=\"\" width=\"400\" height=\"226\" srcset=\"https:\/\/semmelweis.hu\/baratikor\/files\/2023\/07\/UNCEM_1498291767973_jav_1-400x226.jpg 400w, https:\/\/semmelweis.hu\/baratikor\/files\/2023\/07\/UNCEM_1498291767973_jav_1-768x434.jpg 768w, https:\/\/semmelweis.hu\/baratikor\/files\/2023\/07\/UNCEM_1498291767973_jav_1-753x425.jpg 753w, https:\/\/semmelweis.hu\/baratikor\/files\/2023\/07\/UNCEM_1498291767973_jav_1.jpg 1000w\" sizes=\"auto, (max-width: 400px) 100vw, 400px\" \/><\/a><\/strong><strong><a href=\"https:\/\/semmelweis.hu\/baratikor\/files\/2023\/07\/UNCEM_1498291767973_jav_2.jpg\"><img loading=\"lazy\" decoding=\"async\" class=\"alignleft size-medium wp-image-5019\" src=\"https:\/\/semmelweis.hu\/baratikor\/files\/2023\/07\/UNCEM_1498291767973_jav_2-300x400.jpg\" alt=\"\" width=\"300\" height=\"400\" srcset=\"https:\/\/semmelweis.hu\/baratikor\/files\/2023\/07\/UNCEM_1498291767973_jav_2-300x400.jpg 300w, https:\/\/semmelweis.hu\/baratikor\/files\/2023\/07\/UNCEM_1498291767973_jav_2.jpg 750w\" sizes=\"auto, (max-width: 300px) 100vw, 300px\" \/><\/a><\/strong><\/p>\n","protected":false},"excerpt":{"rendered":"<p>(B\u00e9cs, 1806. december 12.\u2013 B\u00e9cs, 1884. febru\u00e1r 3.) Tansz\u00e9k: Vegytani tansz\u00e9k 1841-1854, \u00c1sv\u00e1nytani tansz\u00e9k 1850-1852 (h.). Sz\u00fclet\u00e9si helye csak val\u00f3sz\u00edn\u0171s\u00edthet\u0151. A b\u00f6lcs\u00e9szeti tanfolyamot Pesten v\u00e9gezte, de k\u00e9s\u0151bb B\u00e9csben lett gyakorl\u00f3 orvos. Pesti tan\u00e1rs\u00e1ga el\u0151tt a pr\u00e1gai k\u00e9mia tansz\u00e9kre is ny\u00fajtott be p\u00e1ly\u00e1zatot, amely eredm\u00e9nytelen maradt. A pesti egyetem k\u00e9mia tansz\u00e9k\u00e9t azonban elnyerte, amit a magyar &hellip;<\/p>\n","protected":false},"author":282,"featured_media":0,"parent":347,"menu_order":0,"comment_status":"closed","ping_status":"closed","template":"template-fullwidth.php","meta":{"_acf_changed":false,"footnotes":""},"categories":[77,14],"tags":[],"class_list":["post-2194","page","type-page","status-publish","hentry","category-kegyeleti-adattar","category-teljes-nevlista"],"acf":[],"_links":{"self":[{"href":"https:\/\/semmelweis.hu\/baratikor\/wp-json\/wp\/v2\/pages\/2194","targetHints":{"allow":["GET"]}}],"collection":[{"href":"https:\/\/semmelweis.hu\/baratikor\/wp-json\/wp\/v2\/pages"}],"about":[{"href":"https:\/\/semmelweis.hu\/baratikor\/wp-json\/wp\/v2\/types\/page"}],"author":[{"embeddable":true,"href":"https:\/\/semmelweis.hu\/baratikor\/wp-json\/wp\/v2\/users\/282"}],"replies":[{"embeddable":true,"href":"https:\/\/semmelweis.hu\/baratikor\/wp-json\/wp\/v2\/comments?post=2194"}],"version-history":[{"count":2,"href":"https:\/\/semmelweis.hu\/baratikor\/wp-json\/wp\/v2\/pages\/2194\/revisions"}],"predecessor-version":[{"id":5020,"href":"https:\/\/semmelweis.hu\/baratikor\/wp-json\/wp\/v2\/pages\/2194\/revisions\/5020"}],"up":[{"embeddable":true,"href":"https:\/\/semmelweis.hu\/baratikor\/wp-json\/wp\/v2\/pages\/347"}],"wp:attachment":[{"href":"https:\/\/semmelweis.hu\/baratikor\/wp-json\/wp\/v2\/media?parent=2194"}],"wp:term":[{"taxonomy":"category","embeddable":true,"href":"https:\/\/semmelweis.hu\/baratikor\/wp-json\/wp\/v2\/categories?post=2194"},{"taxonomy":"post_tag","embeddable":true,"href":"https:\/\/semmelweis.hu\/baratikor\/wp-json\/wp\/v2\/tags?post=2194"}],"curies":[{"name":"wp","href":"https:\/\/api.w.org\/{rel}","templated":true}]}}