{"id":2180,"date":"2023-01-04T13:56:30","date_gmt":"2023-01-04T12:56:30","guid":{"rendered":"https:\/\/semmelweis.hu\/baratikor\/?page_id=2180"},"modified":"2023-10-12T15:44:44","modified_gmt":"2023-10-12T13:44:44","slug":"rigler-gusztav","status":"publish","type":"page","link":"https:\/\/semmelweis.hu\/baratikor\/galeria\/teljes-nevlista\/rigler-gusztav\/","title":{"rendered":"Rigler Guszt\u00e1v"},"content":{"rendered":"<p style=\"text-align: justify\"><strong><a href=\"https:\/\/semmelweis.hu\/baratikor\/files\/2023\/07\/Rigler-Gusztav-HU-SEKL-318.II_.78..jpg\"><img loading=\"lazy\" decoding=\"async\" class=\"alignleft size-medium wp-image-5000\" src=\"https:\/\/semmelweis.hu\/baratikor\/files\/2023\/07\/Rigler-Gusztav-HU-SEKL-318.II_.78.-304x400.jpg\" alt=\"\" width=\"304\" height=\"400\" srcset=\"https:\/\/semmelweis.hu\/baratikor\/files\/2023\/07\/Rigler-Gusztav-HU-SEKL-318.II_.78.-304x400.jpg 304w, https:\/\/semmelweis.hu\/baratikor\/files\/2023\/07\/Rigler-Gusztav-HU-SEKL-318.II_.78.-753x992.jpg 753w, https:\/\/semmelweis.hu\/baratikor\/files\/2023\/07\/Rigler-Gusztav-HU-SEKL-318.II_.78..jpg 759w\" sizes=\"auto, (max-width: 304px) 100vw, 304px\" \/><\/a> Rigler Guszt\u00e1v, nemes (Dunamocs<\/strong><strong>, 1868. november 4.<\/strong><strong> \u2013 Budapest, 1930. augusztus 20.)<sup><a href=\"#_ftn1\" name=\"_ftnref1\">[1]<\/a><\/sup><\/strong><\/p>\n<p style=\"text-align: justify\"><strong>Tansz\u00e9k:<\/strong> K\u00f6zeg\u00e9szs\u00e9gtani Int\u00e9zet 1927-1930.<\/p>\n<p style=\"text-align: justify\">K\u00f6z\u00e9piskolai tanulm\u00e1nyait Esztergomban v\u00e9gezte, majd 1886-ban a budapesti orvoskarra iratkozott be. 1891-ben egyetemi p\u00e1lyad\u00edjat nyert a t\u00edfuszbacillus v\u00edzben val\u00f3 viselked\u00e9s\u00e9t t\u00e1rgyal\u00f3 dolgozat\u00e1val. 1891 febru\u00e1rj\u00e1t\u00f3l a Fodor J\u00f3zsef vezette K\u00f6zeg\u00e9szs\u00e9gtani Int\u00e9zetben alkalmazt\u00e1k d\u00edjtalan gyakornokk\u00e9nt, ahol j\u00fanius 1-t\u0151l m\u00e1r d\u00edjazott gyakornok, okt\u00f3ber 1-t\u0151l pedig tan\u00e1rseg\u00e9d lett. A szerol\u00f3giai k\u00eds\u00e9rletekn\u00e9l Fodor k\u00f6zvetlen munkat\u00e1rsak\u00e9nt m\u0171k\u00f6d\u00f6tt. 1892. j\u00fanius 30-\u00e1n Schulek Vilmos avatta orvosdoktorr\u00e1.<sup><a href=\"#_ftn2\" name=\"_ftnref2\">[2]<\/a><\/sup> 1897. febru\u00e1r 15-\u00e9n mag\u00e1ntan\u00e1ri k\u00e9pes\u00edt\u00e9st szerzett az eg\u00e9szs\u00e9gtani vizsg\u00e1latok m\u00f3dszerei, k\u00fcl\u00f6n\u00f6s tekintettel a tisztiorvosi vizsg\u00e1latokra t\u00e1rgyk\u00f6rben. 1898\/99-ben hosszabb tanulm\u00e1nyutat tett Ausztria, Sv\u00e1jc, Olaszorsz\u00e1g, Anglia, Hollandia, Belgium \u00e9s N\u00e9metorsz\u00e1g \u00e9rint\u00e9s\u00e9vel. 1899. szeptember 12-\u00e9n kinevez\u00e9st kapott a kolozsv\u00e1ri kir. m. Ferenc J\u00f3zsef Tudom\u00e1nyegyetem K\u00f6zeg\u00e9szs\u00e9gtani Tansz\u00e9k\u00e9re nyilv\u00e1nos rendes tan\u00e1ri min\u0151s\u00e9gben. 1903-ban francia-spanyol-olasz k\u00f6rutaz\u00e1st tett, melynek sor\u00e1n Alg\u00edrt is \u00e9rintette. Az 1906\/07. \u00e9s 1914\/15. tan\u00e9vekben az Orvostudom\u00e1nyi Kar d\u00e9k\u00e1nja, 1917\/18-ban pedig a kolozsv\u00e1ri egyetem rektora volt. 1911-ben N\u00e9metorsz\u00e1gba \u00e9s D\u00e1ni\u00e1ba, 1921-ben Hollandi\u00e1ba l\u00e1togatott, minden alkalommal szakmai tapasztalatszerz\u00e9s c\u00e9lj\u00e1b\u00f3l. A rom\u00e1n megsz\u00e1ll\u00e1s miatt az egyetemmel egy\u00fctt a marad\u00e9k Magyarorsz\u00e1gra, jeles\u00fcl Budapestre menek\u00fclt, majd 1921-t\u0151l Szegeden m\u0171k\u00f6d\u00f6tt az odatelep\u00fclt egyetemen. Az 1927\/28. tan\u00e9vre itt v\u00e1lasztott\u00e1k meg rektornak, de tiszts\u00e9g\u00e9t m\u00e1r nem t\u00f6lthette be, mivel 1927. augusztus 14-\u00e9n a budapesti K\u00f6zeg\u00e9szs\u00e9gtani Int\u00e9zet \u00e9l\u00e9re h\u00edvt\u00e1k, ahol ett\u0151l kezdve hal\u00e1l\u00e1ig m\u0171k\u00f6d\u00f6tt.<\/p>\n<p style=\"text-align: justify\">K\u00fcl\u00f6n\u00f6s fontoss\u00e1got tulajdon\u00edtott a k\u00f6zeg\u00e9szs\u00e9gtani felvil\u00e1gos\u00edt\u00f3 munk\u00e1nak, szervezte a tisztiorvosi tov\u00e1bbk\u00e9pz\u00e9seket. Munk\u00e1ss\u00e1ga kiterjedt a k\u00f6zeg\u00e9szs\u00e9g\u00fcgy minden ter\u00fclet\u00e9re, \u00edgy a bakteriol\u00f3gi\u00e1ra, szerol\u00f3gi\u00e1ra, j\u00e1rv\u00e1nytanra, fert\u0151tlen\u00edt\u00e9sre. Vizsg\u00e1lta a gy\u00f3gyf\u00fcrd\u0151ket, \u00e1sv\u00e1nyvizeket, az alf\u00f6ldi art\u00e9zi kutak viz\u00e9t, a talaj- \u00e9s v\u00edzhigi\u00e9n\u00e9t. Foglalkozott tov\u00e1bb\u00e1 iskolaeg\u00e9szs\u00e9g\u00fcggyel, \u00e9lelmiszerbiztons\u00e1ggal \u00e9s \u00e9lelmez\u00e9shigi\u00e9n\u00e9vel.<\/p>\n<p style=\"text-align: justify\">Rendes tagja volt a Tuberkul\u00f3zis Elleni K\u00fczdelem Orsz\u00e1gos Bizotts\u00e1g Orvosi Szakbizotts\u00e1g\u00e1nak (1926-1930), igazgat\u00f3s\u00e1gi tagja az Alf\u00f6ldi Magyar K\u00f6zm\u0171vel\u0151d\u00e9si Egyes\u00fcletnek, egyben az egyes\u00fclet K\u00f6zeg\u00e9szs\u00e9g\u00fcgyi Oszt\u00e1ly\u00e1nak eln\u00f6ke (1927-1930), valamint rendes tagja a Szent Istv\u00e1n Akad\u00e9mi\u00e1nak (1928-1930). Szakmai t\u00e1rsas\u00e1gi tags\u00e1gai k\u00f6z\u00fcl kiemelend\u0151, hogy 1921-1930 k\u00f6z\u00f6tt bet\u00f6lt\u00f6tte az Orsz\u00e1gos K\u00f6zeg\u00e9szs\u00e9g\u00fcgyi Egyes\u00fclet vid\u00e9ki eln\u00f6ki tiszt\u00e9t, 1921-1930 k\u00f6z\u00f6tt rendes tagja volt a Dugonics T\u00e1rsas\u00e1gnak \u00e9s tiszteleti tagja a Magyar Gy\u00f3gyszer\u00e9sz Egyes\u00fcletnek (1928-1930). Tan\u00e1reln\u00f6ke volt a Collegium Medicumnak, illetve tagja a Magyar Orvosok Nemzeti Egyes\u00fclet\u00e9nek.<\/p>\n<p style=\"text-align: justify\"><strong>F\u0151bb munk\u00e1i:<\/strong> Az iv\u00f3v\u00edz steriliz\u00e1l\u00e1sa. In: Orvosi Hetilap. Bp., 1893.; Az eg\u00e9szs\u00e9gtani vizsg\u00e1latok m\u00f3dszerei. Orvosok, orvosn\u00f6vend\u00e9kek \u00e9s gy\u00f3gyszer\u00e9szek sz\u00e1m\u00e1ra, \u00fagyszint\u00e9n k\u00e9zik\u00f6nyv\u00fcl a tiszti- \u00e9s iskolaorvosi vizsg\u00e1latra k\u00e9sz\u00fcl\u0151knek. Bp., 1894.; A k\u00f6zeg\u00e9szs\u00e9gtan alapvonalai (Gartner \u00c1gostonnal). Bp., 1896.; K\u00f6zeg\u00e9szs\u00e9gtan \u00e9s fert\u0151z\u0151 betegs\u00e9gek 1-2. Orvosok, gy\u00f3gyszer\u00e9szek, \u00e9p\u00edt\u00e9szek \u00e9s k\u00f6zigazgat\u00e1si tisztvisel\u0151k r\u00e9sz\u00e9re. Kolozsv\u00e1r, 1910.; K\u00f6zeg\u00e9szs\u00e9gtan \u00e9s j\u00e1rv\u00e1nytan r\u00f6vid tank\u00f6nyve. Szeged, 1922.; A k\u00f6zeg\u00e9szs\u00e9gtan \u00e9s a j\u00e1rv\u00e1nytan r\u00f6vid tank\u00f6nyve. Orvos- \u00e9s gy\u00f3gyszer\u00e9szhallgat\u00f3k, tiszti- \u00e9s iskolaorvosok, gy\u00f3gyszer\u00e9szek \u00e9s k\u00f6zigazgat\u00e1si tisztvisel\u0151k sz\u00e1m\u00e1ra. Bp., 1929.<\/p>\n<p style=\"text-align: justify\"><strong>Nyughelye:<\/strong> Fiumei \u00fati temet\u0151 35\/0\/12\/15.<\/p>\n<p style=\"text-align: justify\"><sup><a href=\"#_ftnref1\" name=\"_ftn1\">[1]<\/a><\/sup> A Wikip\u00e9dia sz\u00f3cikke k\u00f6zelebbr\u0151l meg nem jel\u00f6lt forr\u00e1sra hivatkozva aug. 20-\u00e1t jel\u00f6li meg.<\/p>\n<p style=\"text-align: justify\"><sup><a href=\"#_ftnref2\" name=\"_ftn2\">[2]<\/a><\/sup> Az orvoskaron v\u00e9gzettek jegyz\u00e9k\u00e9ben Riegler alakban szerepel a neve.<\/p>\n<p><strong><a href=\"https:\/\/semmelweis.hu\/baratikor\/files\/2023\/07\/Rigler-Gusztav-Fiumei-ut_jav_2.jpg\"><img loading=\"lazy\" decoding=\"async\" class=\"alignleft size-medium wp-image-5001\" src=\"https:\/\/semmelweis.hu\/baratikor\/files\/2023\/07\/Rigler-Gusztav-Fiumei-ut_jav_2-269x400.jpg\" alt=\"\" width=\"269\" height=\"400\" srcset=\"https:\/\/semmelweis.hu\/baratikor\/files\/2023\/07\/Rigler-Gusztav-Fiumei-ut_jav_2-269x400.jpg 269w, https:\/\/semmelweis.hu\/baratikor\/files\/2023\/07\/Rigler-Gusztav-Fiumei-ut_jav_2.jpg 481w\" sizes=\"auto, (max-width: 269px) 100vw, 269px\" \/><\/a><\/strong><\/p>\n","protected":false},"excerpt":{"rendered":"<p><a href=\"https:\/\/semmelweis.hu\/baratikor\/files\/2023\/07\/Rigler-Gusztav-HU-SEKL-318.II_.78..jpg\"><\/a> Rigler Guszt\u00e1v, nemes (Dunamocs, 1868. november 4. \u2013 Budapest, 1930. augusztus 20.) <a href=\"#_ftn1\" name=\"_ftnref1\">[1]<\/a> Tansz\u00e9k: K\u00f6zeg\u00e9szs\u00e9gtani Int\u00e9zet 1927-1930. K\u00f6z\u00e9piskolai tanulm\u00e1nyait Esztergomban v\u00e9gezte, majd 1886-ban a budapesti orvoskarra iratkozott be. 1891-ben egyetemi p\u00e1lyad\u00edjat nyert a t\u00edfuszbacillus v\u00edzben val\u00f3 viselked\u00e9s\u00e9t t\u00e1rgyal\u00f3 dolgozat\u00e1val. 1891 febru\u00e1rj\u00e1t\u00f3l a Fodor J\u00f3zsef vezette K\u00f6zeg\u00e9szs\u00e9gtani Int\u00e9zetben alkalmazt\u00e1k d\u00edjtalan gyakornokk\u00e9nt, ahol j\u00fanius 1-t\u0151l m\u00e1r d\u00edjazott gyakornok, &hellip;<\/p>\n","protected":false},"author":282,"featured_media":5435,"parent":347,"menu_order":0,"comment_status":"closed","ping_status":"closed","template":"template-fullwidth.php","meta":{"_acf_changed":false,"footnotes":""},"categories":[77,14],"tags":[],"class_list":["post-2180","page","type-page","status-publish","has-post-thumbnail","hentry","category-kegyeleti-adattar","category-teljes-nevlista"],"acf":[],"_links":{"self":[{"href":"https:\/\/semmelweis.hu\/baratikor\/wp-json\/wp\/v2\/pages\/2180","targetHints":{"allow":["GET"]}}],"collection":[{"href":"https:\/\/semmelweis.hu\/baratikor\/wp-json\/wp\/v2\/pages"}],"about":[{"href":"https:\/\/semmelweis.hu\/baratikor\/wp-json\/wp\/v2\/types\/page"}],"author":[{"embeddable":true,"href":"https:\/\/semmelweis.hu\/baratikor\/wp-json\/wp\/v2\/users\/282"}],"replies":[{"embeddable":true,"href":"https:\/\/semmelweis.hu\/baratikor\/wp-json\/wp\/v2\/comments?post=2180"}],"version-history":[{"count":2,"href":"https:\/\/semmelweis.hu\/baratikor\/wp-json\/wp\/v2\/pages\/2180\/revisions"}],"predecessor-version":[{"id":5002,"href":"https:\/\/semmelweis.hu\/baratikor\/wp-json\/wp\/v2\/pages\/2180\/revisions\/5002"}],"up":[{"embeddable":true,"href":"https:\/\/semmelweis.hu\/baratikor\/wp-json\/wp\/v2\/pages\/347"}],"wp:featuredmedia":[{"embeddable":true,"href":"https:\/\/semmelweis.hu\/baratikor\/wp-json\/wp\/v2\/media\/5435"}],"wp:attachment":[{"href":"https:\/\/semmelweis.hu\/baratikor\/wp-json\/wp\/v2\/media?parent=2180"}],"wp:term":[{"taxonomy":"category","embeddable":true,"href":"https:\/\/semmelweis.hu\/baratikor\/wp-json\/wp\/v2\/categories?post=2180"},{"taxonomy":"post_tag","embeddable":true,"href":"https:\/\/semmelweis.hu\/baratikor\/wp-json\/wp\/v2\/tags?post=2180"}],"curies":[{"name":"wp","href":"https:\/\/api.w.org\/{rel}","templated":true}]}}