{"id":2174,"date":"2023-01-04T13:52:09","date_gmt":"2023-01-04T12:52:09","guid":{"rendered":"https:\/\/semmelweis.hu\/baratikor\/?page_id=2174"},"modified":"2023-07-10T08:36:29","modified_gmt":"2023-07-10T06:36:29","slug":"radnot-magda","status":"publish","type":"page","link":"https:\/\/semmelweis.hu\/baratikor\/galeria\/teljes-nevlista\/radnot-magda\/","title":{"rendered":"Radn\u00f3t Magda"},"content":{"rendered":"<p style=\"text-align: justify\"><strong> <a href=\"https:\/\/semmelweis.hu\/baratikor\/files\/2023\/07\/Radnot-Magda_.jpg\"><img loading=\"lazy\" decoding=\"async\" class=\"alignleft size-medium wp-image-4926\" src=\"https:\/\/semmelweis.hu\/baratikor\/files\/2023\/07\/Radnot-Magda_-291x400.jpg\" alt=\"\" width=\"291\" height=\"400\" srcset=\"https:\/\/semmelweis.hu\/baratikor\/files\/2023\/07\/Radnot-Magda_-291x400.jpg 291w, https:\/\/semmelweis.hu\/baratikor\/files\/2023\/07\/Radnot-Magda_.jpg 727w\" sizes=\"auto, (max-width: 291px) 100vw, 291px\" \/><\/a>(Vics\u00e1pap\u00e1ti \/Nyitra v\u00e1rmegye\/, 1911. szeptember 17. \u2013 Budapest, 1989. febru\u00e1r 3.)<\/strong><\/p>\n<p style=\"text-align: justify\"><strong>Tansz\u00e9k: <\/strong>I. sz. Szem\u00e9szeti Klinika 1951-1982.<\/p>\n<p style=\"text-align: justify\"><strong>Viselt egyetemi m\u00e9lt\u00f3s\u00e1g: <\/strong>oktat\u00e1si rektorhelyettes 1960-1972.<\/p>\n<p style=\"text-align: justify\">\u00c9desapj\u00e1t, aki a szerb harct\u00e9ren esett el, 1914-ben vesz\u00edtette el, eredeti csal\u00e1dneve Rottenstein. 13 \u00e9ves kor\u00e1t\u00f3l \u00f6nfenntart\u00f3 volt. Orvosi tanulm\u00e1nyait Budapesten \u00e9s P\u00e9csett v\u00e9gezte, oklevelet 1935. j\u00fanius 28-\u00e1n kapott a kir. m. Erzs\u00e9bet Tudom\u00e1nyegyetemen, P\u00e9csett. M\u00e9g hallgat\u00f3k\u00e9nt, 1934\/35-ben Entz B\u00e9la K\u00f3rbonctani Int\u00e9zet\u00e9ben volt d\u00edjtalan gyakornok, majd a p\u00e9csi Szemklinik\u00e1n folytatta gyakornokk\u00e9nt, k\u00e9s\u0151bb Albrich Konr\u00e1d tan\u00e1rseg\u00e9djek\u00e9nt. 1937-ben Josef Meller b\u00e9csi szemklinik\u00e1j\u00e1n t\u00f6lt\u00f6tt egy szemesztert, majd hazat\u00e9rve szemorvosi szakvizsg\u00e1t tett. 1939-ben az Imre J\u00f3zsef vezette budapesti \u00c1llami Szemk\u00f3rh\u00e1zban kapott \u00f6szt\u00f6nd\u00edjat, ahol a sz\u00f6vettani laborat\u00f3rium vezet\u0151je lett. Mikor 1940-ben Imre J\u00f3zsef kinevez\u00e9st kapott az egyetemi Szemklinik\u00e1ra, Radn\u00f3t Magd\u00e1t mag\u00e1val vitte oszt\u00e1lyos tan\u00e1rseg\u00e9dnek. 1944-ben, a nyilasok hatalom\u00e1tv\u00e9tele ut\u00e1n professzora b\u00fajtatta. A h\u00e1bor\u00fa ut\u00e1n, 1946-ban mag\u00e1ntan\u00e1ri k\u00e9pes\u00edt\u00e9st nyert a szem\u00e9szeti pathol\u00f3gia t\u00e1rgyk\u00f6r\u00e9ben. Egyidej\u0171leg adjunktus lett, imm\u00e1r N\u00f3nay Tibor professzor mellett. 1945-ben lett tagja az Orvos-eg\u00e9szs\u00e9g\u00fcgyi Dolgoz\u00f3k Szakszervezet\u00e9nek, k\u00e9s\u0151bb az Orsz\u00e1gos B\u00e9ketan\u00e1csnak \u00e9s a Magyar N\u0151k Orsz\u00e1gos Tan\u00e1cs\u00e1nak. Politikai p\u00e1rtnak form\u00e1lisan soha nem volt tagja, noha az \u00e1llamp\u00e1rt fels\u0151 vezet\u0151ivel az \u201950 \u00e9vek elej\u00e9n k\u00f6ztudottan szoros kapcsolatokat tartott fenn. 1950-ben egyetemi tan\u00e1ri kinevez\u00e9st kapott a szegedi Szemklinika \u00e9l\u00e9re. 1951. m\u00e1rcius 10-\u00e9n kinevezt\u00e9k a BOTE I. sz. Szemklinik\u00e1ja igazgat\u00f3j\u00e1v\u00e1, mely \u00e1ll\u00e1st 1982. december 31-ig t\u00f6lt\u00f6tt be. 1952-ben egyszer\u0171s\u00edtett elj\u00e1r\u00e1ssal kapta meg az orvostudom\u00e1nyok doktora c\u00edmet, majd 1961. \u00e1prilis 4-\u00e9n az Akad\u00e9mia levelez\u0151 tagj\u00e1v\u00e1 v\u00e1lasztotta. Egyidej\u0171leg ell\u00e1tta a Trachoma K\u00f3rh\u00e1z igazgat\u00f3i teend\u0151it is 1955-1982 k\u00f6z\u00f6tt, valamint 1968 \u00e9s 1982 k\u00f6z\u00f6tt az Orsz\u00e1gos Szem\u00e9szeti Int\u00e9zet igazgat\u00f3ja is volt. 1960-1972 k\u00f6z\u00f6tt az egyetem oktat\u00e1si rektorhelyettesi tiszt\u00e9t t\u00f6lt\u00f6tte be. Befoly\u00e1s\u00e1nak \u00e9s szervez\u0151k\u00e9szs\u00e9g\u00e9nek k\u00f6sz\u00f6nhet\u0151en \u00e9p\u00fclt fel klinik\u00e1j\u00e1nak \u00faj, T\u00f6m\u0151 utcai \u00e9p\u00fclete 1968-1972 k\u00f6z\u00f6tt, melynek felszerel\u00e9s\u00e9t az akkori vil\u00e1gsz\u00ednvonalon oldott\u00e1k meg. Pathol\u00f3giai, genetikai, mikrobiol\u00f3giai \u00e9s immunol\u00f3giai laborat\u00f3rium is l\u00e9tes\u00fclt. Minden m\u0171t\u00e9thez \u00e9s klinikai vizsg\u00e1lathoz sz\u00fcks\u00e9ges szem\u00e9szeti m\u0171szer rendelkez\u00e9sre \u00e1llt, s\u0151t az orsz\u00e1gban itt haszn\u00e1ltak el\u0151sz\u00f6r elektronmikroszk\u00f3pot, phacoemulsificatort a sz\u00fcrkeh\u00e1lyog m\u0171t\u00e9tekhez, vitrectomot az \u00fcvegtesti beavatkoz\u00e1sokhoz, tov\u00e1bb\u00e1 a klinik\u00e1\u00e9 volt az els\u0151 xenon fotokoagul\u00e1tor \u00e9s az els\u0151 argonl\u00e9zer k\u00e9sz\u00fcl\u00e9k az orsz\u00e1gban. Kit\u0171n\u0151 k\u00fclf\u00f6ldi kapcsolatainak k\u00f6sz\u00f6nhet\u0151en 1972-1976 k\u00f6z\u00f6tt \u0151 t\u00f6lthette be az Eur\u00f3pai Szemorvosok T\u00e1rsas\u00e1g\u00e1nak eln\u00f6ki tiszt\u00e9t, \u00edgy nyerhette el Budapest az Eur\u00f3pai Szemorvosok 1972-es kongresszus\u00e1nak rendez\u00e9si jog\u00e1t. 1976. m\u00e1jus 7-\u00e9n az MTA rendes tagja lett, de ezt megel\u0151z\u0151en 1973 \u00e9s 1976 k\u00f6z\u00f6tt tagja volt az MTA eln\u00f6ks\u00e9g\u00e9nek.<\/p>\n<p style=\"text-align: justify\">P\u00e1lyafut\u00e1sa kezdet\u00e9n a szem \u00e9s a bels\u0151 elv\u00e1laszt\u00e1s\u00fa mirigyek kapcsolatrendszer\u00e9vel foglalkozott, f\u0151k\u00e9nt a k\u00f6nnytermel\u00e9s k\u00f3rk\u00e9peinek endokrinol\u00f3giai h\u00e1tter\u00e9vel. Felt\u00e1rta a szem, k\u00fcl\u00f6n\u00f6sen a k\u00f6nnyszervek \u00e9s a receh\u00e1rtya ultrastrukt\u00far\u00e1j\u00e1t. Munk\u00e1ss\u00e1g\u00e1ban a szem\u00e9szeti patol\u00f3gia volt a legjelent\u0151sebb. Behat\u00f3an foglalkozott a z\u00f6ldh\u00e1lyog, a trachoma, a receh\u00e1rtya-pszeudogli\u00f3ma \u00e9s a retinoblaszt\u00f3ma k\u00f3roktan\u00e1val.<\/p>\n<p style=\"text-align: justify\">Sz\u00e1mos hazai \u00e9s k\u00fclf\u00f6ldi t\u00e1rsas\u00e1gnak volt tagja: Magyar Szemorvos T\u00e1rsas\u00e1g (1950-1952, 1972-1981 eln\u00f6k), Nemzetk\u00f6zi Szem\u00e9szeti Tan\u00e1cs (1958, 1966 tiszteleti), Eur\u00f3pai Szem\u00e9szeti T\u00e1rsas\u00e1g (SOE, 1972-1976 eln\u00f6k), Nemzetk\u00f6zi Szemorvosi Akad\u00e9mia (alap\u00edt\u00f3 tag), Purkyn\u00e9 Csehszlov\u00e1k Orvosi T\u00e1rsas\u00e1g (1963 tiszteleti), Osztr\u00e1k Szem\u00e9szeti T\u00e1rsas\u00e1g (1966 tiszteleti), Nemzetk\u00f6zi Krioseb\u00e9szeti T\u00e1rsas\u00e1g (1969 tiszteleti), N\u00e9met Demokratikus K\u00f6zt\u00e1rsas\u00e1g Szemorvosi T\u00e1rsas\u00e1ga (1969), R\u00f3mai Orvosi Akad\u00e9mia (levelez\u0151), Leopoldina N\u00e9met Term\u00e9szettudom\u00e1nyos Akad\u00e9mia (1970 k\u00fclf\u00f6ldi tag), Bolg\u00e1r Szem\u00e9szeti T\u00e1rsas\u00e1g (1970 tiszteleti), Amerikai Szemseb\u00e9szek T\u00e1rsas\u00e1ga (1970).<\/p>\n<p style=\"text-align: justify\">Kit\u00fcntet\u00e9sei: Magyar N\u00e9pk\u00f6zt\u00e1rsas\u00e1gi \u00c9rdemrend V. fokozata (1950), Oktat\u00e1s\u00fcgy kiv\u00e1l\u00f3 dolgoz\u00f3ja (1954), Kiv\u00e1l\u00f3 orvos (1955), Munka \u00c9rdemrend (1961, arany fokozat 1969), Braille eml\u00e9k\u00e9rem (1961), \u00c1llami D\u00edj II. fokozat (1965), Semmelweis eml\u00e9k\u00e9rem (1974), Chibret nemzetk\u00f6zi arany\u00e9rem (1974), Schulek Elem\u00e9r eml\u00e9k\u00e9rem (1976), Szocialista Magyarorsz\u00e1g\u00e9rt \u00c9rdemrend (1981), SOTE tiszteletbeli szen\u00e1tora (1985), Helmholtz arany\u00e9rem (1989).<\/p>\n<p style=\"text-align: justify\"><strong>F\u0151bb munk\u00e1i:<\/strong> <em>Die patologische Histologie der Tr\u00e4uendr\u00fcse. <\/em>Basel, 1939.; <em>Szem\u00e9szeti patol\u00f3gia.<\/em> Bp., 1951, n\u00e9met\u00fcl: 1952, oroszul: 1958, (t\u00f6bb kiad\u00e1sban is); <em>Trachoma<\/em> Bp., 1952, 2. kiad. 1954.; <em>A szem s\u00e9r\u00fcl\u00e9sei. <\/em>Bp., 1952.; <em>Neuroendokrine Beziehungen zur Ophthalmologie<\/em>. Bp., 1961.; <em>A szembetegs\u00e9gek atlasza<\/em> I\u2013II. k\u00f6t., Bp., 1963, t\u00f6bb nyelven is.; <em>Die R\u00f6ntgendiagnostik der tr\u00e4uenableitenden Wege<\/em> (G\u00e1ll J\u00e1nossal). Bp.-Z\u00fcrich, 1966.; <em>A szem\u00e9szet alapvonalai.<\/em> Bp., 1971, 1978.; <em>Szembetegek vizsg\u00e1lata.<\/em> Bp., 1976.<\/p>\n<p style=\"text-align: justify\"><strong>Nyughelye:<\/strong> Budapest, Fiumei \u00fati temet\u0151 27\/D\/1\/14 (2004-ben v\u00e9dett\u00e9 nyilv\u00e1n\u00edtva).<\/p>\n<p style=\"text-align: justify\"><strong><a href=\"https:\/\/semmelweis.hu\/baratikor\/files\/2023\/07\/Radnot-Magda-Fiumei-ut_.jpg\"><img loading=\"lazy\" decoding=\"async\" class=\"alignleft size-medium wp-image-4925\" src=\"https:\/\/semmelweis.hu\/baratikor\/files\/2023\/07\/Radnot-Magda-Fiumei-ut_-270x400.jpg\" alt=\"\" width=\"270\" height=\"400\" srcset=\"https:\/\/semmelweis.hu\/baratikor\/files\/2023\/07\/Radnot-Magda-Fiumei-ut_-270x400.jpg 270w, https:\/\/semmelweis.hu\/baratikor\/files\/2023\/07\/Radnot-Magda-Fiumei-ut_.jpg 674w\" sizes=\"auto, (max-width: 270px) 100vw, 270px\" \/><\/a><\/strong><\/p>\n","protected":false},"excerpt":{"rendered":"<p><a href=\"https:\/\/semmelweis.hu\/baratikor\/files\/2023\/07\/Radnot-Magda_.jpg\"><\/a> (Vics\u00e1pap\u00e1ti \/Nyitra v\u00e1rmegye\/, 1911. szeptember 17. \u2013 Budapest, 1989. febru\u00e1r 3.) Tansz\u00e9k: I. sz. Szem\u00e9szeti Klinika 1951-1982. Viselt egyetemi m\u00e9lt\u00f3s\u00e1g: oktat\u00e1si rektorhelyettes 1960-1972. \u00c9desapj\u00e1t, aki a szerb harct\u00e9ren esett el, 1914-ben vesz\u00edtette el, eredeti csal\u00e1dneve Rottenstein. 13 \u00e9ves kor\u00e1t\u00f3l \u00f6nfenntart\u00f3 volt. Orvosi tanulm\u00e1nyait Budapesten \u00e9s P\u00e9csett v\u00e9gezte, oklevelet 1935. j\u00fanius 28-\u00e1n kapott a kir. m. &hellip;<\/p>\n","protected":false},"author":282,"featured_media":4929,"parent":347,"menu_order":0,"comment_status":"closed","ping_status":"closed","template":"template-fullwidth.php","meta":{"_acf_changed":false,"footnotes":""},"categories":[77,14],"tags":[],"class_list":["post-2174","page","type-page","status-publish","has-post-thumbnail","hentry","category-kegyeleti-adattar","category-teljes-nevlista"],"acf":[],"_links":{"self":[{"href":"https:\/\/semmelweis.hu\/baratikor\/wp-json\/wp\/v2\/pages\/2174","targetHints":{"allow":["GET"]}}],"collection":[{"href":"https:\/\/semmelweis.hu\/baratikor\/wp-json\/wp\/v2\/pages"}],"about":[{"href":"https:\/\/semmelweis.hu\/baratikor\/wp-json\/wp\/v2\/types\/page"}],"author":[{"embeddable":true,"href":"https:\/\/semmelweis.hu\/baratikor\/wp-json\/wp\/v2\/users\/282"}],"replies":[{"embeddable":true,"href":"https:\/\/semmelweis.hu\/baratikor\/wp-json\/wp\/v2\/comments?post=2174"}],"version-history":[{"count":3,"href":"https:\/\/semmelweis.hu\/baratikor\/wp-json\/wp\/v2\/pages\/2174\/revisions"}],"predecessor-version":[{"id":4928,"href":"https:\/\/semmelweis.hu\/baratikor\/wp-json\/wp\/v2\/pages\/2174\/revisions\/4928"}],"up":[{"embeddable":true,"href":"https:\/\/semmelweis.hu\/baratikor\/wp-json\/wp\/v2\/pages\/347"}],"wp:featuredmedia":[{"embeddable":true,"href":"https:\/\/semmelweis.hu\/baratikor\/wp-json\/wp\/v2\/media\/4929"}],"wp:attachment":[{"href":"https:\/\/semmelweis.hu\/baratikor\/wp-json\/wp\/v2\/media?parent=2174"}],"wp:term":[{"taxonomy":"category","embeddable":true,"href":"https:\/\/semmelweis.hu\/baratikor\/wp-json\/wp\/v2\/categories?post=2174"},{"taxonomy":"post_tag","embeddable":true,"href":"https:\/\/semmelweis.hu\/baratikor\/wp-json\/wp\/v2\/tags?post=2174"}],"curies":[{"name":"wp","href":"https:\/\/api.w.org\/{rel}","templated":true}]}}